{"id":11972,"date":"2023-04-01T19:29:35","date_gmt":"2023-04-01T19:29:35","guid":{"rendered":"https:\/\/visitaltotamegaebarroso.pt\/office-de-tourisme\/"},"modified":"2023-06-22T22:50:54","modified_gmt":"2023-06-22T22:50:54","slug":"office-de-tourisme","status":"publish","type":"page","link":"https:\/\/visitaltotamegaebarroso.pt\/fr\/office-de-tourisme\/","title":{"rendered":"Office de tourisme"},"content":{"rendered":"<div class=\"wpb-content-wrapper\"><p>[vc_row][vc_column width=\u00a0\u00bb1\/2&Prime;][vc_column_text]Inaugur\u00e9 en 2020 par la secr\u00e9taire d&rsquo;\u00c9tat \u00e0 la Valorisation de l&rsquo;int\u00e9rieur, Isabel Ferreira, l&rsquo;Office de tourisme d&rsquo;Alto T\u00e2mega et Barroso a concentr\u00e9 son attention sur l&rsquo;attraction d&rsquo;un tourisme diversifi\u00e9, l&rsquo;augmentation du taux de s\u00e9jour des visiteurs et le compl\u00e9ment de l&rsquo;offre touristique d\u00e9j\u00e0 existante. Bureaux existant dans chaque commune, concentrant et diffusant les informations touristiques sur chacune d&rsquo;entre elles.<\/p>\n<p>Bien qu&rsquo;elle soit situ\u00e9e \u00e0 Chaves, cette infrastructure fait partie int\u00e9grante du plan strat\u00e9gique de d\u00e9veloppement touristique de la r\u00e9gion, \u00e9labor\u00e9 par la Communaut\u00e9 Intercommunale d&rsquo;Alto T\u00e2mega CIMAT avec les six municipalit\u00e9s du territoire (Boticas, Chaves, Montalegre, Ribeira de Pena, Valpa\u00e7os et Vila Pouca de Aguiar).<\/p>\n<p>Le b\u00e2timent est pratiquement autonome et met l&rsquo;accent sur le bois et le verre dans sa construction, s&rsquo;int\u00e9grant harmonieusement dans l&rsquo;espace jardin (Jardim do Tabolado) o\u00f9 il se trouve. A l&rsquo;int\u00e9rieur du b\u00e2timent, les touristes ont \u00e0 leur disposition plusieurs \u00e9quipements multim\u00e9dias interactifs destin\u00e9s \u00e0, de mani\u00e8re interactive, faire d\u00e9couvrir la r\u00e9gion \u00e0 ceux qui nous visitent. En m\u00eame temps, cet espace dispose \u00e9galement d&rsquo;un espace de d\u00e9gustations gastronomiques, o\u00f9 il est possible de go\u00fbter les magnifiques produits de la r\u00e9gion.[\/vc_column_text][vc_empty_space height=\u00a0\u00bb20px\u00a0\u00bb][\/vc_column][vc_column width=\u00a0\u00bb1\/2&Prime;][vc_images_carousel images=\u00a0\u00bb8698,8702,8706,8710,8714,8718,8722,8726&Prime; img_size=\u00a0\u00bbfull\u00a0\u00bb speed=\u00a0\u00bb4000&Prime; autoplay=\u00a0\u00bbyes\u00a0\u00bb wrap=\u00a0\u00bbyes\u00a0\u00bb][\/vc_column][\/vc_row][vc_row][vc_column][vc_column_text]Depuis son ouverture, l&rsquo;Office de Tourisme Alto T\u00e2mega et Barroso a \u00e9t\u00e9 visit\u00e9 par plus de 25 000 touristes, dont 13 622 au cours de la derni\u00e8re ann\u00e9e.<\/p>\n<p>Ces chiffres d\u00e9montrent le travail que fait la r\u00e9gion en mati\u00e8re de promotion de ce territoire qui s&rsquo;affirme de plus en plus comme destination touristique. Un excellent exemple de projets ayant b\u00e9n\u00e9fici\u00e9 des Fonds structurels et d&rsquo;investissement europ\u00e9ens (ESIF).[\/vc_column_text][vc_empty_space height=\u00a0\u00bb20px\u00a0\u00bb][\/vc_column][\/vc_row][vc_row][vc_column][vc_empty_space height=\u00a0\u00bb20px\u00a0\u00bb][vc_video link=\u00a0\u00bbhttps:\/\/www.youtube.com\/watch?v=CahTRL684G4&Prime; align=\u00a0\u00bbcenter\u00a0\u00bb][vc_empty_space height=\u00a0\u00bb35px\u00a0\u00bb][\/vc_column][\/vc_row][vc_row][vc_column width=\u00a0\u00bb1\/4&Prime;]<div class=\"mkdf-section-title-holder  \" style=\"text-align: left\">\n\t<div class=\"mkdf-st-inner\">\n\t\t\t\t\t\t\t<h3 class=\"mkdf-st-title\" >\n\t\t\t\tContactos\t\t\t<\/h3>\n\t\t\t\t\t<\/div>\n<\/div>[vc_column_text]<\/p>\n<h5><span class=\"HwtZe\" lang=\"fr\"><span class=\"jCAhz ChMk0b\"><span class=\"ryNqvb\">M\u00e9nage<\/span><\/span><\/span><\/h5>\n<p>Alameda do Tabolado<br \/>\n5400-239 Chaves, Portugal<\/p>\n<h5><span class=\"HwtZe\" lang=\"fr\"><span class=\"jCAhz ChMk0b\"><span class=\"ryNqvb\">T\u00e9l\u00e9phone<\/span><\/span><\/span><\/h5>\n<p><a href=\"tel:+351276009146\"><span class=\"HwtZe\" lang=\"fr\"><span class=\"jCAhz ChMk0b\"><span class=\"ryNqvb\">+351 276 009 146\u00a0(Appel vers le r\u00e9seau fixe national)<\/span><\/span><\/span><\/a><\/p>\n<h5>E-mail<\/h5>\n<p><a href=\"mailto:turismo@cimat.pt\">turismo@cimat.pt<\/a>[\/vc_column_text][\/vc_column][vc_column width=\u00a0\u00bb3\/4&Prime;][vc_raw_html]JTNDaWZyYW1lJTIwc3JjJTNEJTIyaHR0cHMlM0ElMkYlMkZ3d3cuZ29vZ2xlLmNvbSUyRm1hcHMlMkZlbWJlZCUzRnBiJTNEJTIxMW0xOCUyMTFtMTIlMjExbTMlMjExZDI5NzcuMTc4NDA3NTAyNTg3JTIxMmQtNy40NzM5Mzg4MjQxNjExOTglMjEzZDQxLjczODI0NDU3NDE1OTM1JTIxMm0zJTIxMWYwJTIxMmYwJTIxM2YwJTIxM20yJTIxMWkxMDI0JTIxMmk3NjglMjE0ZjEzLjElMjEzbTMlMjExbTIlMjExczB4ZDNhZGZiZGNjNzAyNmY3JTI1M0EweDVmYTYzZjI2OTIxNjY1MjklMjEyc1Bvc3RvJTI1MjBkZSUyNTIwVHVyaXNtbyUyNTIwZG8lMjUyMEFsdG8lMjUyMFQlMjVDMyUyNUEybWVnYSUyNTIwZSUyNTIwQmFycm9zbyUyMTVlMCUyMTNtMiUyMTFzcHQtUFQlMjEyc3B0JTIxNHYxNjg3NDczMzI2NTExJTIxNW0yJTIxMXNwdC1QVCUyMTJzcHQlMjIlMjB3aWR0aCUzRCUyMjkwMCUyMiUyMGhlaWdodCUzRCUyMjUwMCUyMiUyMHN0eWxlJTNEJTIyYm9yZGVyJTNBMCUzQiUyMiUyMGFsbG93ZnVsbHNjcmVlbiUzRCUyMiUyMiUyMGxvYWRpbmclM0QlMjJsYXp5JTIyJTIwcmVmZXJyZXJwb2xpY3klM0QlMjJuby1yZWZlcnJlci13aGVuLWRvd25ncmFkZSUyMiUzRSUzQyUyRmlmcmFtZSUzRQ==[\/vc_raw_html][\/vc_column][\/vc_row][vc_row][vc_column][vc_empty_space height=\u00a0\u00bb35px\u00a0\u00bb][\/vc_column][\/vc_row]<\/p>\n<\/div>","protected":false},"excerpt":{"rendered":"<p>[vc_row][vc_column width=\u00a0\u00bb1\/2&Prime;][vc_column_text]Inaugur\u00e9 en 2020 par la secr\u00e9taire d&rsquo;\u00c9tat \u00e0 la Valorisation de l&rsquo;int\u00e9rieur, Isabel Ferreira, l&rsquo;Office de tourisme d&rsquo;Alto T\u00e2mega et Barroso a concentr\u00e9 son attention sur l&rsquo;attraction d&rsquo;un tourisme diversifi\u00e9, l&rsquo;augmentation du taux de s\u00e9jour des visiteurs et le [&hellip;]<\/p>\n","protected":false},"author":1,"featured_media":0,"parent":0,"menu_order":0,"comment_status":"closed","ping_status":"closed","template":"","meta":[],"_links":{"self":[{"href":"https:\/\/visitaltotamegaebarroso.pt\/fr\/wp-json\/wp\/v2\/pages\/11972"}],"collection":[{"href":"https:\/\/visitaltotamegaebarroso.pt\/fr\/wp-json\/wp\/v2\/pages"}],"about":[{"href":"https:\/\/visitaltotamegaebarroso.pt\/fr\/wp-json\/wp\/v2\/types\/page"}],"author":[{"embeddable":true,"href":"https:\/\/visitaltotamegaebarroso.pt\/fr\/wp-json\/wp\/v2\/users\/1"}],"replies":[{"embeddable":true,"href":"https:\/\/visitaltotamegaebarroso.pt\/fr\/wp-json\/wp\/v2\/comments?post=11972"}],"version-history":[{"count":4,"href":"https:\/\/visitaltotamegaebarroso.pt\/fr\/wp-json\/wp\/v2\/pages\/11972\/revisions"}],"predecessor-version":[{"id":12339,"href":"https:\/\/visitaltotamegaebarroso.pt\/fr\/wp-json\/wp\/v2\/pages\/11972\/revisions\/12339"}],"wp:attachment":[{"href":"https:\/\/visitaltotamegaebarroso.pt\/fr\/wp-json\/wp\/v2\/media?parent=11972"}],"curies":[{"name":"wp","href":"https:\/\/api.w.org\/{rel}","templated":true}]}}

<div class="wpb-content-wrapper"><p>[vc_row][vc_column width= »1/2&Prime;][vc_column_text]Inauguré en 2020 par la secrétaire d&rsquo;État à la Valorisation de l&rsquo;intérieur, Isabel Ferreira, l&rsquo;Office de tourisme d&rsquo;Alto Tâmega et Barroso a concentré son attention sur l&rsquo;attraction d&rsquo;un tourisme diversifié, l&rsquo;augmentation du taux de séjour des visiteurs et le complément de l&rsquo;offre touristique déjà existante. Bureaux existant dans chaque commune, concentrant et diffusant les informations touristiques sur chacune d&rsquo;entre elles.</p>
<p>Bien qu&rsquo;elle soit située à Chaves, cette infrastructure fait partie intégrante du plan stratégique de développement touristique de la région, élaboré par la Communauté Intercommunale d&rsquo;Alto Tâmega CIMAT avec les six municipalités du territoire (Boticas, Chaves, Montalegre, Ribeira de Pena, Valpaços et Vila Pouca de Aguiar).</p>
<p>Le bâtiment est pratiquement autonome et met l&rsquo;accent sur le bois et le verre dans sa construction, s&rsquo;intégrant harmonieusement dans l&rsquo;espace jardin (Jardim do Tabolado) où il se trouve. A l&rsquo;intérieur du bâtiment, les touristes ont à leur disposition plusieurs équipements multimédias interactifs destinés à, de manière interactive, faire découvrir la région à ceux qui nous visitent. En même temps, cet espace dispose également d&rsquo;un espace de dégustations gastronomiques, où il est possible de goûter les magnifiques produits de la région.[/vc_column_text][vc_empty_space height= »20px »][/vc_column][vc_column width= »1/2&Prime;][vc_images_carousel images= »8698,8702,8706,8710,8714,8718,8722,8726&Prime; img_size= »full » speed= »4000&Prime; autoplay= »yes » wrap= »yes »][/vc_column][/vc_row][vc_row][vc_column][vc_column_text]Depuis son ouverture, l&rsquo;Office de Tourisme Alto Tâmega et Barroso a été visité par plus de 25 000 touristes, dont 13 622 au cours de la dernière année.</p>
<p>Ces chiffres démontrent le travail que fait la région en matière de promotion de ce territoire qui s&rsquo;affirme de plus en plus comme destination touristique. Un excellent exemple de projets ayant bénéficié des Fonds structurels et d&rsquo;investissement européens (ESIF).[/vc_column_text][vc_empty_space height= »20px »][/vc_column][/vc_row][vc_row][vc_column][vc_empty_space height= »20px »][vc_video link= »https://www.youtube.com/watch?v=CahTRL684G4&Prime; align= »center »][vc_empty_space height= »35px »][/vc_column][/vc_row][vc_row][vc_column width= »1/4&Prime;]<div class="mkdf-section-title-holder  " style="text-align: left">
	<div class="mkdf-st-inner">
							<h3 class="mkdf-st-title" >
				Contactos			</h3>
					</div>
</div>[vc_column_text]</p>
<h5><span class="HwtZe" lang="fr"><span class="jCAhz ChMk0b"><span class="ryNqvb">Ménage</span></span></span></h5>
<p>Alameda do Tabolado<br />
5400-239 Chaves, Portugal</p>
<h5><span class="HwtZe" lang="fr"><span class="jCAhz ChMk0b"><span class="ryNqvb">Téléphone</span></span></span></h5>
<p><a href="tel:+351276009146"><span class="HwtZe" lang="fr"><span class="jCAhz ChMk0b"><span class="ryNqvb">+351 276 009 146 (Appel vers le réseau fixe national)</span></span></span></a></p>
<h5>E-mail</h5>
<p><a href="mailto:turismo@cimat.pt">turismo@cimat.pt</a>[/vc_column_text][/vc_column][vc_column width= »3/4&Prime;][vc_raw_html]JTNDaWZyYW1lJTIwc3JjJTNEJTIyaHR0cHMlM0ElMkYlMkZ3d3cuZ29vZ2xlLmNvbSUyRm1hcHMlMkZlbWJlZCUzRnBiJTNEJTIxMW0xOCUyMTFtMTIlMjExbTMlMjExZDI5NzcuMTc4NDA3NTAyNTg3JTIxMmQtNy40NzM5Mzg4MjQxNjExOTglMjEzZDQxLjczODI0NDU3NDE1OTM1JTIxMm0zJTIxMWYwJTIxMmYwJTIxM2YwJTIxM20yJTIxMWkxMDI0JTIxMmk3NjglMjE0ZjEzLjElMjEzbTMlMjExbTIlMjExczB4ZDNhZGZiZGNjNzAyNmY3JTI1M0EweDVmYTYzZjI2OTIxNjY1MjklMjEyc1Bvc3RvJTI1MjBkZSUyNTIwVHVyaXNtbyUyNTIwZG8lMjUyMEFsdG8lMjUyMFQlMjVDMyUyNUEybWVnYSUyNTIwZSUyNTIwQmFycm9zbyUyMTVlMCUyMTNtMiUyMTFzcHQtUFQlMjEyc3B0JTIxNHYxNjg3NDczMzI2NTExJTIxNW0yJTIxMXNwdC1QVCUyMTJzcHQlMjIlMjB3aWR0aCUzRCUyMjkwMCUyMiUyMGhlaWdodCUzRCUyMjUwMCUyMiUyMHN0eWxlJTNEJTIyYm9yZGVyJTNBMCUzQiUyMiUyMGFsbG93ZnVsbHNjcmVlbiUzRCUyMiUyMiUyMGxvYWRpbmclM0QlMjJsYXp5JTIyJTIwcmVmZXJyZXJwb2xpY3klM0QlMjJuby1yZWZlcnJlci13aGVuLWRvd25ncmFkZSUyMiUzRSUzQyUyRmlmcmFtZSUzRQ==[/vc_raw_html][/vc_column][/vc_row][vc_row][vc_column][vc_empty_space height= »35px »][/vc_column][/vc_row]</p>
</div>

<p>[vc_row][vc_column width= »1/2&Prime;][vc_column_text]Inauguré en 2020 par la secrétaire d&rsquo;État à la Valorisation de l&rsquo;intérieur, Isabel Ferreira, l&rsquo;Office de tourisme d&rsquo;Alto Tâmega et Barroso a concentré son attention sur l&rsquo;attraction d&rsquo;un tourisme diversifié, l&rsquo;augmentation du taux de séjour des visiteurs et le [&hellip;]</p>
