{"id":11964,"date":"2023-04-03T01:14:44","date_gmt":"2023-04-03T00:14:44","guid":{"rendered":"https:\/\/visitaltotamegaebarroso.pt\/ou-dormir\/"},"modified":"2025-04-29T22:43:53","modified_gmt":"2025-04-29T21:43:53","slug":"ou-dormir","status":"publish","type":"page","link":"https:\/\/visitaltotamegaebarroso.pt\/fr\/ou-dormir\/","title":{"rendered":"O\u00f9 dormir"},"content":{"rendered":"<div class=\"wpb-content-wrapper\"><p>[vc_row row_content_width=\u00a0\u00bbgrid\u00a0\u00bb css=\u00a0\u00bb.vc_custom_1502195385713{padding-top: 90px !important;padding-bottom: 90px !important;}\u00a0\u00bb][vc_column]<div class=\"mkdf-elements-holder   mkdf-two-columns  mkdf-responsive-mode-1024 \" ><div class=\"mkdf-eh-item    \"  data-item-class=\"mkdf-eh-custom-5153\"     >\n\t<div class=\"mkdf-eh-item-inner\">\n\t\t<div class=\"mkdf-eh-item-content mkdf-eh-custom-5153\" style=\"padding: 25px 0px 25px\">\n\t\t\t[vc_single_image image=\u00a0\u00bb9776&Prime; img_size=\u00a0\u00bbfull\u00a0\u00bb]\t\t<\/div>\n\t<\/div>\n<\/div><div class=\"mkdf-eh-item    \"  data-item-class=\"mkdf-eh-custom-3135\" data-1280-1600=\"0 0 30px 65px\" data-1024-1280=\"0 0 40px 50px\" data-768-1024=\"20px 23% 0px 0%\" data-680-768=\"20px 6% 0px 0%\" data-680=\"20px 0% 0px 0%\">\n\t<div class=\"mkdf-eh-item-inner\">\n\t\t<div class=\"mkdf-eh-item-content mkdf-eh-custom-3135\" style=\"padding: 0 0 30px 50px\">\n\t\t\t[vc_column_text]<\/p>\n<h2>Dormir \u00e0 Alto T\u00e2mega et Barroso<\/h2>\n<p>[\/vc_column_text]<h2 class=\"mkdf-custom-font-holder  mkdf-cf-2725  \" style=\"font-family: Playfair Display;font-size: 25px;line-height: 28px;font-weight: 400;font-style: italic;text-align: left;color: #1a9cd9;margin: 0 0 0 0\" data-item-class=\"mkdf-cf-2725\">\n\tPerca-se de amores pelo Alto T\u00e2mega e Barroso<\/h2>[vc_empty_space height=\u00a0\u00bb10px\u00a0\u00bb][vc_column_text]<em>\u201c\u00a0\u00bbUne nuit de novembre, la neige tombait et les aspects du ciel profond\u00e9ment froid avaient des \u00e9toiles scintillantes et scintillantes et un clair de lune glacial qui donnait aux creux enneig\u00e9s la nettet\u00e9 des lacs d&rsquo;argent en fusion.\u00a0\u00bb <\/em>\u00a0&#8211; Camilo Castelo Branco<\/p>\n<h5><\/h5>\n<p>[\/vc_column_text][vc_empty_space height=\u00a0\u00bb5px\u00a0\u00bb]\t\t<\/div>\n\t<\/div>\n<\/div><\/div>[\/vc_column][\/vc_row][vc_row content_text_aligment=\u00a0\u00bbcenter\u00a0\u00bb css=\u00a0\u00bb.vc_custom_1686877609514{padding-top: 40px !important;padding-bottom: 40px !important;background-color: #f8f8f8 !important;}\u00a0\u00bb][vc_column width=\u00a0\u00bb1\/5&Prime;][\/vc_column][vc_column width=\u00a0\u00bb1\/5&Prime;]<div class=\"mkdf-iwt clearfix  mkdf-iwt-icon-top mkdf-iwt-icon-large\">\n\t<div class=\"mkdf-iwt-icon\">\n\t\t\t\t\t\t\t\t\t<img width=\"100\" height=\"100\" src=\"https:\/\/visitaltotamegaebarroso.pt\/wp-content\/uploads\/2023\/04\/icons8-bed-100.png\" class=\"attachment-full size-full\" alt=\"\" decoding=\"async\" loading=\"lazy\" \/>\t\t\t\t\t\t<\/div>\n\t<div class=\"mkdf-iwt-content\" >\n\t\t\t\t\t<h6 class=\"mkdf-iwt-title\" style=\"color: #1a9cd9\">\n\t\t\t\t\t\t\t\t<span class=\"mkdf-iwt-title-text\">Confort<\/span>\n\t\t\t\t\t\t\t<\/h6>\n\t\t\t\t\t\t\t<p class=\"mkdf-iwt-text\" style=\"color: #1a9cd9\">Abandonnez-vous au confort que nous vous offrons \u00e0 Alto T\u00e2mega et Barroso<\/p>\n\t\t\t<\/div>\n<\/div>[vc_empty_space height=\u00a0\u00bb54px\u00a0\u00bb][\/vc_column][vc_column width=\u00a0\u00bb1\/5&Prime;]<div class=\"mkdf-iwt clearfix  mkdf-iwt-icon-top mkdf-iwt-icon-large\">\n\t<div class=\"mkdf-iwt-icon\">\n\t\t\t\t\t\t\t\t\t<img width=\"100\" height=\"100\" src=\"https:\/\/visitaltotamegaebarroso.pt\/wp-content\/uploads\/2023\/04\/icons8-occupied-bed-100.png\" class=\"attachment-full size-full\" alt=\"\" decoding=\"async\" loading=\"lazy\" \/>\t\t\t\t\t\t<\/div>\n\t<div class=\"mkdf-iwt-content\" >\n\t\t\t\t\t<h6 class=\"mkdf-iwt-title\" style=\"color: #1a9cd9\">\n\t\t\t\t\t\t\t\t<span class=\"mkdf-iwt-title-text\">Lieux d&#039;Histoire<\/span>\n\t\t\t\t\t\t\t<\/h6>\n\t\t\t\t\t\t\t<p class=\"mkdf-iwt-text\" style=\"color: #1a9cd9\">Venez dormir dans des lieux historiques et faites aussi partie de l&#039;histoire<\/p>\n\t\t\t<\/div>\n<\/div>[vc_empty_space height=\u00a0\u00bb54px\u00a0\u00bb][\/vc_column][vc_column width=\u00a0\u00bb1\/5&Prime;]<div class=\"mkdf-iwt clearfix  mkdf-iwt-icon-top mkdf-iwt-icon-large\">\n\t<div class=\"mkdf-iwt-icon\">\n\t\t\t\t\t\t\t\t\t<img width=\"100\" height=\"100\" src=\"https:\/\/visitaltotamegaebarroso.pt\/wp-content\/uploads\/2023\/04\/icons8-bed-100.png\" class=\"attachment-full size-full\" alt=\"\" decoding=\"async\" loading=\"lazy\" \/>\t\t\t\t\t\t<\/div>\n\t<div class=\"mkdf-iwt-content\" >\n\t\t\t\t\t<h6 class=\"mkdf-iwt-title\" style=\"color: #1a9cd9\">\n\t\t\t\t\t\t\t\t<span class=\"mkdf-iwt-title-text\">La modernit\u00e9<\/span>\n\t\t\t\t\t\t\t<\/h6>\n\t\t\t\t\t\t\t<p class=\"mkdf-iwt-text\" style=\"color: #1a9cd9\">Profitez de l&#039;Alto T\u00e2mega et du Barroso dans les h\u00e9bergements que nous avons dans la r\u00e9gion<\/p>\n\t\t\t<\/div>\n<\/div>[vc_empty_space height=\u00a0\u00bb54px\u00a0\u00bb][\/vc_column][vc_column width=\u00a0\u00bb1\/5&Prime;][\/vc_column][\/vc_row][vc_row][vc_column][vc_empty_space][\/vc_column][\/vc_row][vc_row][vc_column width=\u00a0\u00bb1\/3&Prime;][vc_single_image image=\u00a0\u00bb7676&Prime; img_size=\u00a0\u00bbfull\u00a0\u00bb onclick=\u00a0\u00bbcustom_link\u00a0\u00bb link=\u00a0\u00bbhttps:\/\/visitaltotamegaebarroso.pt\/fr\/dormir-a-boticas\/\u00a0\u00bb]<div class=\"mkdf-section-title-holder  \" style=\"text-align: left\">\n\t<div class=\"mkdf-st-inner\">\n\t\t\t\t\t\t\t<h3 class=\"mkdf-st-title\" >\n\t\t\t\tBoticas\t\t\t<\/h3>\n\t\t\t\t\t<\/div>\n<\/div>[\/vc_column][vc_column width=\u00a0\u00bb1\/3&Prime;][vc_single_image image=\u00a0\u00bb24880&Prime; img_size=\u00a0\u00bbfull\u00a0\u00bb onclick=\u00a0\u00bbcustom_link\u00a0\u00bb link=\u00a0\u00bbhttps:\/\/visitaltotamegaebarroso.pt\/fr\/dormir-a-chaves\/\u00a0\u00bb]<div class=\"mkdf-section-title-holder  \" style=\"text-align: left\">\n\t<div class=\"mkdf-st-inner\">\n\t\t\t\t\t\t\t<h3 class=\"mkdf-st-title\" >\n\t\t\t\tChaves\t\t\t<\/h3>\n\t\t\t\t\t<\/div>\n<\/div>[\/vc_column][vc_column width=\u00a0\u00bb1\/3&Prime;][vc_single_image image=\u00a0\u00bb6361&Prime; img_size=\u00a0\u00bbfull\u00a0\u00bb onclick=\u00a0\u00bbcustom_link\u00a0\u00bb link=\u00a0\u00bbhttps:\/\/visitaltotamegaebarroso.pt\/fr\/dormir-a-montalegre\/\u00a0\u00bb]<div class=\"mkdf-section-title-holder  \" style=\"text-align: left\">\n\t<div class=\"mkdf-st-inner\">\n\t\t\t\t\t\t\t<h3 class=\"mkdf-st-title\" >\n\t\t\t\tMontalegre\t\t\t<\/h3>\n\t\t\t\t\t<\/div>\n<\/div>[\/vc_column][\/vc_row][vc_row][vc_column][vc_empty_space height=\u00a0\u00bb80px\u00a0\u00bb][\/vc_column][\/vc_row][vc_row][vc_column width=\u00a0\u00bb1\/3&Prime;][vc_single_image image=\u00a0\u00bb6359&Prime; img_size=\u00a0\u00bbfull\u00a0\u00bb onclick=\u00a0\u00bbcustom_link\u00a0\u00bb link=\u00a0\u00bbhttps:\/\/visitaltotamegaebarroso.pt\/fr\/dormir-a-ribeira-de-pena\/\u00a0\u00bb]<div class=\"mkdf-section-title-holder  \" style=\"text-align: left\">\n\t<div class=\"mkdf-st-inner\">\n\t\t\t\t\t\t\t<h3 class=\"mkdf-st-title\" >\n\t\t\t\tRibeira de Pena\t\t\t<\/h3>\n\t\t\t\t\t<\/div>\n<\/div>[\/vc_column][vc_column width=\u00a0\u00bb1\/3&Prime;][vc_single_image image=\u00a0\u00bb6362&Prime; img_size=\u00a0\u00bbfull\u00a0\u00bb onclick=\u00a0\u00bbcustom_link\u00a0\u00bb link=\u00a0\u00bbhttps:\/\/visitaltotamegaebarroso.pt\/fr\/dormir-a-valpacos\/\u00a0\u00bb]<div class=\"mkdf-section-title-holder  \" style=\"text-align: left\">\n\t<div class=\"mkdf-st-inner\">\n\t\t\t\t\t\t\t<h3 class=\"mkdf-st-title\" >\n\t\t\t\tValpa\u00e7os\t\t\t<\/h3>\n\t\t\t\t\t<\/div>\n<\/div>[\/vc_column][vc_column width=\u00a0\u00bb1\/3&Prime;][vc_single_image image=\u00a0\u00bb6363&Prime; img_size=\u00a0\u00bbfull\u00a0\u00bb onclick=\u00a0\u00bbcustom_link\u00a0\u00bb link=\u00a0\u00bbhttps:\/\/visitaltotamegaebarroso.pt\/fr\/dormir-a-vila-pouca-de-aguiar\/\u00a0\u00bb]<div class=\"mkdf-section-title-holder  \" style=\"text-align: left\">\n\t<div class=\"mkdf-st-inner\">\n\t\t\t\t\t\t\t<h3 class=\"mkdf-st-title\" >\n\t\t\t\tVila Pouca de Aguiar\t\t\t<\/h3>\n\t\t\t\t\t<\/div>\n<\/div>[\/vc_column][\/vc_row][vc_row][vc_column][vc_empty_space height=\u00a0\u00bb80px\u00a0\u00bb][\/vc_column][\/vc_row]<\/p>\n<\/div>","protected":false},"excerpt":{"rendered":"<p>[vc_row row_content_width=\u00a0\u00bbgrid\u00a0\u00bb css=\u00a0\u00bb.vc_custom_1502195385713{padding-top: 90px !important;padding-bottom: 90px !important;}\u00a0\u00bb][vc_column][\/vc_column][\/vc_row][vc_row content_text_aligment=\u00a0\u00bbcenter\u00a0\u00bb css=\u00a0\u00bb.vc_custom_1686877609514{padding-top: 40px !important;padding-bottom: 40px !important;background-color: #f8f8f8 !important;}\u00a0\u00bb][vc_column width=\u00a0\u00bb1\/5&Prime;][\/vc_column][vc_column width=\u00a0\u00bb1\/5&Prime;][vc_empty_space height=\u00a0\u00bb54px\u00a0\u00bb][\/vc_column][vc_column width=\u00a0\u00bb1\/5&Prime;][vc_empty_space height=\u00a0\u00bb54px\u00a0\u00bb][\/vc_column][vc_column width=\u00a0\u00bb1\/5&Prime;][vc_empty_space height=\u00a0\u00bb54px\u00a0\u00bb][\/vc_column][vc_column width=\u00a0\u00bb1\/5&Prime;][\/vc_column][\/vc_row][vc_row][vc_column][vc_empty_space][\/vc_column][\/vc_row][vc_row][vc_column width=\u00a0\u00bb1\/3&Prime;][vc_single_image image=\u00a0\u00bb7676&Prime; img_size=\u00a0\u00bbfull\u00a0\u00bb onclick=\u00a0\u00bbcustom_link\u00a0\u00bb link=\u00a0\u00bbhttps:\/\/visitaltotamegaebarroso.pt\/fr\/dormir-a-boticas\/\u00a0\u00bb][\/vc_column][vc_column width=\u00a0\u00bb1\/3&Prime;][vc_single_image image=\u00a0\u00bb24880&Prime; img_size=\u00a0\u00bbfull\u00a0\u00bb onclick=\u00a0\u00bbcustom_link\u00a0\u00bb link=\u00a0\u00bbhttps:\/\/visitaltotamegaebarroso.pt\/fr\/dormir-a-chaves\/\u00a0\u00bb][\/vc_column][vc_column width=\u00a0\u00bb1\/3&Prime;][vc_single_image image=\u00a0\u00bb6361&Prime; img_size=\u00a0\u00bbfull\u00a0\u00bb onclick=\u00a0\u00bbcustom_link\u00a0\u00bb link=\u00a0\u00bbhttps:\/\/visitaltotamegaebarroso.pt\/fr\/dormir-a-montalegre\/\u00a0\u00bb][\/vc_column][\/vc_row][vc_row][vc_column][vc_empty_space height=\u00a0\u00bb80px\u00a0\u00bb][\/vc_column][\/vc_row][vc_row][vc_column width=\u00a0\u00bb1\/3&Prime;][vc_single_image [&hellip;]<\/p>\n","protected":false},"author":1,"featured_media":0,"parent":0,"menu_order":0,"comment_status":"closed","ping_status":"closed","template":"full-width.php","meta":[],"_links":{"self":[{"href":"https:\/\/visitaltotamegaebarroso.pt\/fr\/wp-json\/wp\/v2\/pages\/11964"}],"collection":[{"href":"https:\/\/visitaltotamegaebarroso.pt\/fr\/wp-json\/wp\/v2\/pages"}],"about":[{"href":"https:\/\/visitaltotamegaebarroso.pt\/fr\/wp-json\/wp\/v2\/types\/page"}],"author":[{"embeddable":true,"href":"https:\/\/visitaltotamegaebarroso.pt\/fr\/wp-json\/wp\/v2\/users\/1"}],"replies":[{"embeddable":true,"href":"https:\/\/visitaltotamegaebarroso.pt\/fr\/wp-json\/wp\/v2\/comments?post=11964"}],"version-history":[{"count":6,"href":"https:\/\/visitaltotamegaebarroso.pt\/fr\/wp-json\/wp\/v2\/pages\/11964\/revisions"}],"predecessor-version":[{"id":24894,"href":"https:\/\/visitaltotamegaebarroso.pt\/fr\/wp-json\/wp\/v2\/pages\/11964\/revisions\/24894"}],"wp:attachment":[{"href":"https:\/\/visitaltotamegaebarroso.pt\/fr\/wp-json\/wp\/v2\/media?parent=11964"}],"curies":[{"name":"wp","href":"https:\/\/api.w.org\/{rel}","templated":true}]}}

Où dormir

<div class="wpb-content-wrapper"><p>[vc_row row_content_width= »grid » css= ».vc_custom_1502195385713{padding-top: 90px !important;padding-bottom: 90px !important;} »][vc_column]<div class="mkdf-elements-holder   mkdf-two-columns  mkdf-responsive-mode-1024 " ><div class="mkdf-eh-item    "  data-item-class="mkdf-eh-custom-5153"     >
	<div class="mkdf-eh-item-inner">
		<div class="mkdf-eh-item-content mkdf-eh-custom-5153" style="padding: 25px 0px 25px">
			[vc_single_image image= »9776&Prime; img_size= »full »]		</div>
	</div>
</div><div class="mkdf-eh-item    "  data-item-class="mkdf-eh-custom-3135" data-1280-1600="0 0 30px 65px" data-1024-1280="0 0 40px 50px" data-768-1024="20px 23% 0px 0%" data-680-768="20px 6% 0px 0%" data-680="20px 0% 0px 0%">
	<div class="mkdf-eh-item-inner">
		<div class="mkdf-eh-item-content mkdf-eh-custom-3135" style="padding: 0 0 30px 50px">
			[vc_column_text]</p>
<h2>Dormir à Alto Tâmega et Barroso</h2>
<p>[/vc_column_text]<h2 class="mkdf-custom-font-holder  mkdf-cf-2725  " style="font-family: Playfair Display;font-size: 25px;line-height: 28px;font-weight: 400;font-style: italic;text-align: left;color: #1a9cd9;margin: 0 0 0 0" data-item-class="mkdf-cf-2725">
	Perca-se de amores pelo Alto Tâmega e Barroso</h2>[vc_empty_space height= »10px »][vc_column_text]<em>“ »Une nuit de novembre, la neige tombait et les aspects du ciel profondément froid avaient des étoiles scintillantes et scintillantes et un clair de lune glacial qui donnait aux creux enneigés la netteté des lacs d&rsquo;argent en fusion. » </em> &#8211; Camilo Castelo Branco</p>
<h5></h5>
<p>[/vc_column_text][vc_empty_space height= »5px »]		</div>
	</div>
</div></div>[/vc_column][/vc_row][vc_row content_text_aligment= »center » css= ».vc_custom_1686877609514{padding-top: 40px !important;padding-bottom: 40px !important;background-color: #f8f8f8 !important;} »][vc_column width= »1/5&Prime;][/vc_column][vc_column width= »1/5&Prime;]<div class="mkdf-iwt clearfix  mkdf-iwt-icon-top mkdf-iwt-icon-large">
	<div class="mkdf-iwt-icon">
									<img width="100" height="100" src="https://visitaltotamegaebarroso.pt/wp-content/uploads/2023/04/icons8-bed-100.png" class="attachment-full size-full" alt="" decoding="async" loading="lazy" />						</div>
	<div class="mkdf-iwt-content" >
					<h6 class="mkdf-iwt-title" style="color: #1a9cd9">
								<span class="mkdf-iwt-title-text">Confort</span>
							</h6>
							<p class="mkdf-iwt-text" style="color: #1a9cd9">Abandonnez-vous au confort que nous vous offrons à Alto Tâmega et Barroso</p>
			</div>
</div>[vc_empty_space height= »54px »][/vc_column][vc_column width= »1/5&Prime;]<div class="mkdf-iwt clearfix  mkdf-iwt-icon-top mkdf-iwt-icon-large">
	<div class="mkdf-iwt-icon">
									<img width="100" height="100" src="https://visitaltotamegaebarroso.pt/wp-content/uploads/2023/04/icons8-occupied-bed-100.png" class="attachment-full size-full" alt="" decoding="async" loading="lazy" />						</div>
	<div class="mkdf-iwt-content" >
					<h6 class="mkdf-iwt-title" style="color: #1a9cd9">
								<span class="mkdf-iwt-title-text">Lieux d&#039;Histoire</span>
							</h6>
							<p class="mkdf-iwt-text" style="color: #1a9cd9">Venez dormir dans des lieux historiques et faites aussi partie de l&#039;histoire</p>
			</div>
</div>[vc_empty_space height= »54px »][/vc_column][vc_column width= »1/5&Prime;]<div class="mkdf-iwt clearfix  mkdf-iwt-icon-top mkdf-iwt-icon-large">
	<div class="mkdf-iwt-icon">
									<img width="100" height="100" src="https://visitaltotamegaebarroso.pt/wp-content/uploads/2023/04/icons8-bed-100.png" class="attachment-full size-full" alt="" decoding="async" loading="lazy" />						</div>
	<div class="mkdf-iwt-content" >
					<h6 class="mkdf-iwt-title" style="color: #1a9cd9">
								<span class="mkdf-iwt-title-text">La modernité</span>
							</h6>
							<p class="mkdf-iwt-text" style="color: #1a9cd9">Profitez de l&#039;Alto Tâmega et du Barroso dans les hébergements que nous avons dans la région</p>
			</div>
</div>[vc_empty_space height= »54px »][/vc_column][vc_column width= »1/5&Prime;][/vc_column][/vc_row][vc_row][vc_column][vc_empty_space][/vc_column][/vc_row][vc_row][vc_column width= »1/3&Prime;][vc_single_image image= »7676&Prime; img_size= »full » onclick= »custom_link » link= »https://visitaltotamegaebarroso.pt/fr/dormir-a-boticas/ »]<div class="mkdf-section-title-holder  " style="text-align: left">
	<div class="mkdf-st-inner">
							<h3 class="mkdf-st-title" >
				Boticas			</h3>
					</div>
</div>[/vc_column][vc_column width= »1/3&Prime;][vc_single_image image= »24880&Prime; img_size= »full » onclick= »custom_link » link= »https://visitaltotamegaebarroso.pt/fr/dormir-a-chaves/ »]<div class="mkdf-section-title-holder  " style="text-align: left">
	<div class="mkdf-st-inner">
							<h3 class="mkdf-st-title" >
				Chaves			</h3>
					</div>
</div>[/vc_column][vc_column width= »1/3&Prime;][vc_single_image image= »6361&Prime; img_size= »full » onclick= »custom_link » link= »https://visitaltotamegaebarroso.pt/fr/dormir-a-montalegre/ »]<div class="mkdf-section-title-holder  " style="text-align: left">
	<div class="mkdf-st-inner">
							<h3 class="mkdf-st-title" >
				Montalegre			</h3>
					</div>
</div>[/vc_column][/vc_row][vc_row][vc_column][vc_empty_space height= »80px »][/vc_column][/vc_row][vc_row][vc_column width= »1/3&Prime;][vc_single_image image= »6359&Prime; img_size= »full » onclick= »custom_link » link= »https://visitaltotamegaebarroso.pt/fr/dormir-a-ribeira-de-pena/ »]<div class="mkdf-section-title-holder  " style="text-align: left">
	<div class="mkdf-st-inner">
							<h3 class="mkdf-st-title" >
				Ribeira de Pena			</h3>
					</div>
</div>[/vc_column][vc_column width= »1/3&Prime;][vc_single_image image= »6362&Prime; img_size= »full » onclick= »custom_link » link= »https://visitaltotamegaebarroso.pt/fr/dormir-a-valpacos/ »]<div class="mkdf-section-title-holder  " style="text-align: left">
	<div class="mkdf-st-inner">
							<h3 class="mkdf-st-title" >
				Valpaços			</h3>
					</div>
</div>[/vc_column][vc_column width= »1/3&Prime;][vc_single_image image= »6363&Prime; img_size= »full » onclick= »custom_link » link= »https://visitaltotamegaebarroso.pt/fr/dormir-a-vila-pouca-de-aguiar/ »]<div class="mkdf-section-title-holder  " style="text-align: left">
	<div class="mkdf-st-inner">
							<h3 class="mkdf-st-title" >
				Vila Pouca de Aguiar			</h3>
					</div>
</div>[/vc_column][/vc_row][vc_row][vc_column][vc_empty_space height= »80px »][/vc_column][/vc_row]</p>
</div>
