{"id":11925,"date":"2023-04-19T15:18:07","date_gmt":"2023-04-19T14:18:07","guid":{"rendered":"https:\/\/visitaltotamegaebarroso.pt\/?page_id=11925"},"modified":"2024-06-03T18:56:04","modified_gmt":"2024-06-03T17:56:04","slug":"alto-tamega-360o","status":"publish","type":"page","link":"https:\/\/visitaltotamegaebarroso.pt\/fr\/alto-tamega-360o\/","title":{"rendered":"La Regi\u00f3n en 360\u00ba"},"content":{"rendered":"<div class=\"wpb-content-wrapper\"><p>[vc_row][vc_column]<div class=\"mkdf-section-title-holder  \" style=\"text-align: left\">\n\t<div class=\"mkdf-st-inner\">\n\t\t\t\t\t\t\t<h3 class=\"mkdf-st-title\" >\n\t\t\t\tD\u00e9couvrez Alto T\u00e2mega e Barroso \u00e0 360\u00ba\t\t\t<\/h3>\n\t\t\t\t\t<\/div>\n<\/div>[vc_empty_space][\/vc_column][\/vc_row][vc_row][vc_column width=\u00a0\u00bb1\/3&Prime;]<div class=\"mkdf-section-title-holder  \" style=\"text-align: left\">\n\t<div class=\"mkdf-st-inner\">\n\t\t\t\t\t\t\t<h3 class=\"mkdf-st-title\" >\n\t\t\t\tBoticas\t\t\t<\/h3>\n\t\t\t\t\t<\/div>\n<\/div>[vc_single_image image=\u00a0\u00bb7676&Prime; img_size=\u00a0\u00bbfull\u00a0\u00bb onclick=\u00a0\u00bbcustom_link\u00a0\u00bb link=\u00a0\u00bbhttp:\/\/fotos360.cimat.pt\/boticas\/index.html\u00a0\u00bb][\/vc_column][vc_column width=\u00a0\u00bb1\/3&Prime;]<div class=\"mkdf-section-title-holder  \" style=\"text-align: left\">\n\t<div class=\"mkdf-st-inner\">\n\t\t\t\t\t\t\t<h3 class=\"mkdf-st-title\" >\n\t\t\t\tChaves\t\t\t<\/h3>\n\t\t\t\t\t<\/div>\n<\/div>[vc_single_image image=\u00a0\u00bb10740&Prime; img_size=\u00a0\u00bbfull\u00a0\u00bb onclick=\u00a0\u00bbcustom_link\u00a0\u00bb link=\u00a0\u00bbhttp:\/\/fotos360.cimat.pt\/chaves\/index.html\u00a0\u00bb][\/vc_column][vc_column width=\u00a0\u00bb1\/3&Prime;]<div class=\"mkdf-section-title-holder  \" style=\"text-align: left\">\n\t<div class=\"mkdf-st-inner\">\n\t\t\t\t\t\t\t<h3 class=\"mkdf-st-title\" >\n\t\t\t\tMontalegre\t\t\t<\/h3>\n\t\t\t\t\t<\/div>\n<\/div>[vc_single_image image=\u00a0\u00bb6361&Prime; img_size=\u00a0\u00bbfull\u00a0\u00bb onclick=\u00a0\u00bbcustom_link\u00a0\u00bb link=\u00a0\u00bbhttp:\/\/fotos360.cimat.pt\/montalegre\/index.html\u00a0\u00bb][\/vc_column][\/vc_row][vc_row][vc_column][vc_empty_space height=\u00a0\u00bb80px\u00a0\u00bb][\/vc_column][\/vc_row][vc_row][vc_column width=\u00a0\u00bb1\/3&Prime;]<div class=\"mkdf-section-title-holder  \" style=\"text-align: left\">\n\t<div class=\"mkdf-st-inner\">\n\t\t\t\t\t\t\t<h3 class=\"mkdf-st-title\" >\n\t\t\t\tRibeira de Pena\t\t\t<\/h3>\n\t\t\t\t\t<\/div>\n<\/div>[vc_single_image image=\u00a0\u00bb6359&Prime; img_size=\u00a0\u00bbfull\u00a0\u00bb onclick=\u00a0\u00bbcustom_link\u00a0\u00bb link=\u00a0\u00bbhttp:\/\/fotos360.cimat.pt\/ribeira-de-pena\/index.html\u00a0\u00bb][\/vc_column][vc_column width=\u00a0\u00bb1\/3&Prime;]<div class=\"mkdf-section-title-holder  \" style=\"text-align: left\">\n\t<div class=\"mkdf-st-inner\">\n\t\t\t\t\t\t\t<h3 class=\"mkdf-st-title\" >\n\t\t\t\tValpa\u00e7os\t\t\t<\/h3>\n\t\t\t\t\t<\/div>\n<\/div>[vc_single_image image=\u00a0\u00bb6362&Prime; img_size=\u00a0\u00bbfull\u00a0\u00bb onclick=\u00a0\u00bbcustom_link\u00a0\u00bb link=\u00a0\u00bbhttp:\/\/fotos360.cimat.pt\/valpacos\/index.html\u00a0\u00bb][\/vc_column][vc_column width=\u00a0\u00bb1\/3&Prime;]<div class=\"mkdf-section-title-holder  \" style=\"text-align: left\">\n\t<div class=\"mkdf-st-inner\">\n\t\t\t\t\t\t\t<h3 class=\"mkdf-st-title\" >\n\t\t\t\tVila Pouca de Aguiar\t\t\t<\/h3>\n\t\t\t\t\t<\/div>\n<\/div>[vc_single_image image=\u00a0\u00bb6363&Prime; img_size=\u00a0\u00bbfull\u00a0\u00bb onclick=\u00a0\u00bbcustom_link\u00a0\u00bb link=\u00a0\u00bbhttp:\/\/fotos360.cimat.pt\/vila-pouca-de-aguiar\/index.html\u00a0\u00bb][\/vc_column][\/vc_row][vc_row][vc_column][vc_empty_space height=\u00a0\u00bb80px\u00a0\u00bb][\/vc_column][\/vc_row]<\/p>\n<\/div>","protected":false},"excerpt":{"rendered":"<p>[vc_row][vc_column][vc_empty_space][\/vc_column][\/vc_row][vc_row][vc_column width=\u00a0\u00bb1\/3&Prime;][vc_single_image image=\u00a0\u00bb7676&Prime; img_size=\u00a0\u00bbfull\u00a0\u00bb onclick=\u00a0\u00bbcustom_link\u00a0\u00bb link=\u00a0\u00bbhttp:\/\/fotos360.cimat.pt\/boticas\/index.html\u00a0\u00bb][\/vc_column][vc_column width=\u00a0\u00bb1\/3&Prime;][vc_single_image image=\u00a0\u00bb10740&Prime; img_size=\u00a0\u00bbfull\u00a0\u00bb onclick=\u00a0\u00bbcustom_link\u00a0\u00bb link=\u00a0\u00bbhttp:\/\/fotos360.cimat.pt\/chaves\/index.html\u00a0\u00bb][\/vc_column][vc_column width=\u00a0\u00bb1\/3&Prime;][vc_single_image image=\u00a0\u00bb6361&Prime; img_size=\u00a0\u00bbfull\u00a0\u00bb onclick=\u00a0\u00bbcustom_link\u00a0\u00bb link=\u00a0\u00bbhttp:\/\/fotos360.cimat.pt\/montalegre\/index.html\u00a0\u00bb][\/vc_column][\/vc_row][vc_row][vc_column][vc_empty_space height=\u00a0\u00bb80px\u00a0\u00bb][\/vc_column][\/vc_row][vc_row][vc_column width=\u00a0\u00bb1\/3&Prime;][vc_single_image image=\u00a0\u00bb6359&Prime; img_size=\u00a0\u00bbfull\u00a0\u00bb onclick=\u00a0\u00bbcustom_link\u00a0\u00bb link=\u00a0\u00bbhttp:\/\/fotos360.cimat.pt\/ribeira-de-pena\/index.html\u00a0\u00bb][\/vc_column][vc_column width=\u00a0\u00bb1\/3&Prime;][vc_single_image image=\u00a0\u00bb6362&Prime; img_size=\u00a0\u00bbfull\u00a0\u00bb onclick=\u00a0\u00bbcustom_link\u00a0\u00bb link=\u00a0\u00bbhttp:\/\/fotos360.cimat.pt\/valpacos\/index.html\u00a0\u00bb][\/vc_column][vc_column width=\u00a0\u00bb1\/3&Prime;][vc_single_image image=\u00a0\u00bb6363&Prime; img_size=\u00a0\u00bbfull\u00a0\u00bb onclick=\u00a0\u00bbcustom_link\u00a0\u00bb link=\u00a0\u00bbhttp:\/\/fotos360.cimat.pt\/vila-pouca-de-aguiar\/index.html\u00a0\u00bb][\/vc_column][\/vc_row][vc_row][vc_column][vc_empty_space height=\u00a0\u00bb80px\u00a0\u00bb][\/vc_column][\/vc_row]<\/p>\n","protected":false},"author":1,"featured_media":0,"parent":0,"menu_order":0,"comment_status":"closed","ping_status":"closed","template":"","meta":[],"_links":{"self":[{"href":"https:\/\/visitaltotamegaebarroso.pt\/fr\/wp-json\/wp\/v2\/pages\/11925"}],"collection":[{"href":"https:\/\/visitaltotamegaebarroso.pt\/fr\/wp-json\/wp\/v2\/pages"}],"about":[{"href":"https:\/\/visitaltotamegaebarroso.pt\/fr\/wp-json\/wp\/v2\/types\/page"}],"author":[{"embeddable":true,"href":"https:\/\/visitaltotamegaebarroso.pt\/fr\/wp-json\/wp\/v2\/users\/1"}],"replies":[{"embeddable":true,"href":"https:\/\/visitaltotamegaebarroso.pt\/fr\/wp-json\/wp\/v2\/comments?post=11925"}],"version-history":[{"count":3,"href":"https:\/\/visitaltotamegaebarroso.pt\/fr\/wp-json\/wp\/v2\/pages\/11925\/revisions"}],"predecessor-version":[{"id":21189,"href":"https:\/\/visitaltotamegaebarroso.pt\/fr\/wp-json\/wp\/v2\/pages\/11925\/revisions\/21189"}],"wp:attachment":[{"href":"https:\/\/visitaltotamegaebarroso.pt\/fr\/wp-json\/wp\/v2\/media?parent=11925"}],"curies":[{"name":"wp","href":"https:\/\/api.w.org\/{rel}","templated":true}]}}

La Región en 360º

<div class="wpb-content-wrapper"><p>[vc_row][vc_column]<div class="mkdf-section-title-holder  " style="text-align: left">
	<div class="mkdf-st-inner">
							<h3 class="mkdf-st-title" >
				Découvrez Alto Tâmega e Barroso à 360º			</h3>
					</div>
</div>[vc_empty_space][/vc_column][/vc_row][vc_row][vc_column width= »1/3&Prime;]<div class="mkdf-section-title-holder  " style="text-align: left">
	<div class="mkdf-st-inner">
							<h3 class="mkdf-st-title" >
				Boticas			</h3>
					</div>
</div>[vc_single_image image= »7676&Prime; img_size= »full » onclick= »custom_link » link= »http://fotos360.cimat.pt/boticas/index.html »][/vc_column][vc_column width= »1/3&Prime;]<div class="mkdf-section-title-holder  " style="text-align: left">
	<div class="mkdf-st-inner">
							<h3 class="mkdf-st-title" >
				Chaves			</h3>
					</div>
</div>[vc_single_image image= »10740&Prime; img_size= »full » onclick= »custom_link » link= »http://fotos360.cimat.pt/chaves/index.html »][/vc_column][vc_column width= »1/3&Prime;]<div class="mkdf-section-title-holder  " style="text-align: left">
	<div class="mkdf-st-inner">
							<h3 class="mkdf-st-title" >
				Montalegre			</h3>
					</div>
</div>[vc_single_image image= »6361&Prime; img_size= »full » onclick= »custom_link » link= »http://fotos360.cimat.pt/montalegre/index.html »][/vc_column][/vc_row][vc_row][vc_column][vc_empty_space height= »80px »][/vc_column][/vc_row][vc_row][vc_column width= »1/3&Prime;]<div class="mkdf-section-title-holder  " style="text-align: left">
	<div class="mkdf-st-inner">
							<h3 class="mkdf-st-title" >
				Ribeira de Pena			</h3>
					</div>
</div>[vc_single_image image= »6359&Prime; img_size= »full » onclick= »custom_link » link= »http://fotos360.cimat.pt/ribeira-de-pena/index.html »][/vc_column][vc_column width= »1/3&Prime;]<div class="mkdf-section-title-holder  " style="text-align: left">
	<div class="mkdf-st-inner">
							<h3 class="mkdf-st-title" >
				Valpaços			</h3>
					</div>
</div>[vc_single_image image= »6362&Prime; img_size= »full » onclick= »custom_link » link= »http://fotos360.cimat.pt/valpacos/index.html »][/vc_column][vc_column width= »1/3&Prime;]<div class="mkdf-section-title-holder  " style="text-align: left">
	<div class="mkdf-st-inner">
							<h3 class="mkdf-st-title" >
				Vila Pouca de Aguiar			</h3>
					</div>
</div>[vc_single_image image= »6363&Prime; img_size= »full » onclick= »custom_link » link= »http://fotos360.cimat.pt/vila-pouca-de-aguiar/index.html »][/vc_column][/vc_row][vc_row][vc_column][vc_empty_space height= »80px »][/vc_column][/vc_row]</p>
</div>
