{"id":49408,"date":"2026-09-03T13:01:55","date_gmt":"2026-09-03T12:01:55","guid":{"rendered":"https:\/\/visitaltotamegaebarroso.pt\/events\/chaves-fetes-en-lhonneur-de-notre-dame-des-graces\/"},"modified":"2026-09-03T13:01:55","modified_gmt":"2026-09-03T12:01:55","slug":"chaves-fetes-en-lhonneur-de-notre-dame-des-graces","status":"publish","type":"mec-events","link":"https:\/\/visitaltotamegaebarroso.pt\/fr\/events\/chaves-fetes-en-lhonneur-de-notre-dame-des-graces\/","title":{"rendered":"Chaves | F\u00eates en l&rsquo;honneur de Notre-Dame des Gr\u00e2ces"},"content":{"rendered":"<p>Les f\u00eates en l&rsquo;honneur de Notre-Dame des Gr\u00e2ces constituent les plus grandes c\u00e9l\u00e9brations religieuses de la commune de Chaves et rassemblent chaque ann\u00e9e des milliers de fid\u00e8les venus de divers endroits de la r\u00e9gion et du pays.<\/p>\n<p>Programme<br \/>\n16 h 00 \u2013 C\u00e9l\u00e9bration de l\u2019Eucharistie, au Jardin public de Chaves<br \/>\n17 h 00 \u2013 Procession avec les saintes patronnes des paroisses et les fanfares de la commune de Chaves, du Jardin public \u00e0 la place Cam\u00f5es.<\/p>\n<p>Organisation : Mairie de Chaves, paroisse de Santa Maria Maior de Chaves et paroisse de la Madalena<br \/>\nSoutien : Conseils de paroisse et paroisses de la commune de Chaves<\/p>\n","protected":false},"excerpt":{"rendered":"<p>Les f\u00eates en l&rsquo;honneur de Notre-Dame des Gr\u00e2ces constituent les plus grandes c\u00e9l\u00e9brations religieuses de la commune de Chaves et rassemblent chaque ann\u00e9e des milliers de fid\u00e8les venus de divers endroits de la r\u00e9gion et du pays. Programme 16 h [&hellip;]<\/p>\n","protected":false},"author":7,"featured_media":49404,"comment_status":"closed","ping_status":"closed","template":"","tags":[],"mec_category":[1911],"_links":{"self":[{"href":"https:\/\/visitaltotamegaebarroso.pt\/fr\/wp-json\/wp\/v2\/mec-events\/49408"}],"collection":[{"href":"https:\/\/visitaltotamegaebarroso.pt\/fr\/wp-json\/wp\/v2\/mec-events"}],"about":[{"href":"https:\/\/visitaltotamegaebarroso.pt\/fr\/wp-json\/wp\/v2\/types\/mec-events"}],"author":[{"embeddable":true,"href":"https:\/\/visitaltotamegaebarroso.pt\/fr\/wp-json\/wp\/v2\/users\/7"}],"replies":[{"embeddable":true,"href":"https:\/\/visitaltotamegaebarroso.pt\/fr\/wp-json\/wp\/v2\/comments?post=49408"}],"wp:featuredmedia":[{"embeddable":true,"href":"https:\/\/visitaltotamegaebarroso.pt\/fr\/wp-json\/wp\/v2\/media\/49404"}],"wp:attachment":[{"href":"https:\/\/visitaltotamegaebarroso.pt\/fr\/wp-json\/wp\/v2\/media?parent=49408"}],"wp:term":[{"taxonomy":"post_tag","embeddable":true,"href":"https:\/\/visitaltotamegaebarroso.pt\/fr\/wp-json\/wp\/v2\/tags?post=49408"},{"taxonomy":"mec_category","embeddable":true,"href":"https:\/\/visitaltotamegaebarroso.pt\/fr\/wp-json\/wp\/v2\/mec_category?post=49408"}],"curies":[{"name":"wp","href":"https:\/\/api.w.org\/{rel}","templated":true}]}}

Chaves | Fêtes en l&rsquo;honneur de Notre-Dame des Grâces

<p>Les fêtes en l&rsquo;honneur de Notre-Dame des Grâces constituent les plus grandes célébrations religieuses de la commune de Chaves et rassemblent chaque année des milliers de fidèles venus de divers endroits de la région et du pays.</p>
<p>Programme<br />
16 h 00 – Célébration de l’Eucharistie, au Jardin public de Chaves<br />
17 h 00 – Procession avec les saintes patronnes des paroisses et les fanfares de la commune de Chaves, du Jardin public à la place Camões.</p>
<p>Organisation : Mairie de Chaves, paroisse de Santa Maria Maior de Chaves et paroisse de la Madalena<br />
Soutien : Conseils de paroisse et paroisses de la commune de Chaves</p>

<p>Les fêtes en l&rsquo;honneur de Notre-Dame des Grâces constituent les plus grandes célébrations religieuses de la commune de Chaves et rassemblent chaque année des milliers de fidèles venus de divers endroits de la région et du pays. Programme 16 h [&hellip;]</p>
