{"id":49266,"date":"2026-08-20T11:54:20","date_gmt":"2026-08-20T10:54:20","guid":{"rendered":"https:\/\/visitaltotamegaebarroso.pt\/?post_type=mec-events&#038;p=49266"},"modified":"2026-08-20T12:11:08","modified_gmt":"2026-08-20T11:11:08","slug":"chaves-to-trips","status":"publish","type":"mec-events","link":"https:\/\/visitaltotamegaebarroso.pt\/fr\/events\/chaves-to-trips\/","title":{"rendered":"Chaves | T\u00f3 Trips"},"content":{"rendered":"<p>T\u00f3 Trips montera sur la sc\u00e8ne de la Sala Multiusos du Quarteir\u00e3o Cultural de Chaves le 19 septembre prochain, pour un concert o\u00f9 la guitare s&rsquo;exprimera pleinement.<\/p>\n<p>Reconnu comme l&rsquo;une des figures majeures de la musique portugaise, T\u00f3 Trips s&rsquo;est forg\u00e9 un parcours unique, marqu\u00e9 par une sonorit\u00e9 intense et profond\u00e9ment \u00e9vocatrice. Sur sc\u00e8ne, chaque morceau se transforme en un voyage entre tradition, exp\u00e9rimentation et \u00e9motion.<\/p>\n<p>Une soir\u00e9e pour \u00e9couter de pr\u00e8s, d\u00e9couvrir de nouvelles voies et renouer avec l\u2019un des musiciens les plus marquants de la musique portugaise contemporaine.<\/p>\n<p>Plus d\u2019informations sur :<br \/>\nwww.indieror.pt<\/p>\n","protected":false},"excerpt":{"rendered":"<p>T\u00f3 Trips montera sur la sc\u00e8ne de la Sala Multiusos du Quarteir\u00e3o Cultural de Chaves le 19 septembre prochain, pour un concert o\u00f9 la guitare s&rsquo;exprimera pleinement. Reconnu comme l&rsquo;une des figures majeures de la musique portugaise, T\u00f3 Trips s&rsquo;est [&hellip;]<\/p>\n","protected":false},"author":6,"featured_media":49262,"comment_status":"closed","ping_status":"closed","template":"","tags":[],"mec_category":[1443],"_links":{"self":[{"href":"https:\/\/visitaltotamegaebarroso.pt\/fr\/wp-json\/wp\/v2\/mec-events\/49266"}],"collection":[{"href":"https:\/\/visitaltotamegaebarroso.pt\/fr\/wp-json\/wp\/v2\/mec-events"}],"about":[{"href":"https:\/\/visitaltotamegaebarroso.pt\/fr\/wp-json\/wp\/v2\/types\/mec-events"}],"author":[{"embeddable":true,"href":"https:\/\/visitaltotamegaebarroso.pt\/fr\/wp-json\/wp\/v2\/users\/6"}],"replies":[{"embeddable":true,"href":"https:\/\/visitaltotamegaebarroso.pt\/fr\/wp-json\/wp\/v2\/comments?post=49266"}],"wp:featuredmedia":[{"embeddable":true,"href":"https:\/\/visitaltotamegaebarroso.pt\/fr\/wp-json\/wp\/v2\/media\/49262"}],"wp:attachment":[{"href":"https:\/\/visitaltotamegaebarroso.pt\/fr\/wp-json\/wp\/v2\/media?parent=49266"}],"wp:term":[{"taxonomy":"post_tag","embeddable":true,"href":"https:\/\/visitaltotamegaebarroso.pt\/fr\/wp-json\/wp\/v2\/tags?post=49266"},{"taxonomy":"mec_category","embeddable":true,"href":"https:\/\/visitaltotamegaebarroso.pt\/fr\/wp-json\/wp\/v2\/mec_category?post=49266"}],"curies":[{"name":"wp","href":"https:\/\/api.w.org\/{rel}","templated":true}]}}

Chaves | Tó Trips

<p>Tó Trips montera sur la scène de la Sala Multiusos du Quarteirão Cultural de Chaves le 19 septembre prochain, pour un concert où la guitare s&rsquo;exprimera pleinement.</p>
<p>Reconnu comme l&rsquo;une des figures majeures de la musique portugaise, Tó Trips s&rsquo;est forgé un parcours unique, marqué par une sonorité intense et profondément évocatrice. Sur scène, chaque morceau se transforme en un voyage entre tradition, expérimentation et émotion.</p>
<p>Une soirée pour écouter de près, découvrir de nouvelles voies et renouer avec l’un des musiciens les plus marquants de la musique portugaise contemporaine.</p>
<p>Plus d’informations sur :<br />
www.indieror.pt</p>

<p>Tó Trips montera sur la scène de la Sala Multiusos du Quarteirão Cultural de Chaves le 19 septembre prochain, pour un concert où la guitare s&rsquo;exprimera pleinement. Reconnu comme l&rsquo;une des figures majeures de la musique portugaise, Tó Trips s&rsquo;est [&hellip;]</p>
