{"id":46516,"date":"2026-04-30T14:33:04","date_gmt":"2026-04-30T13:33:04","guid":{"rendered":"https:\/\/visitaltotamegaebarroso.pt\/?post_type=mec-events&#038;p=46516"},"modified":"2026-04-30T14:35:13","modified_gmt":"2026-04-30T13:35:13","slug":"chaves-karaoke-de-la-fete-des-meres","status":"publish","type":"mec-events","link":"https:\/\/visitaltotamegaebarroso.pt\/fr\/events\/chaves-karaoke-de-la-fete-des-meres\/","title":{"rendered":"Chaves | Karaok\u00e9 de la F\u00eate des M\u00e8res"},"content":{"rendered":"<p>\u00c9v\u00e9nement d\u00e9di\u00e9 \u00e0 toutes les mamans. Pr\u00e9parez-vous \u00e0 chanter ! Le karaok\u00e9 sp\u00e9cial F\u00eate des M\u00e8res arrive !<br \/>\nVous souhaitez offrir \u00e0 votre maman une soir\u00e9e originale et super sympa ? Rendez-vous au march\u00e9 municipal de Vidago. Venez avec toute la famille, choisissez votre chanson pr\u00e9f\u00e9r\u00e9e et venez briller sur sc\u00e8ne !<\/p>\n<p>Un souvenir inoubliable pour elles, c&rsquo;est garanti !<\/p>\n<p>Org. : Maison de la culture de Vidago<br \/>\nAvec le soutien de : Municipalit\u00e9 de Chaves, Union des paroisses de Vidago et Super Bock Group<\/p>\n","protected":false},"excerpt":{"rendered":"<p>\u00c9v\u00e9nement d\u00e9di\u00e9 \u00e0 toutes les mamans. Pr\u00e9parez-vous \u00e0 chanter ! Le karaok\u00e9 sp\u00e9cial F\u00eate des M\u00e8res arrive ! Vous souhaitez offrir \u00e0 votre maman une soir\u00e9e originale et super sympa ? Rendez-vous au march\u00e9 municipal de Vidago. Venez avec toute [&hellip;]<\/p>\n","protected":false},"author":8,"featured_media":46512,"comment_status":"closed","ping_status":"closed","template":"","tags":[],"mec_category":[1443],"_links":{"self":[{"href":"https:\/\/visitaltotamegaebarroso.pt\/fr\/wp-json\/wp\/v2\/mec-events\/46516"}],"collection":[{"href":"https:\/\/visitaltotamegaebarroso.pt\/fr\/wp-json\/wp\/v2\/mec-events"}],"about":[{"href":"https:\/\/visitaltotamegaebarroso.pt\/fr\/wp-json\/wp\/v2\/types\/mec-events"}],"author":[{"embeddable":true,"href":"https:\/\/visitaltotamegaebarroso.pt\/fr\/wp-json\/wp\/v2\/users\/8"}],"replies":[{"embeddable":true,"href":"https:\/\/visitaltotamegaebarroso.pt\/fr\/wp-json\/wp\/v2\/comments?post=46516"}],"wp:featuredmedia":[{"embeddable":true,"href":"https:\/\/visitaltotamegaebarroso.pt\/fr\/wp-json\/wp\/v2\/media\/46512"}],"wp:attachment":[{"href":"https:\/\/visitaltotamegaebarroso.pt\/fr\/wp-json\/wp\/v2\/media?parent=46516"}],"wp:term":[{"taxonomy":"post_tag","embeddable":true,"href":"https:\/\/visitaltotamegaebarroso.pt\/fr\/wp-json\/wp\/v2\/tags?post=46516"},{"taxonomy":"mec_category","embeddable":true,"href":"https:\/\/visitaltotamegaebarroso.pt\/fr\/wp-json\/wp\/v2\/mec_category?post=46516"}],"curies":[{"name":"wp","href":"https:\/\/api.w.org\/{rel}","templated":true}]}}

Chaves | Karaoké de la Fête des Mères

<p>Événement dédié à toutes les mamans. Préparez-vous à chanter ! Le karaoké spécial Fête des Mères arrive !<br />
Vous souhaitez offrir à votre maman une soirée originale et super sympa ? Rendez-vous au marché municipal de Vidago. Venez avec toute la famille, choisissez votre chanson préférée et venez briller sur scène !</p>
<p>Un souvenir inoubliable pour elles, c&rsquo;est garanti !</p>
<p>Org. : Maison de la culture de Vidago<br />
Avec le soutien de : Municipalité de Chaves, Union des paroisses de Vidago et Super Bock Group</p>

<p>Événement dédié à toutes les mamans. Préparez-vous à chanter ! Le karaoké spécial Fête des Mères arrive ! Vous souhaitez offrir à votre maman une soirée originale et super sympa ? Rendez-vous au marché municipal de Vidago. Venez avec toute [&hellip;]</p>
