{"id":46442,"date":"2026-04-28T10:01:46","date_gmt":"2026-04-28T09:01:46","guid":{"rendered":"https:\/\/visitaltotamegaebarroso.pt\/events\/chaves-margarida\/"},"modified":"2026-04-28T10:01:46","modified_gmt":"2026-04-28T09:01:46","slug":"chaves-margarida","status":"publish","type":"mec-events","link":"https:\/\/visitaltotamegaebarroso.pt\/fr\/events\/chaves-margarida\/","title":{"rendered":"Chaves | Margarida"},"content":{"rendered":"<p>La chanteuse et compositrice Margarida pr\u00e9sentera samedi prochain, le 2 mai, \u00e0 22 h, ses compositions personnelles qui refl\u00e8tent ses exp\u00e9riences et sa jeunesse.<\/p>\n<p>Un \u00e9v\u00e9nement organis\u00e9 par la municipalit\u00e9 de Chaves, avec le soutien de Turismo de Portugal, dans le cadre d&rsquo;ANIMAT 2026.<\/p>\n","protected":false},"excerpt":{"rendered":"<p>La chanteuse et compositrice Margarida pr\u00e9sentera samedi prochain, le 2 mai, \u00e0 22 h, ses compositions personnelles qui refl\u00e8tent ses exp\u00e9riences et sa jeunesse. Un \u00e9v\u00e9nement organis\u00e9 par la municipalit\u00e9 de Chaves, avec le soutien de Turismo de Portugal, dans [&hellip;]<\/p>\n","protected":false},"author":7,"featured_media":46438,"comment_status":"closed","ping_status":"closed","template":"","tags":[],"mec_category":[1443],"_links":{"self":[{"href":"https:\/\/visitaltotamegaebarroso.pt\/fr\/wp-json\/wp\/v2\/mec-events\/46442"}],"collection":[{"href":"https:\/\/visitaltotamegaebarroso.pt\/fr\/wp-json\/wp\/v2\/mec-events"}],"about":[{"href":"https:\/\/visitaltotamegaebarroso.pt\/fr\/wp-json\/wp\/v2\/types\/mec-events"}],"author":[{"embeddable":true,"href":"https:\/\/visitaltotamegaebarroso.pt\/fr\/wp-json\/wp\/v2\/users\/7"}],"replies":[{"embeddable":true,"href":"https:\/\/visitaltotamegaebarroso.pt\/fr\/wp-json\/wp\/v2\/comments?post=46442"}],"wp:featuredmedia":[{"embeddable":true,"href":"https:\/\/visitaltotamegaebarroso.pt\/fr\/wp-json\/wp\/v2\/media\/46438"}],"wp:attachment":[{"href":"https:\/\/visitaltotamegaebarroso.pt\/fr\/wp-json\/wp\/v2\/media?parent=46442"}],"wp:term":[{"taxonomy":"post_tag","embeddable":true,"href":"https:\/\/visitaltotamegaebarroso.pt\/fr\/wp-json\/wp\/v2\/tags?post=46442"},{"taxonomy":"mec_category","embeddable":true,"href":"https:\/\/visitaltotamegaebarroso.pt\/fr\/wp-json\/wp\/v2\/mec_category?post=46442"}],"curies":[{"name":"wp","href":"https:\/\/api.w.org\/{rel}","templated":true}]}}

<p>La chanteuse et compositrice Margarida présentera samedi prochain, le 2 mai, à 22 h, ses compositions personnelles qui reflètent ses expériences et sa jeunesse.</p>
<p>Un événement organisé par la municipalité de Chaves, avec le soutien de Turismo de Portugal, dans le cadre d&rsquo;ANIMAT 2026.</p>

<p>La chanteuse et compositrice Margarida présentera samedi prochain, le 2 mai, à 22 h, ses compositions personnelles qui reflètent ses expériences et sa jeunesse. Un événement organisé par la municipalité de Chaves, avec le soutien de Turismo de Portugal, dans [&hellip;]</p>
