{"id":46348,"date":"2026-04-21T14:22:48","date_gmt":"2026-04-21T13:22:48","guid":{"rendered":"https:\/\/visitaltotamegaebarroso.pt\/events\/montalegre-xixe-edition-des-carrilheiras-de-barroso\/"},"modified":"2026-04-21T14:22:48","modified_gmt":"2026-04-21T13:22:48","slug":"montalegre-xixe-edition-des-carrilheiras-de-barroso","status":"publish","type":"mec-events","link":"https:\/\/visitaltotamegaebarroso.pt\/fr\/events\/montalegre-xixe-edition-des-carrilheiras-de-barroso\/","title":{"rendered":"Montalegre | XIXe \u00e9dition des Carrilheiras de Barroso"},"content":{"rendered":"<p>Le week-end des 16 et 17 mai se tiendra une nouvelle \u00e9dition des Carrilheiras de Barroso. Le premier jour, le programme propose de parcourir les terres irrigu\u00e9es et les ch\u00eanaies s\u00e9culaires de Travassos do Rio.<br \/>\nLe deuxi\u00e8me jour, il est propos\u00e9 de faire une randonn\u00e9e p\u00e9destre dans la paroisse de Ch\u00e3, o\u00f9 les marais et le r\u00e9servoir de l&rsquo;Alto Rabag\u00e3o occupent le devant de la sc\u00e8ne.<br \/>\nLes Carrilheiras de Barroso sont plus que de simples parcours, ce sont des voyages au c\u0153ur de la nature et de la tradition dans leur essence la plus pure.<br \/>\nEntre collines verdoyantes, rivi\u00e8res cristallines et anciens sentiers de bergers, chaque pas r\u00e9v\u00e8le un morceau d&rsquo;histoire et de tranquillit\u00e9. Le souffle du vent, le chant des oiseaux et le murmure de l&rsquo;eau accompagnent ceux qui s&rsquo;aventurent sur des sentiers reliant villages, souvenirs et paysages \u00e0 couper le souffle.<\/p>\n<p>Inscription jusqu&rsquo;au 13 mai &#8211; <a href=\"https:\/\/forms.gle\/XaRy4qvMBAaNr3Gg6\">https:\/\/forms.gle\/XaRy4qvMBAaNr3Gg6<\/a><\/p>\n<p>Comprend \u27a1\ufe0f une assurance accidents, un d\u00e9jeuner convivial et un souvenir individuel<\/p>\n","protected":false},"excerpt":{"rendered":"<p>Le week-end des 16 et 17 mai se tiendra une nouvelle \u00e9dition des Carrilheiras de Barroso. Le premier jour, le programme propose de parcourir les terres irrigu\u00e9es et les ch\u00eanaies s\u00e9culaires de Travassos do Rio. Le deuxi\u00e8me jour, il est [&hellip;]<\/p>\n","protected":false},"author":7,"featured_media":46344,"comment_status":"closed","ping_status":"closed","template":"","tags":[],"mec_category":[721],"_links":{"self":[{"href":"https:\/\/visitaltotamegaebarroso.pt\/fr\/wp-json\/wp\/v2\/mec-events\/46348"}],"collection":[{"href":"https:\/\/visitaltotamegaebarroso.pt\/fr\/wp-json\/wp\/v2\/mec-events"}],"about":[{"href":"https:\/\/visitaltotamegaebarroso.pt\/fr\/wp-json\/wp\/v2\/types\/mec-events"}],"author":[{"embeddable":true,"href":"https:\/\/visitaltotamegaebarroso.pt\/fr\/wp-json\/wp\/v2\/users\/7"}],"replies":[{"embeddable":true,"href":"https:\/\/visitaltotamegaebarroso.pt\/fr\/wp-json\/wp\/v2\/comments?post=46348"}],"wp:featuredmedia":[{"embeddable":true,"href":"https:\/\/visitaltotamegaebarroso.pt\/fr\/wp-json\/wp\/v2\/media\/46344"}],"wp:attachment":[{"href":"https:\/\/visitaltotamegaebarroso.pt\/fr\/wp-json\/wp\/v2\/media?parent=46348"}],"wp:term":[{"taxonomy":"post_tag","embeddable":true,"href":"https:\/\/visitaltotamegaebarroso.pt\/fr\/wp-json\/wp\/v2\/tags?post=46348"},{"taxonomy":"mec_category","embeddable":true,"href":"https:\/\/visitaltotamegaebarroso.pt\/fr\/wp-json\/wp\/v2\/mec_category?post=46348"}],"curies":[{"name":"wp","href":"https:\/\/api.w.org\/{rel}","templated":true}]}}

Montalegre | XIXe édition des Carrilheiras de Barroso

<p>Le week-end des 16 et 17 mai se tiendra une nouvelle édition des Carrilheiras de Barroso. Le premier jour, le programme propose de parcourir les terres irriguées et les chênaies séculaires de Travassos do Rio.<br />
Le deuxième jour, il est proposé de faire une randonnée pédestre dans la paroisse de Chã, où les marais et le réservoir de l&rsquo;Alto Rabagão occupent le devant de la scène.<br />
Les Carrilheiras de Barroso sont plus que de simples parcours, ce sont des voyages au cœur de la nature et de la tradition dans leur essence la plus pure.<br />
Entre collines verdoyantes, rivières cristallines et anciens sentiers de bergers, chaque pas révèle un morceau d&rsquo;histoire et de tranquillité. Le souffle du vent, le chant des oiseaux et le murmure de l&rsquo;eau accompagnent ceux qui s&rsquo;aventurent sur des sentiers reliant villages, souvenirs et paysages à couper le souffle.</p>
<p>Inscription jusqu&rsquo;au 13 mai &#8211; <a href="https://forms.gle/XaRy4qvMBAaNr3Gg6">https://forms.gle/XaRy4qvMBAaNr3Gg6</a></p>
<p>Comprend ➡️ une assurance accidents, un déjeuner convivial et un souvenir individuel</p>

<p>Le week-end des 16 et 17 mai se tiendra une nouvelle édition des Carrilheiras de Barroso. Le premier jour, le programme propose de parcourir les terres irriguées et les chênaies séculaires de Travassos do Rio. Le deuxième jour, il est [&hellip;]</p>
