{"id":39776,"date":"2025-06-20T14:59:54","date_gmt":"2025-06-20T13:59:54","guid":{"rendered":"https:\/\/visitaltotamegaebarroso.pt\/events\/bie-festival-n2\/"},"modified":"2025-06-21T10:56:43","modified_gmt":"2025-06-21T09:56:43","slug":"bie-festival-n2","status":"publish","type":"mec-events","link":"https:\/\/visitaltotamegaebarroso.pt\/fr\/events\/bie-festival-n2\/","title":{"rendered":"Chaves | Bi\u00e9 &#8211; Festival N2"},"content":{"rendered":"<p>Sc\u00e8ne Paragem<\/p>\n<p>Le 2 ao\u00fbt, le Palco Paragem accueille BI\u00c9 &#8211; avec de nouveaux bagages et un r\u00e9servoir plein de son Tr\u00e1s-os-Montes !<\/p>\n<p>Compositeur, multi-instrumentiste et interpr\u00e8te, BI\u00c9 est l&rsquo;alter ego de Rafael Fernandes, qui s&rsquo;est lanc\u00e9 dans la musique \u00e0 l&rsquo;\u00e2ge de 17 ans. En 2022, il met ses quatre \u0153ill\u00e8res et change de braquet : il commence \u00e0 \u00e9crire en portugais, explore de nouveaux paysages sonores et a d\u00e9j\u00e0 deux albums \u00e0 son actif &#8211; avec une fra\u00eecheur cr\u00e9ative et du carburant pour beaucoup plus.<\/p>\n<p>Sur sc\u00e8ne, elle ma\u00eetrise parfaitement l&rsquo;intime et l&rsquo;\u00e9poustouflant. Avec un pied sur terre et l&rsquo;autre sur les pistes de ce qui reste \u00e0 venir, BI\u00c9 nous invite \u00e0 voyager sans carte, avec la musique pour seul carburant.<\/p>\n<p><iframe loading=\"lazy\" title=\"Bi\u00e9 - Linguagem da Respira\u00e7\u00e3o\" width=\"1100\" height=\"619\" src=\"https:\/\/www.youtube.com\/embed\/8TgciCcn0jw?start=1&#038;feature=oembed\" frameborder=\"0\" allow=\"accelerometer; autoplay; clipboard-write; encrypted-media; gyroscope; picture-in-picture; web-share\" referrerpolicy=\"strict-origin-when-cross-origin\" allowfullscreen><\/iframe><\/p>\n","protected":false},"excerpt":{"rendered":"<p>Sc\u00e8ne Paragem Le 2 ao\u00fbt, le Palco Paragem accueille BI\u00c9 &#8211; avec de nouveaux bagages et un r\u00e9servoir plein de son Tr\u00e1s-os-Montes ! Compositeur, multi-instrumentiste et interpr\u00e8te, BI\u00c9 est l&rsquo;alter ego de Rafael Fernandes, qui s&rsquo;est lanc\u00e9 dans la musique [&hellip;]<\/p>\n","protected":false},"author":5,"featured_media":39739,"comment_status":"closed","ping_status":"closed","template":"","tags":[],"mec_category":[1443,715],"_links":{"self":[{"href":"https:\/\/visitaltotamegaebarroso.pt\/fr\/wp-json\/wp\/v2\/mec-events\/39776"}],"collection":[{"href":"https:\/\/visitaltotamegaebarroso.pt\/fr\/wp-json\/wp\/v2\/mec-events"}],"about":[{"href":"https:\/\/visitaltotamegaebarroso.pt\/fr\/wp-json\/wp\/v2\/types\/mec-events"}],"author":[{"embeddable":true,"href":"https:\/\/visitaltotamegaebarroso.pt\/fr\/wp-json\/wp\/v2\/users\/5"}],"replies":[{"embeddable":true,"href":"https:\/\/visitaltotamegaebarroso.pt\/fr\/wp-json\/wp\/v2\/comments?post=39776"}],"wp:featuredmedia":[{"embeddable":true,"href":"https:\/\/visitaltotamegaebarroso.pt\/fr\/wp-json\/wp\/v2\/media\/39739"}],"wp:attachment":[{"href":"https:\/\/visitaltotamegaebarroso.pt\/fr\/wp-json\/wp\/v2\/media?parent=39776"}],"wp:term":[{"taxonomy":"post_tag","embeddable":true,"href":"https:\/\/visitaltotamegaebarroso.pt\/fr\/wp-json\/wp\/v2\/tags?post=39776"},{"taxonomy":"mec_category","embeddable":true,"href":"https:\/\/visitaltotamegaebarroso.pt\/fr\/wp-json\/wp\/v2\/mec_category?post=39776"}],"curies":[{"name":"wp","href":"https:\/\/api.w.org\/{rel}","templated":true}]}}

Chaves | Bié &#8211; Festival N2

<p>Scène Paragem</p>
<p>Le 2 août, le Palco Paragem accueille BIÉ &#8211; avec de nouveaux bagages et un réservoir plein de son Trás-os-Montes !</p>
<p>Compositeur, multi-instrumentiste et interprète, BIÉ est l&rsquo;alter ego de Rafael Fernandes, qui s&rsquo;est lancé dans la musique à l&rsquo;âge de 17 ans. En 2022, il met ses quatre œillères et change de braquet : il commence à écrire en portugais, explore de nouveaux paysages sonores et a déjà deux albums à son actif &#8211; avec une fraîcheur créative et du carburant pour beaucoup plus.</p>
<p>Sur scène, elle maîtrise parfaitement l&rsquo;intime et l&rsquo;époustouflant. Avec un pied sur terre et l&rsquo;autre sur les pistes de ce qui reste à venir, BIÉ nous invite à voyager sans carte, avec la musique pour seul carburant.</p>
<p><iframe loading="lazy" title="Bié - Linguagem da Respiração" width="1100" height="619" src="https://www.youtube.com/embed/8TgciCcn0jw?start=1&#038;feature=oembed" frameborder="0" allow="accelerometer; autoplay; clipboard-write; encrypted-media; gyroscope; picture-in-picture; web-share" referrerpolicy="strict-origin-when-cross-origin" allowfullscreen></iframe></p>

<p>Scène Paragem Le 2 août, le Palco Paragem accueille BIÉ &#8211; avec de nouveaux bagages et un réservoir plein de son Trás-os-Montes ! Compositeur, multi-instrumentiste et interprète, BIÉ est l&rsquo;alter ego de Rafael Fernandes, qui s&rsquo;est lancé dans la musique [&hellip;]</p>
