{"id":39533,"date":"2025-06-14T14:46:03","date_gmt":"2025-06-14T13:46:03","guid":{"rendered":"https:\/\/visitaltotamegaebarroso.pt\/events\/montalegre-rota-do-sentir\/"},"modified":"2025-06-14T14:46:03","modified_gmt":"2025-06-14T13:46:03","slug":"montalegre-rota-do-sentir","status":"publish","type":"mec-events","link":"https:\/\/visitaltotamegaebarroso.pt\/fr\/events\/montalegre-rota-do-sentir\/","title":{"rendered":"Montalegre | Rota do Sentir"},"content":{"rendered":"<p>Dans le cadre du Plan national pour les arts, Montalegre organise \u00ab Rota do Sentir \u00bb les 26 et 27 juin. L&rsquo;initiative vise, par le biais de la pratique artistique, \u00e0 cr\u00e9er des processus de pens\u00e9e critique, \u00e0 d\u00e9voiler le pouvoir des arts en tant qu&rsquo;outils essentiels pour la dynamique culturelle et sociale et \u00e0 observer la valeur de la diversit\u00e9, notamment gr\u00e2ce \u00e0 l&rsquo;habitat qu&rsquo;elle a choisi pour ouvrir la voie.<br \/>\nConsid\u00e9rant que la diversit\u00e9 est l&rsquo;un des principaux probl\u00e8mes auxquels sont confront\u00e9s les syst\u00e8mes \u00e9ducatifs des d\u00e9mocraties modernes aujourd&rsquo;hui, ce s\u00e9minaire invite \u00e0 la r\u00e9flexion et au d\u00e9bat sur le th\u00e8me de la cr\u00e9ation artistique avec des adolescents dans une r\u00e9gion fragilis\u00e9e par la d\u00e9sertification humaine. Nous sommes int\u00e9ress\u00e9s par le point de vue des \u00e9ducateurs (\u00e9ducation artistique) et des artistes.<\/p>\n","protected":false},"excerpt":{"rendered":"<p>Dans le cadre du Plan national pour les arts, Montalegre organise \u00ab Rota do Sentir \u00bb les 26 et 27 juin. L&rsquo;initiative vise, par le biais de la pratique artistique, \u00e0 cr\u00e9er des processus de pens\u00e9e critique, \u00e0 d\u00e9voiler le [&hellip;]<\/p>\n","protected":false},"author":5,"featured_media":39529,"comment_status":"closed","ping_status":"closed","template":"","tags":[],"mec_category":[715,1646],"_links":{"self":[{"href":"https:\/\/visitaltotamegaebarroso.pt\/fr\/wp-json\/wp\/v2\/mec-events\/39533"}],"collection":[{"href":"https:\/\/visitaltotamegaebarroso.pt\/fr\/wp-json\/wp\/v2\/mec-events"}],"about":[{"href":"https:\/\/visitaltotamegaebarroso.pt\/fr\/wp-json\/wp\/v2\/types\/mec-events"}],"author":[{"embeddable":true,"href":"https:\/\/visitaltotamegaebarroso.pt\/fr\/wp-json\/wp\/v2\/users\/5"}],"replies":[{"embeddable":true,"href":"https:\/\/visitaltotamegaebarroso.pt\/fr\/wp-json\/wp\/v2\/comments?post=39533"}],"wp:featuredmedia":[{"embeddable":true,"href":"https:\/\/visitaltotamegaebarroso.pt\/fr\/wp-json\/wp\/v2\/media\/39529"}],"wp:attachment":[{"href":"https:\/\/visitaltotamegaebarroso.pt\/fr\/wp-json\/wp\/v2\/media?parent=39533"}],"wp:term":[{"taxonomy":"post_tag","embeddable":true,"href":"https:\/\/visitaltotamegaebarroso.pt\/fr\/wp-json\/wp\/v2\/tags?post=39533"},{"taxonomy":"mec_category","embeddable":true,"href":"https:\/\/visitaltotamegaebarroso.pt\/fr\/wp-json\/wp\/v2\/mec_category?post=39533"}],"curies":[{"name":"wp","href":"https:\/\/api.w.org\/{rel}","templated":true}]}}

<p>Dans le cadre du Plan national pour les arts, Montalegre organise « Rota do Sentir » les 26 et 27 juin. L&rsquo;initiative vise, par le biais de la pratique artistique, à créer des processus de pensée critique, à dévoiler le pouvoir des arts en tant qu&rsquo;outils essentiels pour la dynamique culturelle et sociale et à observer la valeur de la diversité, notamment grâce à l&rsquo;habitat qu&rsquo;elle a choisi pour ouvrir la voie.<br />
Considérant que la diversité est l&rsquo;un des principaux problèmes auxquels sont confrontés les systèmes éducatifs des démocraties modernes aujourd&rsquo;hui, ce séminaire invite à la réflexion et au débat sur le thème de la création artistique avec des adolescents dans une région fragilisée par la désertification humaine. Nous sommes intéressés par le point de vue des éducateurs (éducation artistique) et des artistes.</p>

<p>Dans le cadre du Plan national pour les arts, Montalegre organise « Rota do Sentir » les 26 et 27 juin. L&rsquo;initiative vise, par le biais de la pratique artistique, à créer des processus de pensée critique, à dévoiler le [&hellip;]</p>
