{"id":39440,"date":"2025-06-10T09:35:00","date_gmt":"2025-06-10T08:35:00","guid":{"rendered":"https:\/\/visitaltotamegaebarroso.pt\/?post_type=mec-events&#038;p=39440"},"modified":"2025-06-10T09:37:09","modified_gmt":"2025-06-10T08:37:09","slug":"chaves-peinture-de-julio-ramada","status":"publish","type":"mec-events","link":"https:\/\/visitaltotamegaebarroso.pt\/fr\/events\/chaves-peinture-de-julio-ramada\/","title":{"rendered":"Chaves | Peinture de J\u00falio Ramada"},"content":{"rendered":"<p>L&rsquo;ex\u00e9cutif de l&rsquo;Union des paroisses de Vidago vous informe que le 14 juin 2025, \u00e0 18 heures, nous inaugurerons la galerie d&rsquo;art de la Capela do Cabo, avec des peintures de notre ami et professeur vidaguense J\u00falio Ramada.<\/p>\n<p>Nous vous invitons donc tous \u00e0 assister \u00e0 ce moment important pour la ville de Vidago.<\/p>\n<p>Nous vous communiquerons ult\u00e9rieurement les heures d&rsquo;ouverture de la galerie d&rsquo;art.<\/p>\n<p>Comm\u00e9morations du centenaire du village de Vidago.<\/p>\n","protected":false},"excerpt":{"rendered":"<p>L&rsquo;ex\u00e9cutif de l&rsquo;Union des paroisses de Vidago vous informe que le 14 juin 2025, \u00e0 18 heures, nous inaugurerons la galerie d&rsquo;art de la Capela do Cabo, avec des peintures de notre ami et professeur vidaguense J\u00falio Ramada. Nous vous [&hellip;]<\/p>\n","protected":false},"author":5,"featured_media":39436,"comment_status":"closed","ping_status":"closed","template":"","tags":[],"mec_category":[1666],"_links":{"self":[{"href":"https:\/\/visitaltotamegaebarroso.pt\/fr\/wp-json\/wp\/v2\/mec-events\/39440"}],"collection":[{"href":"https:\/\/visitaltotamegaebarroso.pt\/fr\/wp-json\/wp\/v2\/mec-events"}],"about":[{"href":"https:\/\/visitaltotamegaebarroso.pt\/fr\/wp-json\/wp\/v2\/types\/mec-events"}],"author":[{"embeddable":true,"href":"https:\/\/visitaltotamegaebarroso.pt\/fr\/wp-json\/wp\/v2\/users\/5"}],"replies":[{"embeddable":true,"href":"https:\/\/visitaltotamegaebarroso.pt\/fr\/wp-json\/wp\/v2\/comments?post=39440"}],"wp:featuredmedia":[{"embeddable":true,"href":"https:\/\/visitaltotamegaebarroso.pt\/fr\/wp-json\/wp\/v2\/media\/39436"}],"wp:attachment":[{"href":"https:\/\/visitaltotamegaebarroso.pt\/fr\/wp-json\/wp\/v2\/media?parent=39440"}],"wp:term":[{"taxonomy":"post_tag","embeddable":true,"href":"https:\/\/visitaltotamegaebarroso.pt\/fr\/wp-json\/wp\/v2\/tags?post=39440"},{"taxonomy":"mec_category","embeddable":true,"href":"https:\/\/visitaltotamegaebarroso.pt\/fr\/wp-json\/wp\/v2\/mec_category?post=39440"}],"curies":[{"name":"wp","href":"https:\/\/api.w.org\/{rel}","templated":true}]}}

Chaves | Peinture de Júlio Ramada

<p>L&rsquo;exécutif de l&rsquo;Union des paroisses de Vidago vous informe que le 14 juin 2025, à 18 heures, nous inaugurerons la galerie d&rsquo;art de la Capela do Cabo, avec des peintures de notre ami et professeur vidaguense Júlio Ramada.</p>
<p>Nous vous invitons donc tous à assister à ce moment important pour la ville de Vidago.</p>
<p>Nous vous communiquerons ultérieurement les heures d&rsquo;ouverture de la galerie d&rsquo;art.</p>
<p>Commémorations du centenaire du village de Vidago.</p>

<p>L&rsquo;exécutif de l&rsquo;Union des paroisses de Vidago vous informe que le 14 juin 2025, à 18 heures, nous inaugurerons la galerie d&rsquo;art de la Capela do Cabo, avec des peintures de notre ami et professeur vidaguense Júlio Ramada. Nous vous [&hellip;]</p>
