{"id":39201,"date":"2025-06-03T12:33:53","date_gmt":"2025-06-03T11:33:53","guid":{"rendered":"https:\/\/visitaltotamegaebarroso.pt\/events\/ribeira-de-pena-17e-rencontre-de-concertinas-et-de-chants-au-defi\/"},"modified":"2025-06-03T12:33:53","modified_gmt":"2025-06-03T11:33:53","slug":"ribeira-de-pena-17e-rencontre-de-concertinas-et-de-chants-au-defi","status":"publish","type":"mec-events","link":"https:\/\/visitaltotamegaebarroso.pt\/fr\/events\/ribeira-de-pena-17e-rencontre-de-concertinas-et-de-chants-au-defi\/","title":{"rendered":"Ribeira de Pena | 17e Rencontre de concertinas et de chants au d\u00e9fi"},"content":{"rendered":"<p>Le 8 juin prochain, \u00e0 15h, le si\u00e8ge de l&rsquo;Association culturelle et sportive d&rsquo;Agunchos accueillera la 17e Rencontre de concertinas et de chants au d\u00e9fi.<\/p>\n<p>Cet \u00e9v\u00e9nement est organis\u00e9 par l&rsquo;association locale avec le soutien de la Junta de Freguesia de Cerva e Lim\u00f5es et de la municipalit\u00e9 de Ribeira de Pena.<\/p>\n<p>Rejoignez-nous et participez \u00e0 cette c\u00e9l\u00e9bration unique, qui met en valeur nos racines et donne vie \u00e0 nos traditions.<\/p>\n","protected":false},"excerpt":{"rendered":"<p>Le 8 juin prochain, \u00e0 15h, le si\u00e8ge de l&rsquo;Association culturelle et sportive d&rsquo;Agunchos accueillera la 17e Rencontre de concertinas et de chants au d\u00e9fi. Cet \u00e9v\u00e9nement est organis\u00e9 par l&rsquo;association locale avec le soutien de la Junta de Freguesia [&hellip;]<\/p>\n","protected":false},"author":5,"featured_media":39197,"comment_status":"closed","ping_status":"closed","template":"","tags":[],"mec_category":[1443,715],"_links":{"self":[{"href":"https:\/\/visitaltotamegaebarroso.pt\/fr\/wp-json\/wp\/v2\/mec-events\/39201"}],"collection":[{"href":"https:\/\/visitaltotamegaebarroso.pt\/fr\/wp-json\/wp\/v2\/mec-events"}],"about":[{"href":"https:\/\/visitaltotamegaebarroso.pt\/fr\/wp-json\/wp\/v2\/types\/mec-events"}],"author":[{"embeddable":true,"href":"https:\/\/visitaltotamegaebarroso.pt\/fr\/wp-json\/wp\/v2\/users\/5"}],"replies":[{"embeddable":true,"href":"https:\/\/visitaltotamegaebarroso.pt\/fr\/wp-json\/wp\/v2\/comments?post=39201"}],"wp:featuredmedia":[{"embeddable":true,"href":"https:\/\/visitaltotamegaebarroso.pt\/fr\/wp-json\/wp\/v2\/media\/39197"}],"wp:attachment":[{"href":"https:\/\/visitaltotamegaebarroso.pt\/fr\/wp-json\/wp\/v2\/media?parent=39201"}],"wp:term":[{"taxonomy":"post_tag","embeddable":true,"href":"https:\/\/visitaltotamegaebarroso.pt\/fr\/wp-json\/wp\/v2\/tags?post=39201"},{"taxonomy":"mec_category","embeddable":true,"href":"https:\/\/visitaltotamegaebarroso.pt\/fr\/wp-json\/wp\/v2\/mec_category?post=39201"}],"curies":[{"name":"wp","href":"https:\/\/api.w.org\/{rel}","templated":true}]}}

Ribeira de Pena | 17e Rencontre de concertinas et de chants au défi

<p>Le 8 juin prochain, à 15h, le siège de l&rsquo;Association culturelle et sportive d&rsquo;Agunchos accueillera la 17e Rencontre de concertinas et de chants au défi.</p>
<p>Cet événement est organisé par l&rsquo;association locale avec le soutien de la Junta de Freguesia de Cerva e Limões et de la municipalité de Ribeira de Pena.</p>
<p>Rejoignez-nous et participez à cette célébration unique, qui met en valeur nos racines et donne vie à nos traditions.</p>

<p>Le 8 juin prochain, à 15h, le siège de l&rsquo;Association culturelle et sportive d&rsquo;Agunchos accueillera la 17e Rencontre de concertinas et de chants au défi. Cet événement est organisé par l&rsquo;association locale avec le soutien de la Junta de Freguesia [&hellip;]</p>
