{"id":39138,"date":"2025-06-02T15:18:46","date_gmt":"2025-06-02T14:18:46","guid":{"rendered":"https:\/\/visitaltotamegaebarroso.pt\/events\/chaves-marches-populaires-de-chaves-2025\/"},"modified":"2025-06-02T15:18:46","modified_gmt":"2025-06-02T14:18:46","slug":"chaves-marches-populaires-de-chaves-2025","status":"publish","type":"mec-events","link":"https:\/\/visitaltotamegaebarroso.pt\/fr\/events\/chaves-marches-populaires-de-chaves-2025\/","title":{"rendered":"Chaves | Marches populaires de Chaves 2025"},"content":{"rendered":"<div>Avec la 4e \u00e9dition des Marches Populaires de Chaves 2025, l&rsquo;Association Culturelle Flaviense vise \u00e0 stimuler et \u00e0 promouvoir les racines populaires, \u00e0 rencontrer les go\u00fbts et les traditions populaires, \u00e0 renforcer le sens de la f\u00eate en tant qu&rsquo;espace pour la construction collective d&rsquo;une entit\u00e9 commune, \u00e0 stimuler la pr\u00e9servation des traditions afin de garantir leur perp\u00e9tuation.<\/div>\n<div>Les groupes d\u00e9fileront de la Pra\u00e7a de Cam\u00f5es, apportant couleur, joie et musique dans les rues de la ville, jusqu&rsquo;\u00e0 Alameda Galinheira, Madalena, o\u00f9 ils feront une pr\u00e9sentation publique de la marche en comp\u00e9tition, qui sera ensuite soumise \u00e0 l&rsquo;\u00e9valuation d&rsquo;un jury.<\/div>\n<div>L&rsquo;enceinte de l&rsquo;\u00e9v\u00e9nement sera agr\u00e9ment\u00e9e de divertissements et de gastronomie, ainsi que d&rsquo;une foire de produits locaux, et la soir\u00e9e se terminera par un bal au son de la musique populaire.<\/div>\n<div><\/div>\n<div>Organis\u00e9 par : Associa\u00e7\u00e3o Cultural Flaviense<\/div>\n<div>Soutien : Municipalit\u00e9 de Chaves<\/div>\n","protected":false},"excerpt":{"rendered":"<p>Avec la 4e \u00e9dition des Marches Populaires de Chaves 2025, l&rsquo;Association Culturelle Flaviense vise \u00e0 stimuler et \u00e0 promouvoir les racines populaires, \u00e0 rencontrer les go\u00fbts et les traditions populaires, \u00e0 renforcer le sens de la f\u00eate en tant qu&rsquo;espace [&hellip;]<\/p>\n","protected":false},"author":5,"featured_media":39134,"comment_status":"closed","ping_status":"closed","template":"","tags":[],"mec_category":[715],"_links":{"self":[{"href":"https:\/\/visitaltotamegaebarroso.pt\/fr\/wp-json\/wp\/v2\/mec-events\/39138"}],"collection":[{"href":"https:\/\/visitaltotamegaebarroso.pt\/fr\/wp-json\/wp\/v2\/mec-events"}],"about":[{"href":"https:\/\/visitaltotamegaebarroso.pt\/fr\/wp-json\/wp\/v2\/types\/mec-events"}],"author":[{"embeddable":true,"href":"https:\/\/visitaltotamegaebarroso.pt\/fr\/wp-json\/wp\/v2\/users\/5"}],"replies":[{"embeddable":true,"href":"https:\/\/visitaltotamegaebarroso.pt\/fr\/wp-json\/wp\/v2\/comments?post=39138"}],"wp:featuredmedia":[{"embeddable":true,"href":"https:\/\/visitaltotamegaebarroso.pt\/fr\/wp-json\/wp\/v2\/media\/39134"}],"wp:attachment":[{"href":"https:\/\/visitaltotamegaebarroso.pt\/fr\/wp-json\/wp\/v2\/media?parent=39138"}],"wp:term":[{"taxonomy":"post_tag","embeddable":true,"href":"https:\/\/visitaltotamegaebarroso.pt\/fr\/wp-json\/wp\/v2\/tags?post=39138"},{"taxonomy":"mec_category","embeddable":true,"href":"https:\/\/visitaltotamegaebarroso.pt\/fr\/wp-json\/wp\/v2\/mec_category?post=39138"}],"curies":[{"name":"wp","href":"https:\/\/api.w.org\/{rel}","templated":true}]}}

<div>Avec la 4e édition des Marches Populaires de Chaves 2025, l&rsquo;Association Culturelle Flaviense vise à stimuler et à promouvoir les racines populaires, à rencontrer les goûts et les traditions populaires, à renforcer le sens de la fête en tant qu&rsquo;espace pour la construction collective d&rsquo;une entité commune, à stimuler la préservation des traditions afin de garantir leur perpétuation.</div>
<div>Les groupes défileront de la Praça de Camões, apportant couleur, joie et musique dans les rues de la ville, jusqu&rsquo;à Alameda Galinheira, Madalena, où ils feront une présentation publique de la marche en compétition, qui sera ensuite soumise à l&rsquo;évaluation d&rsquo;un jury.</div>
<div>L&rsquo;enceinte de l&rsquo;événement sera agrémentée de divertissements et de gastronomie, ainsi que d&rsquo;une foire de produits locaux, et la soirée se terminera par un bal au son de la musique populaire.</div>
<div></div>
<div>Organisé par : Associação Cultural Flaviense</div>
<div>Soutien : Municipalité de Chaves</div>

<p>Avec la 4e édition des Marches Populaires de Chaves 2025, l&rsquo;Association Culturelle Flaviense vise à stimuler et à promouvoir les racines populaires, à rencontrer les goûts et les traditions populaires, à renforcer le sens de la fête en tant qu&rsquo;espace [&hellip;]</p>
