{"id":38301,"date":"2025-05-08T12:25:33","date_gmt":"2025-05-08T11:25:33","guid":{"rendered":"https:\/\/visitaltotamegaebarroso.pt\/?post_type=mec-events&#038;p=38301"},"modified":"2025-05-08T12:27:13","modified_gmt":"2025-05-08T11:27:13","slug":"vila-pouca-de-aguiar-journee-de-la-municipalite","status":"publish","type":"mec-events","link":"https:\/\/visitaltotamegaebarroso.pt\/fr\/events\/vila-pouca-de-aguiar-journee-de-la-municipalite\/","title":{"rendered":"VILA POUCA DE AGUIAR | Journ\u00e9e de la municipalit\u00e9"},"content":{"rendered":"<p>Comm\u00e9morations de la journ\u00e9e de la municipalit\u00e9 de Vila Pouca de Aguiar<\/p>\n","protected":false},"excerpt":{"rendered":"<p>Comm\u00e9morations de la journ\u00e9e de la municipalit\u00e9 de Vila Pouca de Aguiar<\/p>\n","protected":false},"author":5,"featured_media":38297,"comment_status":"closed","ping_status":"closed","template":"","tags":[],"mec_category":[715],"_links":{"self":[{"href":"https:\/\/visitaltotamegaebarroso.pt\/fr\/wp-json\/wp\/v2\/mec-events\/38301"}],"collection":[{"href":"https:\/\/visitaltotamegaebarroso.pt\/fr\/wp-json\/wp\/v2\/mec-events"}],"about":[{"href":"https:\/\/visitaltotamegaebarroso.pt\/fr\/wp-json\/wp\/v2\/types\/mec-events"}],"author":[{"embeddable":true,"href":"https:\/\/visitaltotamegaebarroso.pt\/fr\/wp-json\/wp\/v2\/users\/5"}],"replies":[{"embeddable":true,"href":"https:\/\/visitaltotamegaebarroso.pt\/fr\/wp-json\/wp\/v2\/comments?post=38301"}],"wp:featuredmedia":[{"embeddable":true,"href":"https:\/\/visitaltotamegaebarroso.pt\/fr\/wp-json\/wp\/v2\/media\/38297"}],"wp:attachment":[{"href":"https:\/\/visitaltotamegaebarroso.pt\/fr\/wp-json\/wp\/v2\/media?parent=38301"}],"wp:term":[{"taxonomy":"post_tag","embeddable":true,"href":"https:\/\/visitaltotamegaebarroso.pt\/fr\/wp-json\/wp\/v2\/tags?post=38301"},{"taxonomy":"mec_category","embeddable":true,"href":"https:\/\/visitaltotamegaebarroso.pt\/fr\/wp-json\/wp\/v2\/mec_category?post=38301"}],"curies":[{"name":"wp","href":"https:\/\/api.w.org\/{rel}","templated":true}]}}

VILA POUCA DE AGUIAR | Journée de la municipalité

<p>Commémorations de la journée de la municipalité de Vila Pouca de Aguiar</p>
