{"id":38291,"date":"2025-05-08T11:38:58","date_gmt":"2025-05-08T10:38:58","guid":{"rendered":"https:\/\/visitaltotamegaebarroso.pt\/?post_type=mec-events&#038;p=38291"},"modified":"2025-05-08T11:41:37","modified_gmt":"2025-05-08T10:41:37","slug":"vila-pouca-de-aguiar-donner-un-avenir-au-passe-patrimoine-portugais","status":"publish","type":"mec-events","link":"https:\/\/visitaltotamegaebarroso.pt\/fr\/events\/vila-pouca-de-aguiar-donner-un-avenir-au-passe-patrimoine-portugais\/","title":{"rendered":"VILA POUCA DE AGUIAR | Donner un avenir au pass\u00e9 &#8211; Patrimoine portugais"},"content":{"rendered":"<p>Exposition du 9 mai au 30 juin 2025 au Mus\u00e9e municipal Padre Jos\u00e9 Rafael Rodrigues \u00e0 Vila Pouca de Aguiar.<\/p>\n","protected":false},"excerpt":{"rendered":"<p>Exposition du 9 mai au 30 juin 2025 au Mus\u00e9e municipal Padre Jos\u00e9 Rafael Rodrigues \u00e0 Vila Pouca de Aguiar.<\/p>\n","protected":false},"author":5,"featured_media":38287,"comment_status":"closed","ping_status":"closed","template":"","tags":[],"mec_category":[1666],"_links":{"self":[{"href":"https:\/\/visitaltotamegaebarroso.pt\/fr\/wp-json\/wp\/v2\/mec-events\/38291"}],"collection":[{"href":"https:\/\/visitaltotamegaebarroso.pt\/fr\/wp-json\/wp\/v2\/mec-events"}],"about":[{"href":"https:\/\/visitaltotamegaebarroso.pt\/fr\/wp-json\/wp\/v2\/types\/mec-events"}],"author":[{"embeddable":true,"href":"https:\/\/visitaltotamegaebarroso.pt\/fr\/wp-json\/wp\/v2\/users\/5"}],"replies":[{"embeddable":true,"href":"https:\/\/visitaltotamegaebarroso.pt\/fr\/wp-json\/wp\/v2\/comments?post=38291"}],"wp:featuredmedia":[{"embeddable":true,"href":"https:\/\/visitaltotamegaebarroso.pt\/fr\/wp-json\/wp\/v2\/media\/38287"}],"wp:attachment":[{"href":"https:\/\/visitaltotamegaebarroso.pt\/fr\/wp-json\/wp\/v2\/media?parent=38291"}],"wp:term":[{"taxonomy":"post_tag","embeddable":true,"href":"https:\/\/visitaltotamegaebarroso.pt\/fr\/wp-json\/wp\/v2\/tags?post=38291"},{"taxonomy":"mec_category","embeddable":true,"href":"https:\/\/visitaltotamegaebarroso.pt\/fr\/wp-json\/wp\/v2\/mec_category?post=38291"}],"curies":[{"name":"wp","href":"https:\/\/api.w.org\/{rel}","templated":true}]}}

VILA POUCA DE AGUIAR | Donner un avenir au passé &#8211; Patrimoine portugais

<p>Exposition du 9 mai au 30 juin 2025 au Musée municipal Padre José Rafael Rodrigues à Vila Pouca de Aguiar.</p>
