{"id":38241,"date":"2025-05-07T12:00:05","date_gmt":"2025-05-07T11:00:05","guid":{"rendered":"https:\/\/visitaltotamegaebarroso.pt\/events\/chaves-entre-curtas-festival-international-du-film\/"},"modified":"2025-05-07T12:00:05","modified_gmt":"2025-05-07T11:00:05","slug":"chaves-entre-curtas-festival-international-du-film","status":"publish","type":"mec-events","link":"https:\/\/visitaltotamegaebarroso.pt\/fr\/events\/chaves-entre-curtas-festival-international-du-film\/","title":{"rendered":"Chaves | Entre Curtas &#8211; Festival international du film"},"content":{"rendered":"<p>Le Teatro Experimental Flaviense pr\u00e9sente la deuxi\u00e8me \u00e9dition d&rsquo;Entre Curtas &#8211; Festival international du film, pleine de surprises et de nombreux invit\u00e9s li\u00e9s au cin\u00e9ma national et international.<br \/>\nChaves devient la capitale du cin\u00e9ma du 12 au 17 mai 2025 avec diverses conf\u00e9rences, des projections de courts m\u00e9trages nationaux et internationaux, des spectacles et bien plus encore au Cineteatro Bento Martins. Un \u00e9v\u00e9nement qui marque le tournant d&rsquo;une page du cin\u00e9ma de l&rsquo;int\u00e9rieur du nord du Portugal.<\/p>\n<p>Informations actualis\u00e9es \u00e0 l&rsquo;adresse suivante : https:\/\/www.teatroexperimentalflaviense.pt\/<\/p>\n<p>Org : Th\u00e9\u00e2tre exp\u00e9rimental Flaviense<\/p>\n","protected":false},"excerpt":{"rendered":"<p>Le Teatro Experimental Flaviense pr\u00e9sente la deuxi\u00e8me \u00e9dition d&rsquo;Entre Curtas &#8211; Festival international du film, pleine de surprises et de nombreux invit\u00e9s li\u00e9s au cin\u00e9ma national et international. Chaves devient la capitale du cin\u00e9ma du 12 au 17 mai 2025 [&hellip;]<\/p>\n","protected":false},"author":5,"featured_media":38237,"comment_status":"closed","ping_status":"closed","template":"","tags":[],"mec_category":[1314,715],"_links":{"self":[{"href":"https:\/\/visitaltotamegaebarroso.pt\/fr\/wp-json\/wp\/v2\/mec-events\/38241"}],"collection":[{"href":"https:\/\/visitaltotamegaebarroso.pt\/fr\/wp-json\/wp\/v2\/mec-events"}],"about":[{"href":"https:\/\/visitaltotamegaebarroso.pt\/fr\/wp-json\/wp\/v2\/types\/mec-events"}],"author":[{"embeddable":true,"href":"https:\/\/visitaltotamegaebarroso.pt\/fr\/wp-json\/wp\/v2\/users\/5"}],"replies":[{"embeddable":true,"href":"https:\/\/visitaltotamegaebarroso.pt\/fr\/wp-json\/wp\/v2\/comments?post=38241"}],"wp:featuredmedia":[{"embeddable":true,"href":"https:\/\/visitaltotamegaebarroso.pt\/fr\/wp-json\/wp\/v2\/media\/38237"}],"wp:attachment":[{"href":"https:\/\/visitaltotamegaebarroso.pt\/fr\/wp-json\/wp\/v2\/media?parent=38241"}],"wp:term":[{"taxonomy":"post_tag","embeddable":true,"href":"https:\/\/visitaltotamegaebarroso.pt\/fr\/wp-json\/wp\/v2\/tags?post=38241"},{"taxonomy":"mec_category","embeddable":true,"href":"https:\/\/visitaltotamegaebarroso.pt\/fr\/wp-json\/wp\/v2\/mec_category?post=38241"}],"curies":[{"name":"wp","href":"https:\/\/api.w.org\/{rel}","templated":true}]}}

<p>Le Teatro Experimental Flaviense présente la deuxième édition d&rsquo;Entre Curtas &#8211; Festival international du film, pleine de surprises et de nombreux invités liés au cinéma national et international.<br />
Chaves devient la capitale du cinéma du 12 au 17 mai 2025 avec diverses conférences, des projections de courts métrages nationaux et internationaux, des spectacles et bien plus encore au Cineteatro Bento Martins. Un événement qui marque le tournant d&rsquo;une page du cinéma de l&rsquo;intérieur du nord du Portugal.</p>
<p>Informations actualisées à l&rsquo;adresse suivante : https://www.teatroexperimentalflaviense.pt/</p>
<p>Org : Théâtre expérimental Flaviense</p>

<p>Le Teatro Experimental Flaviense présente la deuxième édition d&rsquo;Entre Curtas &#8211; Festival international du film, pleine de surprises et de nombreux invités liés au cinéma national et international. Chaves devient la capitale du cinéma du 12 au 17 mai 2025 [&hellip;]</p>
