{"id":38216,"date":"2025-05-07T10:13:20","date_gmt":"2025-05-07T09:13:20","guid":{"rendered":"https:\/\/visitaltotamegaebarroso.pt\/events\/chaves-nos-artistes-lucia-persegani\/"},"modified":"2025-05-07T10:13:20","modified_gmt":"2025-05-07T09:13:20","slug":"chaves-nos-artistes-lucia-persegani","status":"publish","type":"mec-events","link":"https:\/\/visitaltotamegaebarroso.pt\/fr\/events\/chaves-nos-artistes-lucia-persegani\/","title":{"rendered":"Chaves | Nos artistes &#8211; Lucia Persegani"},"content":{"rendered":"<p>Lucia Persegani est n\u00e9e \u00e0 Rio de Janeiro et vit depuis 1990 \u00e0 Chaves, o\u00f9 elle a r\u00e9alis\u00e9 plusieurs projets architecturaux. Passionn\u00e9e d&rsquo;art, elle a commenc\u00e9 \u00e0 travailler l&rsquo;aquarelle pour sa satisfaction personnelle.<br \/>\nEncourag\u00e9e \u00e0 exposer ses \u0153uvres, elle a particip\u00e9 \u00e0 l&rsquo;exposition \u00ab 3 artistes, 3 regards \u00bb en 2014, \u00e0 l&rsquo;exposition \u00ab Flaviense Artists Art Exhibition \u00bb en 2021, \u00e0 l&rsquo;exposition Via XVII FLIC Art Exhibition en 2022, \u00e0 VIARTE en 2023, \u00e0 l&rsquo;exposition collective de l&rsquo;\u00e9comus\u00e9e de Boticas en 2023, \u00e0 l&rsquo;exposition FLIC VIII Art Exhibition en 2024 et au Centre de culture et congr\u00e8s de l&rsquo;Ordre des m\u00e9decins portugais en 2024.<\/p>\n<p>L&rsquo;exposition, dont l&rsquo;entr\u00e9e est gratuite, peut \u00eatre visit\u00e9e du lundi au vendredi, de 9 h 30 \u00e0 13 h et de 14 h \u00e0 18 h, et le samedi de 9 h 30 \u00e0 13 h.<\/p>\n<p>Organis\u00e9 par : Municipalit\u00e9 de Chaves<\/p>\n","protected":false},"excerpt":{"rendered":"<p>Lucia Persegani est n\u00e9e \u00e0 Rio de Janeiro et vit depuis 1990 \u00e0 Chaves, o\u00f9 elle a r\u00e9alis\u00e9 plusieurs projets architecturaux. Passionn\u00e9e d&rsquo;art, elle a commenc\u00e9 \u00e0 travailler l&rsquo;aquarelle pour sa satisfaction personnelle. Encourag\u00e9e \u00e0 exposer ses \u0153uvres, elle a [&hellip;]<\/p>\n","protected":false},"author":5,"featured_media":38212,"comment_status":"closed","ping_status":"closed","template":"","tags":[],"mec_category":[715],"_links":{"self":[{"href":"https:\/\/visitaltotamegaebarroso.pt\/fr\/wp-json\/wp\/v2\/mec-events\/38216"}],"collection":[{"href":"https:\/\/visitaltotamegaebarroso.pt\/fr\/wp-json\/wp\/v2\/mec-events"}],"about":[{"href":"https:\/\/visitaltotamegaebarroso.pt\/fr\/wp-json\/wp\/v2\/types\/mec-events"}],"author":[{"embeddable":true,"href":"https:\/\/visitaltotamegaebarroso.pt\/fr\/wp-json\/wp\/v2\/users\/5"}],"replies":[{"embeddable":true,"href":"https:\/\/visitaltotamegaebarroso.pt\/fr\/wp-json\/wp\/v2\/comments?post=38216"}],"wp:featuredmedia":[{"embeddable":true,"href":"https:\/\/visitaltotamegaebarroso.pt\/fr\/wp-json\/wp\/v2\/media\/38212"}],"wp:attachment":[{"href":"https:\/\/visitaltotamegaebarroso.pt\/fr\/wp-json\/wp\/v2\/media?parent=38216"}],"wp:term":[{"taxonomy":"post_tag","embeddable":true,"href":"https:\/\/visitaltotamegaebarroso.pt\/fr\/wp-json\/wp\/v2\/tags?post=38216"},{"taxonomy":"mec_category","embeddable":true,"href":"https:\/\/visitaltotamegaebarroso.pt\/fr\/wp-json\/wp\/v2\/mec_category?post=38216"}],"curies":[{"name":"wp","href":"https:\/\/api.w.org\/{rel}","templated":true}]}}

<p>Lucia Persegani est née à Rio de Janeiro et vit depuis 1990 à Chaves, où elle a réalisé plusieurs projets architecturaux. Passionnée d&rsquo;art, elle a commencé à travailler l&rsquo;aquarelle pour sa satisfaction personnelle.<br />
Encouragée à exposer ses œuvres, elle a participé à l&rsquo;exposition « 3 artistes, 3 regards » en 2014, à l&rsquo;exposition « Flaviense Artists Art Exhibition » en 2021, à l&rsquo;exposition Via XVII FLIC Art Exhibition en 2022, à VIARTE en 2023, à l&rsquo;exposition collective de l&rsquo;écomusée de Boticas en 2023, à l&rsquo;exposition FLIC VIII Art Exhibition en 2024 et au Centre de culture et congrès de l&rsquo;Ordre des médecins portugais en 2024.</p>
<p>L&rsquo;exposition, dont l&rsquo;entrée est gratuite, peut être visitée du lundi au vendredi, de 9 h 30 à 13 h et de 14 h à 18 h, et le samedi de 9 h 30 à 13 h.</p>
<p>Organisé par : Municipalité de Chaves</p>

<p>Lucia Persegani est née à Rio de Janeiro et vit depuis 1990 à Chaves, où elle a réalisé plusieurs projets architecturaux. Passionnée d&rsquo;art, elle a commencé à travailler l&rsquo;aquarelle pour sa satisfaction personnelle. Encouragée à exposer ses œuvres, elle a [&hellip;]</p>
