{"id":38201,"date":"2025-05-06T16:39:19","date_gmt":"2025-05-06T15:39:19","guid":{"rendered":"https:\/\/visitaltotamegaebarroso.pt\/events\/chaves-festival-entre-curtas\/"},"modified":"2025-05-06T16:39:19","modified_gmt":"2025-05-06T15:39:19","slug":"chaves-festival-entre-curtas","status":"publish","type":"mec-events","link":"https:\/\/visitaltotamegaebarroso.pt\/fr\/events\/chaves-festival-entre-curtas\/","title":{"rendered":"Chaves | Festival Entre Curtas"},"content":{"rendered":"<p>Le Th\u00e9\u00e2tre exp\u00e9rimental Flavien et le Festival Entre Curtas ont une suggestion \u00e0 vous faire !<br \/>\nProfitez de notre programme cin\u00e9matographique sp\u00e9cial qui vous est destin\u00e9 !<\/p>\n<p>Vendredi, \u00e0 21h30, nous projetterons le film Tr\u00e1s-os-Montes, un documentaire ethnographique sur notre r\u00e9gion.<br \/>\nLe dimanche, \u00e0 18 heures et \u00e0 21 h 30, nous projetterons le film d&rsquo;animation Flow, laur\u00e9at des Oscars du meilleur film d&rsquo;animation et du meilleur film international.<\/p>\n<p>A ne pas manquer ! Nous comptons sur vous !<br \/>\nBillet 5\u20ac<br \/>\nR\u00e9servations au 276 333 919 (Appel national fixe)<\/p>\n","protected":false},"excerpt":{"rendered":"<p>Le Th\u00e9\u00e2tre exp\u00e9rimental Flavien et le Festival Entre Curtas ont une suggestion \u00e0 vous faire ! Profitez de notre programme cin\u00e9matographique sp\u00e9cial qui vous est destin\u00e9 ! Vendredi, \u00e0 21h30, nous projetterons le film Tr\u00e1s-os-Montes, un documentaire ethnographique sur notre [&hellip;]<\/p>\n","protected":false},"author":5,"featured_media":38197,"comment_status":"closed","ping_status":"closed","template":"","tags":[],"mec_category":[1314],"_links":{"self":[{"href":"https:\/\/visitaltotamegaebarroso.pt\/fr\/wp-json\/wp\/v2\/mec-events\/38201"}],"collection":[{"href":"https:\/\/visitaltotamegaebarroso.pt\/fr\/wp-json\/wp\/v2\/mec-events"}],"about":[{"href":"https:\/\/visitaltotamegaebarroso.pt\/fr\/wp-json\/wp\/v2\/types\/mec-events"}],"author":[{"embeddable":true,"href":"https:\/\/visitaltotamegaebarroso.pt\/fr\/wp-json\/wp\/v2\/users\/5"}],"replies":[{"embeddable":true,"href":"https:\/\/visitaltotamegaebarroso.pt\/fr\/wp-json\/wp\/v2\/comments?post=38201"}],"wp:featuredmedia":[{"embeddable":true,"href":"https:\/\/visitaltotamegaebarroso.pt\/fr\/wp-json\/wp\/v2\/media\/38197"}],"wp:attachment":[{"href":"https:\/\/visitaltotamegaebarroso.pt\/fr\/wp-json\/wp\/v2\/media?parent=38201"}],"wp:term":[{"taxonomy":"post_tag","embeddable":true,"href":"https:\/\/visitaltotamegaebarroso.pt\/fr\/wp-json\/wp\/v2\/tags?post=38201"},{"taxonomy":"mec_category","embeddable":true,"href":"https:\/\/visitaltotamegaebarroso.pt\/fr\/wp-json\/wp\/v2\/mec_category?post=38201"}],"curies":[{"name":"wp","href":"https:\/\/api.w.org\/{rel}","templated":true}]}}

<p>Le Théâtre expérimental Flavien et le Festival Entre Curtas ont une suggestion à vous faire !<br />
Profitez de notre programme cinématographique spécial qui vous est destiné !</p>
<p>Vendredi, à 21h30, nous projetterons le film Trás-os-Montes, un documentaire ethnographique sur notre région.<br />
Le dimanche, à 18 heures et à 21 h 30, nous projetterons le film d&rsquo;animation Flow, lauréat des Oscars du meilleur film d&rsquo;animation et du meilleur film international.</p>
<p>A ne pas manquer ! Nous comptons sur vous !<br />
Billet 5€<br />
Réservations au 276 333 919 (Appel national fixe)</p>

<p>Le Théâtre expérimental Flavien et le Festival Entre Curtas ont une suggestion à vous faire ! Profitez de notre programme cinématographique spécial qui vous est destiné ! Vendredi, à 21h30, nous projetterons le film Trás-os-Montes, un documentaire ethnographique sur notre [&hellip;]</p>
