{"id":38191,"date":"2025-05-06T12:13:34","date_gmt":"2025-05-06T11:13:34","guid":{"rendered":"https:\/\/visitaltotamegaebarroso.pt\/events\/montalegre-iii-patrimonio-enogastronomico-confreries\/"},"modified":"2025-05-06T12:13:34","modified_gmt":"2025-05-06T11:13:34","slug":"montalegre-iii-patrimonio-enogastronomico-confreries","status":"publish","type":"mec-events","link":"https:\/\/visitaltotamegaebarroso.pt\/fr\/events\/montalegre-iii-patrimonio-enogastronomico-confreries\/","title":{"rendered":"Montalegre | III Patrim\u00f3nio Enogastron\u00f3mico &#8211; Confr\u00e9ries"},"content":{"rendered":"<p>La troisi\u00e8me \u00e9dition du Patrim\u00f3nio Enogastron\u00f3mico, dont le th\u00e8me est \u00ab Gastronomie et \u00e9motions \u00bb, promet d&rsquo;offrir une exp\u00e9rience multisensorielle unique le week-end prochain au pavillon polyvalent de Montalegre.<br \/>\nLes prestigieuses confr\u00e9ries gastronomiques et \u0153nophiles du pays y participeront, y compris la Confr\u00e9rie nationale du lait, qui y tiendra son 13e chapitre d&rsquo;intronisation. Ces organisations apporteront non seulement leurs connaissances ancestrales, mais aussi des d\u00e9monstrations pratiques et des d\u00e9gustations qui c\u00e9l\u00e8brent la richesse des traditions portugaises. Chaque confr\u00e9rie pr\u00e9sentera ses rituels et ses produits embl\u00e9matiques, cr\u00e9ant ainsi un dialogue unique entre le pass\u00e9 et le pr\u00e9sent de la gastronomie portugaise.<\/p>\n","protected":false},"excerpt":{"rendered":"<p>La troisi\u00e8me \u00e9dition du Patrim\u00f3nio Enogastron\u00f3mico, dont le th\u00e8me est \u00ab Gastronomie et \u00e9motions \u00bb, promet d&rsquo;offrir une exp\u00e9rience multisensorielle unique le week-end prochain au pavillon polyvalent de Montalegre. Les prestigieuses confr\u00e9ries gastronomiques et \u0153nophiles du pays y participeront, y [&hellip;]<\/p>\n","protected":false},"author":5,"featured_media":38187,"comment_status":"closed","ping_status":"closed","template":"","tags":[],"mec_category":[715],"_links":{"self":[{"href":"https:\/\/visitaltotamegaebarroso.pt\/fr\/wp-json\/wp\/v2\/mec-events\/38191"}],"collection":[{"href":"https:\/\/visitaltotamegaebarroso.pt\/fr\/wp-json\/wp\/v2\/mec-events"}],"about":[{"href":"https:\/\/visitaltotamegaebarroso.pt\/fr\/wp-json\/wp\/v2\/types\/mec-events"}],"author":[{"embeddable":true,"href":"https:\/\/visitaltotamegaebarroso.pt\/fr\/wp-json\/wp\/v2\/users\/5"}],"replies":[{"embeddable":true,"href":"https:\/\/visitaltotamegaebarroso.pt\/fr\/wp-json\/wp\/v2\/comments?post=38191"}],"wp:featuredmedia":[{"embeddable":true,"href":"https:\/\/visitaltotamegaebarroso.pt\/fr\/wp-json\/wp\/v2\/media\/38187"}],"wp:attachment":[{"href":"https:\/\/visitaltotamegaebarroso.pt\/fr\/wp-json\/wp\/v2\/media?parent=38191"}],"wp:term":[{"taxonomy":"post_tag","embeddable":true,"href":"https:\/\/visitaltotamegaebarroso.pt\/fr\/wp-json\/wp\/v2\/tags?post=38191"},{"taxonomy":"mec_category","embeddable":true,"href":"https:\/\/visitaltotamegaebarroso.pt\/fr\/wp-json\/wp\/v2\/mec_category?post=38191"}],"curies":[{"name":"wp","href":"https:\/\/api.w.org\/{rel}","templated":true}]}}

Montalegre | III Património Enogastronómico &#8211; Confréries

<p>La troisième édition du Património Enogastronómico, dont le thème est « Gastronomie et émotions », promet d&rsquo;offrir une expérience multisensorielle unique le week-end prochain au pavillon polyvalent de Montalegre.<br />
Les prestigieuses confréries gastronomiques et œnophiles du pays y participeront, y compris la Confrérie nationale du lait, qui y tiendra son 13e chapitre d&rsquo;intronisation. Ces organisations apporteront non seulement leurs connaissances ancestrales, mais aussi des démonstrations pratiques et des dégustations qui célèbrent la richesse des traditions portugaises. Chaque confrérie présentera ses rituels et ses produits emblématiques, créant ainsi un dialogue unique entre le passé et le présent de la gastronomie portugaise.</p>

<p>La troisième édition du Património Enogastronómico, dont le thème est « Gastronomie et émotions », promet d&rsquo;offrir une expérience multisensorielle unique le week-end prochain au pavillon polyvalent de Montalegre. Les prestigieuses confréries gastronomiques et œnophiles du pays y participeront, y [&hellip;]</p>
