{"id":38160,"date":"2025-05-05T16:25:42","date_gmt":"2025-05-05T15:25:42","guid":{"rendered":"https:\/\/visitaltotamegaebarroso.pt\/?post_type=mec-events&#038;p=38160"},"modified":"2025-05-05T16:28:43","modified_gmt":"2025-05-05T15:28:43","slug":"montalegre-xive-journees-des-lettres-galiciennes-portugaises","status":"publish","type":"mec-events","link":"https:\/\/visitaltotamegaebarroso.pt\/fr\/events\/montalegre-xive-journees-des-lettres-galiciennes-portugaises\/","title":{"rendered":"Montalegre | XIVe Journ\u00e9es des lettres galiciennes-portugaises"},"content":{"rendered":"<p>La culture est \u00e0 nouveau \u00e0 l&rsquo;honneur lors de la quatorzi\u00e8me \u00e9dition des Jornadas das Letras Galego-Portuguesas, qui se d\u00e9roulent dans le village typique de Pit\u00f5es das J\u00fanias.<\/p>\n","protected":false},"excerpt":{"rendered":"<p>La culture est \u00e0 nouveau \u00e0 l&rsquo;honneur lors de la quatorzi\u00e8me \u00e9dition des Jornadas das Letras Galego-Portuguesas, qui se d\u00e9roulent dans le village typique de Pit\u00f5es das J\u00fanias.<\/p>\n","protected":false},"author":5,"featured_media":38156,"comment_status":"closed","ping_status":"closed","template":"","tags":[],"mec_category":[715],"_links":{"self":[{"href":"https:\/\/visitaltotamegaebarroso.pt\/fr\/wp-json\/wp\/v2\/mec-events\/38160"}],"collection":[{"href":"https:\/\/visitaltotamegaebarroso.pt\/fr\/wp-json\/wp\/v2\/mec-events"}],"about":[{"href":"https:\/\/visitaltotamegaebarroso.pt\/fr\/wp-json\/wp\/v2\/types\/mec-events"}],"author":[{"embeddable":true,"href":"https:\/\/visitaltotamegaebarroso.pt\/fr\/wp-json\/wp\/v2\/users\/5"}],"replies":[{"embeddable":true,"href":"https:\/\/visitaltotamegaebarroso.pt\/fr\/wp-json\/wp\/v2\/comments?post=38160"}],"wp:featuredmedia":[{"embeddable":true,"href":"https:\/\/visitaltotamegaebarroso.pt\/fr\/wp-json\/wp\/v2\/media\/38156"}],"wp:attachment":[{"href":"https:\/\/visitaltotamegaebarroso.pt\/fr\/wp-json\/wp\/v2\/media?parent=38160"}],"wp:term":[{"taxonomy":"post_tag","embeddable":true,"href":"https:\/\/visitaltotamegaebarroso.pt\/fr\/wp-json\/wp\/v2\/tags?post=38160"},{"taxonomy":"mec_category","embeddable":true,"href":"https:\/\/visitaltotamegaebarroso.pt\/fr\/wp-json\/wp\/v2\/mec_category?post=38160"}],"curies":[{"name":"wp","href":"https:\/\/api.w.org\/{rel}","templated":true}]}}

Montalegre | XIVe Journées des lettres galiciennes-portugaises

<p>La culture est à nouveau à l&rsquo;honneur lors de la quatorzième édition des Jornadas das Letras Galego-Portuguesas, qui se déroulent dans le village typique de Pitões das Júnias.</p>
