{"id":38110,"date":"2025-04-24T12:18:20","date_gmt":"2025-04-24T11:18:20","guid":{"rendered":"https:\/\/visitaltotamegaebarroso.pt\/?post_type=mec-events&#038;p=38110"},"modified":"2025-04-24T12:21:43","modified_gmt":"2025-04-24T11:21:43","slug":"chaves-presentation-officielle-du-festival-international-du-film-office-de-tourisme-de-lalto-tamega-e-barroso","status":"publish","type":"mec-events","link":"https:\/\/visitaltotamegaebarroso.pt\/fr\/events\/chaves-presentation-officielle-du-festival-international-du-film-office-de-tourisme-de-lalto-tamega-e-barroso\/","title":{"rendered":"CHAVES | Pr\u00e9sentation officielle du Festival International du Film &#8211; Office de Tourisme de l&rsquo;Alto T\u00e2mega e Barroso"},"content":{"rendered":"<p>Une fois de plus, nous serons \u00e0 l&rsquo;Office de Tourisme de l&rsquo;Alto T\u00e2mega e Barroso le 30 avril \u00e0 18 heures pour pr\u00e9senter tous les d\u00e9tails d&rsquo;une nouvelle \u00e9dition du Festival Entre Curtas. Cette ann\u00e9e, avec encore plus de nouveaut\u00e9s et d&rsquo;opportunit\u00e9s exclusives.<\/p>\n<p>Comme d&rsquo;habitude, la f\u00eate continue au Cavalo Cansado pour un autre \ud835\uddee\ud835\uddf3\ud835\ude01\ud835\uddf2\ud835\uddff \ud835\uddfd\ud835\uddee\ud835\uddff\ud835\ude01\ud835\ude06, toujours plein de bonnes conversations, de snacks et d&rsquo;un bon verre de vin ENCOSTAS DE SONIM.<\/p>\n","protected":false},"excerpt":{"rendered":"<p>Une fois de plus, nous serons \u00e0 l&rsquo;Office de Tourisme de l&rsquo;Alto T\u00e2mega e Barroso le 30 avril \u00e0 18 heures pour pr\u00e9senter tous les d\u00e9tails d&rsquo;une nouvelle \u00e9dition du Festival Entre Curtas. Cette ann\u00e9e, avec encore plus de nouveaut\u00e9s [&hellip;]<\/p>\n","protected":false},"author":5,"featured_media":38106,"comment_status":"closed","ping_status":"closed","template":"","tags":[],"mec_category":[715],"_links":{"self":[{"href":"https:\/\/visitaltotamegaebarroso.pt\/fr\/wp-json\/wp\/v2\/mec-events\/38110"}],"collection":[{"href":"https:\/\/visitaltotamegaebarroso.pt\/fr\/wp-json\/wp\/v2\/mec-events"}],"about":[{"href":"https:\/\/visitaltotamegaebarroso.pt\/fr\/wp-json\/wp\/v2\/types\/mec-events"}],"author":[{"embeddable":true,"href":"https:\/\/visitaltotamegaebarroso.pt\/fr\/wp-json\/wp\/v2\/users\/5"}],"replies":[{"embeddable":true,"href":"https:\/\/visitaltotamegaebarroso.pt\/fr\/wp-json\/wp\/v2\/comments?post=38110"}],"wp:featuredmedia":[{"embeddable":true,"href":"https:\/\/visitaltotamegaebarroso.pt\/fr\/wp-json\/wp\/v2\/media\/38106"}],"wp:attachment":[{"href":"https:\/\/visitaltotamegaebarroso.pt\/fr\/wp-json\/wp\/v2\/media?parent=38110"}],"wp:term":[{"taxonomy":"post_tag","embeddable":true,"href":"https:\/\/visitaltotamegaebarroso.pt\/fr\/wp-json\/wp\/v2\/tags?post=38110"},{"taxonomy":"mec_category","embeddable":true,"href":"https:\/\/visitaltotamegaebarroso.pt\/fr\/wp-json\/wp\/v2\/mec_category?post=38110"}],"curies":[{"name":"wp","href":"https:\/\/api.w.org\/{rel}","templated":true}]}}

CHAVES | Présentation officielle du Festival International du Film &#8211; Office de Tourisme de l&rsquo;Alto Tâmega e Barroso

<p>Une fois de plus, nous serons à l&rsquo;Office de Tourisme de l&rsquo;Alto Tâmega e Barroso le 30 avril à 18 heures pour présenter tous les détails d&rsquo;une nouvelle édition du Festival Entre Curtas. Cette année, avec encore plus de nouveautés et d&rsquo;opportunités exclusives.</p>
<p>Comme d&rsquo;habitude, la fête continue au Cavalo Cansado pour un autre 𝗮𝗳𝘁𝗲𝗿 𝗽𝗮𝗿𝘁𝘆, toujours plein de bonnes conversations, de snacks et d&rsquo;un bon verre de vin ENCOSTAS DE SONIM.</p>

<p>Une fois de plus, nous serons à l&rsquo;Office de Tourisme de l&rsquo;Alto Tâmega e Barroso le 30 avril à 18 heures pour présenter tous les détails d&rsquo;une nouvelle édition du Festival Entre Curtas. Cette année, avec encore plus de nouveautés [&hellip;]</p>
