{"id":38100,"date":"2025-04-23T15:23:23","date_gmt":"2025-04-23T14:23:23","guid":{"rendered":"https:\/\/visitaltotamegaebarroso.pt\/events\/vila-pouca-de-aguiar-iiieme-forum-du-pelerin\/"},"modified":"2025-04-23T15:23:23","modified_gmt":"2025-04-23T14:23:23","slug":"vila-pouca-de-aguiar-iiieme-forum-du-pelerin","status":"publish","type":"mec-events","link":"https:\/\/visitaltotamegaebarroso.pt\/fr\/events\/vila-pouca-de-aguiar-iiieme-forum-du-pelerin\/","title":{"rendered":"Vila Pouca de Aguiar | III\u00e8me Forum du P\u00e8lerin"},"content":{"rendered":"<p>Le IIIe Forum du p\u00e8lerin se tiendra les 22, 23 et 24 mai dans l&#8217;embl\u00e9matique Casino de Pedras Salgadas et dans l&rsquo;auditorium de la Santa Casa da Miseric\u00f3rdia de Vila Pouca de Aguiar.<\/p>\n<p>Organis\u00e9 par la F\u00e9d\u00e9ration portugaise du Chemin de Saint-Jacques, l&rsquo;\u00e9v\u00e9nement comprend des tables rondes, des t\u00e9moignages de p\u00e8lerins, la remise de badges d&rsquo;hospitalit\u00e9 jacob\u00e9enne, des moments culturels, une session de formation, une marche sur le tron\u00e7on local du Chemin de Saint-Jacques et une visite des auberges de Parada et de Sabroso de Aguiar.<br \/>\nTrois jours pour r\u00e9fl\u00e9chir, partager et vivre l&rsquo;esprit jacob\u00e9en.<\/p>\n","protected":false},"excerpt":{"rendered":"<p>Le IIIe Forum du p\u00e8lerin se tiendra les 22, 23 et 24 mai dans l&#8217;embl\u00e9matique Casino de Pedras Salgadas et dans l&rsquo;auditorium de la Santa Casa da Miseric\u00f3rdia de Vila Pouca de Aguiar. Organis\u00e9 par la F\u00e9d\u00e9ration portugaise du Chemin [&hellip;]<\/p>\n","protected":false},"author":5,"featured_media":38096,"comment_status":"closed","ping_status":"closed","template":"","tags":[],"mec_category":[1646],"_links":{"self":[{"href":"https:\/\/visitaltotamegaebarroso.pt\/fr\/wp-json\/wp\/v2\/mec-events\/38100"}],"collection":[{"href":"https:\/\/visitaltotamegaebarroso.pt\/fr\/wp-json\/wp\/v2\/mec-events"}],"about":[{"href":"https:\/\/visitaltotamegaebarroso.pt\/fr\/wp-json\/wp\/v2\/types\/mec-events"}],"author":[{"embeddable":true,"href":"https:\/\/visitaltotamegaebarroso.pt\/fr\/wp-json\/wp\/v2\/users\/5"}],"replies":[{"embeddable":true,"href":"https:\/\/visitaltotamegaebarroso.pt\/fr\/wp-json\/wp\/v2\/comments?post=38100"}],"wp:featuredmedia":[{"embeddable":true,"href":"https:\/\/visitaltotamegaebarroso.pt\/fr\/wp-json\/wp\/v2\/media\/38096"}],"wp:attachment":[{"href":"https:\/\/visitaltotamegaebarroso.pt\/fr\/wp-json\/wp\/v2\/media?parent=38100"}],"wp:term":[{"taxonomy":"post_tag","embeddable":true,"href":"https:\/\/visitaltotamegaebarroso.pt\/fr\/wp-json\/wp\/v2\/tags?post=38100"},{"taxonomy":"mec_category","embeddable":true,"href":"https:\/\/visitaltotamegaebarroso.pt\/fr\/wp-json\/wp\/v2\/mec_category?post=38100"}],"curies":[{"name":"wp","href":"https:\/\/api.w.org\/{rel}","templated":true}]}}

Vila Pouca de Aguiar | IIIème Forum du Pèlerin

<p>Le IIIe Forum du pèlerin se tiendra les 22, 23 et 24 mai dans l&#8217;emblématique Casino de Pedras Salgadas et dans l&rsquo;auditorium de la Santa Casa da Misericórdia de Vila Pouca de Aguiar.</p>
<p>Organisé par la Fédération portugaise du Chemin de Saint-Jacques, l&rsquo;événement comprend des tables rondes, des témoignages de pèlerins, la remise de badges d&rsquo;hospitalité jacobéenne, des moments culturels, une session de formation, une marche sur le tronçon local du Chemin de Saint-Jacques et une visite des auberges de Parada et de Sabroso de Aguiar.<br />
Trois jours pour réfléchir, partager et vivre l&rsquo;esprit jacobéen.</p>

<p>Le IIIe Forum du pèlerin se tiendra les 22, 23 et 24 mai dans l&#8217;emblématique Casino de Pedras Salgadas et dans l&rsquo;auditorium de la Santa Casa da Misericórdia de Vila Pouca de Aguiar. Organisé par la Fédération portugaise du Chemin [&hellip;]</p>
