{"id":38090,"date":"2025-04-23T11:57:02","date_gmt":"2025-04-23T10:57:02","guid":{"rendered":"https:\/\/visitaltotamegaebarroso.pt\/events\/ribeira-de-pena-camarade-cabral\/"},"modified":"2025-04-23T11:57:02","modified_gmt":"2025-04-23T10:57:02","slug":"ribeira-de-pena-camarade-cabral","status":"publish","type":"mec-events","link":"https:\/\/visitaltotamegaebarroso.pt\/fr\/events\/ribeira-de-pena-camarade-cabral\/","title":{"rendered":"Ribeira de Pena | Camarade Cabral"},"content":{"rendered":"<p>Le 30 avril, l&rsquo;auditorium municipal de Ribeira de Pena accueillera la projection du film \u00ab Camarade Cunhal \u00bb, une \u0153uvre qui nous ram\u00e8ne en 1958, sous le r\u00e9gime dictatorial d&rsquo;Ant\u00f3nio de Oliveira Salazar.<\/p>\n<p>Apr\u00e8s huit ans d&rsquo;isolement total aux mains de la PIDE, \u00c1lvaro Cunhal est transf\u00e9r\u00e9 \u00e0 la prison forteresse de Peniche. \u00c0 l&rsquo;int\u00e9rieur, m\u00eame sous \u00e9troite surveillance, \u00c1lvaro Cunhal parvient \u00e0 s&rsquo;associer \u00e0 ses compagnons de cellule pour organiser des initiatives de soutien aux plus vuln\u00e9rables et, en secret, un plan d&rsquo;\u00e9vasion.<\/p>\n<p>Avec le soutien de Jorge Alves, gardien de prison, et de plusieurs camarades du Parti communiste portugais \u00e0 l&rsquo;ext\u00e9rieur, un plan d&rsquo;\u00e9vasion audacieux est mis au point. Dans l&rsquo;apr\u00e8s-midi du 3 janvier 1960, \u00e0 l&rsquo;aide de cordes improvis\u00e9es avec des draps, ils descendent les murs, traversent les douves et rejoignent \u00e0 l&rsquo;ext\u00e9rieur des collaborateurs qui ont d\u00e9j\u00e0 des moyens de les cacher dans des lieux clandestins.<br \/>\nPlus qu&rsquo;une \u00e9vasion, c&rsquo;est l&rsquo;histoire d&rsquo;une lutte inlassable contre l&rsquo;oppression, qui a fait d&rsquo;\u00c1lvaro Cunhal l&rsquo;une des figures centrales de l&rsquo;opposition \u00e0 l&rsquo;Estado Novo.<\/p>\n<p>La premi\u00e8re s\u00e9ance, \u00e0 14h30, sera consacr\u00e9e \u00e0 la communaut\u00e9 scolaire et permettra aux jeunes d&rsquo;avoir un contact direct avec un moment d\u00e9terminant de notre histoire. Plus tard, \u00e0 21 heures, l&rsquo;auditorium ouvrira \u00e0 nouveau ses portes au grand public, avec une entr\u00e9e gratuite.<\/p>\n<p>Ne manquez pas cette puissante reconstitution d&rsquo;un moment d\u00e9cisif de l&rsquo;histoire du Portugal.<\/p>\n","protected":false},"excerpt":{"rendered":"<p>Le 30 avril, l&rsquo;auditorium municipal de Ribeira de Pena accueillera la projection du film \u00ab Camarade Cunhal \u00bb, une \u0153uvre qui nous ram\u00e8ne en 1958, sous le r\u00e9gime dictatorial d&rsquo;Ant\u00f3nio de Oliveira Salazar. Apr\u00e8s huit ans d&rsquo;isolement total aux mains [&hellip;]<\/p>\n","protected":false},"author":5,"featured_media":38086,"comment_status":"closed","ping_status":"closed","template":"","tags":[],"mec_category":[1314],"_links":{"self":[{"href":"https:\/\/visitaltotamegaebarroso.pt\/fr\/wp-json\/wp\/v2\/mec-events\/38090"}],"collection":[{"href":"https:\/\/visitaltotamegaebarroso.pt\/fr\/wp-json\/wp\/v2\/mec-events"}],"about":[{"href":"https:\/\/visitaltotamegaebarroso.pt\/fr\/wp-json\/wp\/v2\/types\/mec-events"}],"author":[{"embeddable":true,"href":"https:\/\/visitaltotamegaebarroso.pt\/fr\/wp-json\/wp\/v2\/users\/5"}],"replies":[{"embeddable":true,"href":"https:\/\/visitaltotamegaebarroso.pt\/fr\/wp-json\/wp\/v2\/comments?post=38090"}],"wp:featuredmedia":[{"embeddable":true,"href":"https:\/\/visitaltotamegaebarroso.pt\/fr\/wp-json\/wp\/v2\/media\/38086"}],"wp:attachment":[{"href":"https:\/\/visitaltotamegaebarroso.pt\/fr\/wp-json\/wp\/v2\/media?parent=38090"}],"wp:term":[{"taxonomy":"post_tag","embeddable":true,"href":"https:\/\/visitaltotamegaebarroso.pt\/fr\/wp-json\/wp\/v2\/tags?post=38090"},{"taxonomy":"mec_category","embeddable":true,"href":"https:\/\/visitaltotamegaebarroso.pt\/fr\/wp-json\/wp\/v2\/mec_category?post=38090"}],"curies":[{"name":"wp","href":"https:\/\/api.w.org\/{rel}","templated":true}]}}

<p>Le 30 avril, l&rsquo;auditorium municipal de Ribeira de Pena accueillera la projection du film « Camarade Cunhal », une œuvre qui nous ramène en 1958, sous le régime dictatorial d&rsquo;António de Oliveira Salazar.</p>
<p>Après huit ans d&rsquo;isolement total aux mains de la PIDE, Álvaro Cunhal est transféré à la prison forteresse de Peniche. À l&rsquo;intérieur, même sous étroite surveillance, Álvaro Cunhal parvient à s&rsquo;associer à ses compagnons de cellule pour organiser des initiatives de soutien aux plus vulnérables et, en secret, un plan d&rsquo;évasion.</p>
<p>Avec le soutien de Jorge Alves, gardien de prison, et de plusieurs camarades du Parti communiste portugais à l&rsquo;extérieur, un plan d&rsquo;évasion audacieux est mis au point. Dans l&rsquo;après-midi du 3 janvier 1960, à l&rsquo;aide de cordes improvisées avec des draps, ils descendent les murs, traversent les douves et rejoignent à l&rsquo;extérieur des collaborateurs qui ont déjà des moyens de les cacher dans des lieux clandestins.<br />
Plus qu&rsquo;une évasion, c&rsquo;est l&rsquo;histoire d&rsquo;une lutte inlassable contre l&rsquo;oppression, qui a fait d&rsquo;Álvaro Cunhal l&rsquo;une des figures centrales de l&rsquo;opposition à l&rsquo;Estado Novo.</p>
<p>La première séance, à 14h30, sera consacrée à la communauté scolaire et permettra aux jeunes d&rsquo;avoir un contact direct avec un moment déterminant de notre histoire. Plus tard, à 21 heures, l&rsquo;auditorium ouvrira à nouveau ses portes au grand public, avec une entrée gratuite.</p>
<p>Ne manquez pas cette puissante reconstitution d&rsquo;un moment décisif de l&rsquo;histoire du Portugal.</p>

<p>Le 30 avril, l&rsquo;auditorium municipal de Ribeira de Pena accueillera la projection du film « Camarade Cunhal », une œuvre qui nous ramène en 1958, sous le régime dictatorial d&rsquo;António de Oliveira Salazar. Après huit ans d&rsquo;isolement total aux mains [&hellip;]</p>
