{"id":38080,"date":"2025-04-23T09:44:25","date_gmt":"2025-04-23T08:44:25","guid":{"rendered":"https:\/\/visitaltotamegaebarroso.pt\/events\/la-marche-de-la-liberte\/"},"modified":"2025-04-23T09:44:25","modified_gmt":"2025-04-23T08:44:25","slug":"la-marche-de-la-liberte","status":"publish","type":"mec-events","link":"https:\/\/visitaltotamegaebarroso.pt\/fr\/events\/la-marche-de-la-liberte\/","title":{"rendered":"La marche de la libert\u00e9"},"content":{"rendered":"<p>Vendredi prochain, nous marcherons c\u00f4te \u00e0 c\u00f4te pour c\u00e9l\u00e9brer la libert\u00e9.<\/p>\n<p>C&rsquo;est plus qu&rsquo;une marche, c&rsquo;est un moment d&rsquo;expression et de force collective.<\/p>\n<p>Point de rencontre : Pra\u00e7a do Munic\u00edpio<\/p>\n<p>Heure : 11h00<\/p>\n<p>Inscription en ligne (gratuite) <strong><a style=\"color: #0000ff;\" href=\"https:\/\/forms.gle\/bE8aCQdBtXMgHayH7\">ICI<\/a><\/strong><\/p>\n<p>Inscription (gratuite) : Ecomuseu de Barroso &#8211; Espa\u00e7o Padre Fontes et Gymnase municipal.<\/p>\n<p>\u00c0 13 heures, venez socialiser et profiter d&rsquo;un d\u00e9jeuner communautaire dans le pavillon polyvalent.<\/p>\n","protected":false},"excerpt":{"rendered":"<p>Vendredi prochain, nous marcherons c\u00f4te \u00e0 c\u00f4te pour c\u00e9l\u00e9brer la libert\u00e9. C&rsquo;est plus qu&rsquo;une marche, c&rsquo;est un moment d&rsquo;expression et de force collective. Point de rencontre : Pra\u00e7a do Munic\u00edpio Heure : 11h00 Inscription en ligne (gratuite) ICI Inscription (gratuite) [&hellip;]<\/p>\n","protected":false},"author":5,"featured_media":38036,"comment_status":"closed","ping_status":"closed","template":"","tags":[],"mec_category":[721],"_links":{"self":[{"href":"https:\/\/visitaltotamegaebarroso.pt\/fr\/wp-json\/wp\/v2\/mec-events\/38080"}],"collection":[{"href":"https:\/\/visitaltotamegaebarroso.pt\/fr\/wp-json\/wp\/v2\/mec-events"}],"about":[{"href":"https:\/\/visitaltotamegaebarroso.pt\/fr\/wp-json\/wp\/v2\/types\/mec-events"}],"author":[{"embeddable":true,"href":"https:\/\/visitaltotamegaebarroso.pt\/fr\/wp-json\/wp\/v2\/users\/5"}],"replies":[{"embeddable":true,"href":"https:\/\/visitaltotamegaebarroso.pt\/fr\/wp-json\/wp\/v2\/comments?post=38080"}],"wp:featuredmedia":[{"embeddable":true,"href":"https:\/\/visitaltotamegaebarroso.pt\/fr\/wp-json\/wp\/v2\/media\/38036"}],"wp:attachment":[{"href":"https:\/\/visitaltotamegaebarroso.pt\/fr\/wp-json\/wp\/v2\/media?parent=38080"}],"wp:term":[{"taxonomy":"post_tag","embeddable":true,"href":"https:\/\/visitaltotamegaebarroso.pt\/fr\/wp-json\/wp\/v2\/tags?post=38080"},{"taxonomy":"mec_category","embeddable":true,"href":"https:\/\/visitaltotamegaebarroso.pt\/fr\/wp-json\/wp\/v2\/mec_category?post=38080"}],"curies":[{"name":"wp","href":"https:\/\/api.w.org\/{rel}","templated":true}]}}

La marche de la liberté

<p>Vendredi prochain, nous marcherons côte à côte pour célébrer la liberté.</p>
<p>C&rsquo;est plus qu&rsquo;une marche, c&rsquo;est un moment d&rsquo;expression et de force collective.</p>
<p>Point de rencontre : Praça do Município</p>
<p>Heure : 11h00</p>
<p>Inscription en ligne (gratuite) <strong><a style="color: #0000ff;" href="https://forms.gle/bE8aCQdBtXMgHayH7">ICI</a></strong></p>
<p>Inscription (gratuite) : Ecomuseu de Barroso &#8211; Espaço Padre Fontes et Gymnase municipal.</p>
<p>À 13 heures, venez socialiser et profiter d&rsquo;un déjeuner communautaire dans le pavillon polyvalent.</p>

<p>Vendredi prochain, nous marcherons côte à côte pour célébrer la liberté. C&rsquo;est plus qu&rsquo;une marche, c&rsquo;est un moment d&rsquo;expression et de force collective. Point de rencontre : Praça do Município Heure : 11h00 Inscription en ligne (gratuite) ICI Inscription (gratuite) [&hellip;]</p>
