{"id":37816,"date":"2025-04-14T14:33:31","date_gmt":"2025-04-14T13:33:31","guid":{"rendered":"https:\/\/visitaltotamegaebarroso.pt\/events\/vila-pouca-de-aguiar-concours-international-de-saut-dobstacles\/"},"modified":"2025-04-14T14:33:31","modified_gmt":"2025-04-14T13:33:31","slug":"vila-pouca-de-aguiar-concours-international-de-saut-dobstacles","status":"publish","type":"mec-events","link":"https:\/\/visitaltotamegaebarroso.pt\/fr\/events\/vila-pouca-de-aguiar-concours-international-de-saut-dobstacles\/","title":{"rendered":"Vila Pouca de Aguiar | Concours international de saut d&rsquo;obstacles"},"content":{"rendered":"<p>Le centre \u00e9questre de Pedras Salgadas se pr\u00e9pare \u00e0 accueillir une nouvelle \u00e9dition du Concours international de saut d&rsquo;obstacles.<\/p>\n<p>\u00c0 noter dans votre agenda.<\/p>\n","protected":false},"excerpt":{"rendered":"<p>Le centre \u00e9questre de Pedras Salgadas se pr\u00e9pare \u00e0 accueillir une nouvelle \u00e9dition du Concours international de saut d&rsquo;obstacles. \u00c0 noter dans votre agenda.<\/p>\n","protected":false},"author":5,"featured_media":37812,"comment_status":"closed","ping_status":"closed","template":"","tags":[],"mec_category":[721],"_links":{"self":[{"href":"https:\/\/visitaltotamegaebarroso.pt\/fr\/wp-json\/wp\/v2\/mec-events\/37816"}],"collection":[{"href":"https:\/\/visitaltotamegaebarroso.pt\/fr\/wp-json\/wp\/v2\/mec-events"}],"about":[{"href":"https:\/\/visitaltotamegaebarroso.pt\/fr\/wp-json\/wp\/v2\/types\/mec-events"}],"author":[{"embeddable":true,"href":"https:\/\/visitaltotamegaebarroso.pt\/fr\/wp-json\/wp\/v2\/users\/5"}],"replies":[{"embeddable":true,"href":"https:\/\/visitaltotamegaebarroso.pt\/fr\/wp-json\/wp\/v2\/comments?post=37816"}],"wp:featuredmedia":[{"embeddable":true,"href":"https:\/\/visitaltotamegaebarroso.pt\/fr\/wp-json\/wp\/v2\/media\/37812"}],"wp:attachment":[{"href":"https:\/\/visitaltotamegaebarroso.pt\/fr\/wp-json\/wp\/v2\/media?parent=37816"}],"wp:term":[{"taxonomy":"post_tag","embeddable":true,"href":"https:\/\/visitaltotamegaebarroso.pt\/fr\/wp-json\/wp\/v2\/tags?post=37816"},{"taxonomy":"mec_category","embeddable":true,"href":"https:\/\/visitaltotamegaebarroso.pt\/fr\/wp-json\/wp\/v2\/mec_category?post=37816"}],"curies":[{"name":"wp","href":"https:\/\/api.w.org\/{rel}","templated":true}]}}

<p>Le centre équestre de Pedras Salgadas se prépare à accueillir une nouvelle édition du Concours international de saut d&rsquo;obstacles.</p>
<p>À noter dans votre agenda.</p>

<p>Le centre équestre de Pedras Salgadas se prépare à accueillir une nouvelle édition du Concours international de saut d&rsquo;obstacles. À noter dans votre agenda.</p>
