{"id":37725,"date":"2025-04-06T14:36:52","date_gmt":"2025-04-06T13:36:52","guid":{"rendered":"https:\/\/visitaltotamegaebarroso.pt\/events\/chaves-lannee-de-la-mort-de-ricardo-reis-association-artistique-etcetera\/"},"modified":"2025-04-06T14:36:52","modified_gmt":"2025-04-06T13:36:52","slug":"chaves-lannee-de-la-mort-de-ricardo-reis-association-artistique-etcetera","status":"publish","type":"mec-events","link":"https:\/\/visitaltotamegaebarroso.pt\/fr\/events\/chaves-lannee-de-la-mort-de-ricardo-reis-association-artistique-etcetera\/","title":{"rendered":"Chaves | \u00ab L&rsquo;ann\u00e9e de la mort de Ricardo Reis \u00bb &#8211; Association artistique Etcetera"},"content":{"rendered":"<p>Dans cette pi\u00e8ce de deux heures, jou\u00e9e par cinq acteurs, les univers de Saramago et de Fernando Pessoa fusionnent pour donner au public une id\u00e9e de ce qu&rsquo;\u00e9tait la vie sociale, \u00e9conomique et morale dans notre pays d&rsquo;avant Salazar. Ricardo Reis, un Br\u00e9silien, s&rsquo;inqui\u00e8te de la ville de Lisbonne et de sa notion passive du bonheur. Le pays des soupes populaires et des \u0153uvres caritatives dans chaque paroisse. Le pays o\u00f9 les gens meurent de maladie et de manque de travail. Le pays des miracles de Fatima et de la d\u00e9votion au chef&#8230;<br \/>\nRicardo Reis est venu pour mourir, mais surtout pour donner de l&rsquo;espoir \u00e0 des patients comme Marcenda ou \u00e0 des femmes comme L\u00eddia.<\/p>\n<p>L&rsquo;entr\u00e9e est gratuite, mais les billets doivent \u00eatre obtenus \u00e0 l&rsquo;avance aupr\u00e8s de la biblioth\u00e8que municipale de Chaves et de l&rsquo;office du tourisme de Chaves.<\/p>\n<p>Organis\u00e9 par : Municipalit\u00e9 de Chaves<\/p>\n","protected":false},"excerpt":{"rendered":"<p>Dans cette pi\u00e8ce de deux heures, jou\u00e9e par cinq acteurs, les univers de Saramago et de Fernando Pessoa fusionnent pour donner au public une id\u00e9e de ce qu&rsquo;\u00e9tait la vie sociale, \u00e9conomique et morale dans notre pays d&rsquo;avant Salazar. Ricardo [&hellip;]<\/p>\n","protected":false},"author":5,"featured_media":37721,"comment_status":"closed","ping_status":"closed","template":"","tags":[],"mec_category":[1550],"_links":{"self":[{"href":"https:\/\/visitaltotamegaebarroso.pt\/fr\/wp-json\/wp\/v2\/mec-events\/37725"}],"collection":[{"href":"https:\/\/visitaltotamegaebarroso.pt\/fr\/wp-json\/wp\/v2\/mec-events"}],"about":[{"href":"https:\/\/visitaltotamegaebarroso.pt\/fr\/wp-json\/wp\/v2\/types\/mec-events"}],"author":[{"embeddable":true,"href":"https:\/\/visitaltotamegaebarroso.pt\/fr\/wp-json\/wp\/v2\/users\/5"}],"replies":[{"embeddable":true,"href":"https:\/\/visitaltotamegaebarroso.pt\/fr\/wp-json\/wp\/v2\/comments?post=37725"}],"wp:featuredmedia":[{"embeddable":true,"href":"https:\/\/visitaltotamegaebarroso.pt\/fr\/wp-json\/wp\/v2\/media\/37721"}],"wp:attachment":[{"href":"https:\/\/visitaltotamegaebarroso.pt\/fr\/wp-json\/wp\/v2\/media?parent=37725"}],"wp:term":[{"taxonomy":"post_tag","embeddable":true,"href":"https:\/\/visitaltotamegaebarroso.pt\/fr\/wp-json\/wp\/v2\/tags?post=37725"},{"taxonomy":"mec_category","embeddable":true,"href":"https:\/\/visitaltotamegaebarroso.pt\/fr\/wp-json\/wp\/v2\/mec_category?post=37725"}],"curies":[{"name":"wp","href":"https:\/\/api.w.org\/{rel}","templated":true}]}}

Chaves | « L&rsquo;année de la mort de Ricardo Reis » &#8211; Association artistique Etcetera

<p>Dans cette pièce de deux heures, jouée par cinq acteurs, les univers de Saramago et de Fernando Pessoa fusionnent pour donner au public une idée de ce qu&rsquo;était la vie sociale, économique et morale dans notre pays d&rsquo;avant Salazar. Ricardo Reis, un Brésilien, s&rsquo;inquiète de la ville de Lisbonne et de sa notion passive du bonheur. Le pays des soupes populaires et des œuvres caritatives dans chaque paroisse. Le pays où les gens meurent de maladie et de manque de travail. Le pays des miracles de Fatima et de la dévotion au chef&#8230;<br />
Ricardo Reis est venu pour mourir, mais surtout pour donner de l&rsquo;espoir à des patients comme Marcenda ou à des femmes comme Lídia.</p>
<p>L&rsquo;entrée est gratuite, mais les billets doivent être obtenus à l&rsquo;avance auprès de la bibliothèque municipale de Chaves et de l&rsquo;office du tourisme de Chaves.</p>
<p>Organisé par : Municipalité de Chaves</p>

<p>Dans cette pièce de deux heures, jouée par cinq acteurs, les univers de Saramago et de Fernando Pessoa fusionnent pour donner au public une idée de ce qu&rsquo;était la vie sociale, économique et morale dans notre pays d&rsquo;avant Salazar. Ricardo [&hellip;]</p>
