{"id":37614,"date":"2025-04-05T10:17:14","date_gmt":"2025-04-05T09:17:14","guid":{"rendered":"https:\/\/visitaltotamegaebarroso.pt\/events\/chaves-concert-choral-symphonique-requiem-de-mozart\/"},"modified":"2025-04-05T10:17:14","modified_gmt":"2025-04-05T09:17:14","slug":"chaves-concert-choral-symphonique-requiem-de-mozart","status":"publish","type":"mec-events","link":"https:\/\/visitaltotamegaebarroso.pt\/fr\/events\/chaves-concert-choral-symphonique-requiem-de-mozart\/","title":{"rendered":"Chaves | Concert choral symphonique \u00ab Requiem \u00bb de Mozart"},"content":{"rendered":"<p>Le \u00ab Requiem \u00bb de Wolfgang Amadeus Mozart [1756-1791] est l&rsquo;une des \u0153uvres classiques les plus acclam\u00e9es de tous les temps et fait partie du r\u00e9pertoire d&rsquo;excellence pour ch\u0153ur, orchestre et solistes. Divis\u00e9e en sections, avec quatorze mouvements, l&rsquo;\u0153uvre, dans sa musique et ses paroles, traduit une escalade de sentiments et d&rsquo;\u00e9motions face \u00e0 la perte et \u00e0 la mort, \u00e9voquant l&rsquo;espoir dans la lumi\u00e8re \u00e9ternelle.<br \/>\nL&rsquo;\u0153uvre est interpr\u00e9t\u00e9e par le Ch\u0153ur de Chaves, le Ch\u0153ur symphonique In\u00eas de Castro, l&rsquo;Orchestre In\u00eas de Castro et Leonor Barbosa de Melo &#8211; Soprano ; Gisela Sachse &#8211; Mezzo Soprano ; Ruben Fernandes &#8211; T\u00e9nor ; Rui Silva &#8211; Basse.<\/p>\n<p>Organis\u00e9 par : Municipalit\u00e9 de Chaves<\/p>\n","protected":false},"excerpt":{"rendered":"<p>Le \u00ab Requiem \u00bb de Wolfgang Amadeus Mozart [1756-1791] est l&rsquo;une des \u0153uvres classiques les plus acclam\u00e9es de tous les temps et fait partie du r\u00e9pertoire d&rsquo;excellence pour ch\u0153ur, orchestre et solistes. Divis\u00e9e en sections, avec quatorze mouvements, l&rsquo;\u0153uvre, dans [&hellip;]<\/p>\n","protected":false},"author":5,"featured_media":37610,"comment_status":"closed","ping_status":"closed","template":"","tags":[],"mec_category":[1443,715],"_links":{"self":[{"href":"https:\/\/visitaltotamegaebarroso.pt\/fr\/wp-json\/wp\/v2\/mec-events\/37614"}],"collection":[{"href":"https:\/\/visitaltotamegaebarroso.pt\/fr\/wp-json\/wp\/v2\/mec-events"}],"about":[{"href":"https:\/\/visitaltotamegaebarroso.pt\/fr\/wp-json\/wp\/v2\/types\/mec-events"}],"author":[{"embeddable":true,"href":"https:\/\/visitaltotamegaebarroso.pt\/fr\/wp-json\/wp\/v2\/users\/5"}],"replies":[{"embeddable":true,"href":"https:\/\/visitaltotamegaebarroso.pt\/fr\/wp-json\/wp\/v2\/comments?post=37614"}],"wp:featuredmedia":[{"embeddable":true,"href":"https:\/\/visitaltotamegaebarroso.pt\/fr\/wp-json\/wp\/v2\/media\/37610"}],"wp:attachment":[{"href":"https:\/\/visitaltotamegaebarroso.pt\/fr\/wp-json\/wp\/v2\/media?parent=37614"}],"wp:term":[{"taxonomy":"post_tag","embeddable":true,"href":"https:\/\/visitaltotamegaebarroso.pt\/fr\/wp-json\/wp\/v2\/tags?post=37614"},{"taxonomy":"mec_category","embeddable":true,"href":"https:\/\/visitaltotamegaebarroso.pt\/fr\/wp-json\/wp\/v2\/mec_category?post=37614"}],"curies":[{"name":"wp","href":"https:\/\/api.w.org\/{rel}","templated":true}]}}

<p>Le « Requiem » de Wolfgang Amadeus Mozart [1756-1791] est l&rsquo;une des œuvres classiques les plus acclamées de tous les temps et fait partie du répertoire d&rsquo;excellence pour chœur, orchestre et solistes. Divisée en sections, avec quatorze mouvements, l&rsquo;œuvre, dans sa musique et ses paroles, traduit une escalade de sentiments et d&rsquo;émotions face à la perte et à la mort, évoquant l&rsquo;espoir dans la lumière éternelle.<br />
L&rsquo;œuvre est interprétée par le Chœur de Chaves, le Chœur symphonique Inês de Castro, l&rsquo;Orchestre Inês de Castro et Leonor Barbosa de Melo &#8211; Soprano ; Gisela Sachse &#8211; Mezzo Soprano ; Ruben Fernandes &#8211; Ténor ; Rui Silva &#8211; Basse.</p>
<p>Organisé par : Municipalité de Chaves</p>

<p>Le « Requiem » de Wolfgang Amadeus Mozart [1756-1791] est l&rsquo;une des œuvres classiques les plus acclamées de tous les temps et fait partie du répertoire d&rsquo;excellence pour chœur, orchestre et solistes. Divisée en sections, avec quatorze mouvements, l&rsquo;œuvre, dans [&hellip;]</p>
