{"id":37594,"date":"2025-04-04T17:15:32","date_gmt":"2025-04-04T16:15:32","guid":{"rendered":"https:\/\/visitaltotamegaebarroso.pt\/events\/chaves-non-ou-a-va-gloria-de-mandar-de-manoel-de-oliveira\/"},"modified":"2025-04-04T17:15:32","modified_gmt":"2025-04-04T16:15:32","slug":"chaves-non-ou-a-va-gloria-de-mandar-de-manoel-de-oliveira","status":"publish","type":"mec-events","link":"https:\/\/visitaltotamegaebarroso.pt\/fr\/events\/chaves-non-ou-a-va-gloria-de-mandar-de-manoel-de-oliveira\/","title":{"rendered":"Chaves | Non ou a V\u00e3 Gloria de Mandar de Manoel de Oliveira"},"content":{"rendered":"<p>TEF Social &#8211; Cin\u00e9ma d&rsquo;antan<br \/>\nInformations mises \u00e0 jour sur : <a href=\"https:\/\/www.teatroexperimentalflaviense.pt\/\">https:\/\/www.teatroexperimentalflaviense.pt\/<\/a><\/p>\n<p>R\u00e9servations au +351 276 333 919 (ligne fixe nationale) ou par courriel : tefchaves@sapo.pt.<br \/>\nEntr\u00e9e libre.<\/p>\n<p>Organis\u00e9 par : Teatro Experimental Flaviense<br \/>\nSoutien : Municipalit\u00e9 de Chaves<\/p>\n","protected":false},"excerpt":{"rendered":"<p>TEF Social &#8211; Cin\u00e9ma d&rsquo;antan Informations mises \u00e0 jour sur : https:\/\/www.teatroexperimentalflaviense.pt\/ R\u00e9servations au +351 276 333 919 (ligne fixe nationale) ou par courriel : tefchaves@sapo.pt. Entr\u00e9e libre. Organis\u00e9 par : Teatro Experimental Flaviense Soutien : Municipalit\u00e9 de Chaves<\/p>\n","protected":false},"author":5,"featured_media":37590,"comment_status":"closed","ping_status":"closed","template":"","tags":[],"mec_category":[1314],"_links":{"self":[{"href":"https:\/\/visitaltotamegaebarroso.pt\/fr\/wp-json\/wp\/v2\/mec-events\/37594"}],"collection":[{"href":"https:\/\/visitaltotamegaebarroso.pt\/fr\/wp-json\/wp\/v2\/mec-events"}],"about":[{"href":"https:\/\/visitaltotamegaebarroso.pt\/fr\/wp-json\/wp\/v2\/types\/mec-events"}],"author":[{"embeddable":true,"href":"https:\/\/visitaltotamegaebarroso.pt\/fr\/wp-json\/wp\/v2\/users\/5"}],"replies":[{"embeddable":true,"href":"https:\/\/visitaltotamegaebarroso.pt\/fr\/wp-json\/wp\/v2\/comments?post=37594"}],"wp:featuredmedia":[{"embeddable":true,"href":"https:\/\/visitaltotamegaebarroso.pt\/fr\/wp-json\/wp\/v2\/media\/37590"}],"wp:attachment":[{"href":"https:\/\/visitaltotamegaebarroso.pt\/fr\/wp-json\/wp\/v2\/media?parent=37594"}],"wp:term":[{"taxonomy":"post_tag","embeddable":true,"href":"https:\/\/visitaltotamegaebarroso.pt\/fr\/wp-json\/wp\/v2\/tags?post=37594"},{"taxonomy":"mec_category","embeddable":true,"href":"https:\/\/visitaltotamegaebarroso.pt\/fr\/wp-json\/wp\/v2\/mec_category?post=37594"}],"curies":[{"name":"wp","href":"https:\/\/api.w.org\/{rel}","templated":true}]}}

Chaves | Non ou a Vã Gloria de Mandar de Manoel de Oliveira

<p>TEF Social &#8211; Cinéma d&rsquo;antan<br />
Informations mises à jour sur : <a href="https://www.teatroexperimentalflaviense.pt/">https://www.teatroexperimentalflaviense.pt/</a></p>
<p>Réservations au +351 276 333 919 (ligne fixe nationale) ou par courriel : tefchaves@sapo.pt.<br />
Entrée libre.</p>
<p>Organisé par : Teatro Experimental Flaviense<br />
Soutien : Municipalité de Chaves</p>

<p>TEF Social &#8211; Cinéma d&rsquo;antan Informations mises à jour sur : https://www.teatroexperimentalflaviense.pt/ Réservations au +351 276 333 919 (ligne fixe nationale) ou par courriel : tefchaves@sapo.pt. Entrée libre. Organisé par : Teatro Experimental Flaviense Soutien : Municipalité de Chaves</p>
