{"id":37584,"date":"2025-04-04T15:38:17","date_gmt":"2025-04-04T14:38:17","guid":{"rendered":"https:\/\/visitaltotamegaebarroso.pt\/events\/chaves-4e-marche-de-la-fraternite\/"},"modified":"2025-04-04T15:38:17","modified_gmt":"2025-04-04T14:38:17","slug":"chaves-4e-marche-de-la-fraternite","status":"publish","type":"mec-events","link":"https:\/\/visitaltotamegaebarroso.pt\/fr\/events\/chaves-4e-marche-de-la-fraternite\/","title":{"rendered":"Chaves | 4e marche de la fraternit\u00e9"},"content":{"rendered":"<p>L&rsquo;Associa\u00e7\u00e3o Cultural Flaviense invite tous ses membres et les amateurs de randonn\u00e9e \u00e0 participer \u00e0 une marche inoubliable le long des sentiers de S\u00e3o Louren\u00e7o. Ce sera une excellente occasion de profiter de la nature, de socialiser et de promouvoir un mode de vie sain.<br \/>\nLe parcours est de 12 kilom\u00e8tres et le point de rencontre est l&rsquo;Alameda da Madalena, d&rsquo;o\u00f9 nous partirons \u00e0 l&rsquo;aventure.<\/p>\n<p>Organis\u00e9 par : Associa\u00e7\u00e3o Cultural Flaviense<br \/>\nSoutien : Municipalit\u00e9 de Chaves, Conseil paroissial de Santa Maria Maior et Conseil paroissial de Madalena<\/p>\n","protected":false},"excerpt":{"rendered":"<p>L&rsquo;Associa\u00e7\u00e3o Cultural Flaviense invite tous ses membres et les amateurs de randonn\u00e9e \u00e0 participer \u00e0 une marche inoubliable le long des sentiers de S\u00e3o Louren\u00e7o. Ce sera une excellente occasion de profiter de la nature, de socialiser et de promouvoir [&hellip;]<\/p>\n","protected":false},"author":5,"featured_media":37580,"comment_status":"closed","ping_status":"closed","template":"","tags":[],"mec_category":[721],"_links":{"self":[{"href":"https:\/\/visitaltotamegaebarroso.pt\/fr\/wp-json\/wp\/v2\/mec-events\/37584"}],"collection":[{"href":"https:\/\/visitaltotamegaebarroso.pt\/fr\/wp-json\/wp\/v2\/mec-events"}],"about":[{"href":"https:\/\/visitaltotamegaebarroso.pt\/fr\/wp-json\/wp\/v2\/types\/mec-events"}],"author":[{"embeddable":true,"href":"https:\/\/visitaltotamegaebarroso.pt\/fr\/wp-json\/wp\/v2\/users\/5"}],"replies":[{"embeddable":true,"href":"https:\/\/visitaltotamegaebarroso.pt\/fr\/wp-json\/wp\/v2\/comments?post=37584"}],"wp:featuredmedia":[{"embeddable":true,"href":"https:\/\/visitaltotamegaebarroso.pt\/fr\/wp-json\/wp\/v2\/media\/37580"}],"wp:attachment":[{"href":"https:\/\/visitaltotamegaebarroso.pt\/fr\/wp-json\/wp\/v2\/media?parent=37584"}],"wp:term":[{"taxonomy":"post_tag","embeddable":true,"href":"https:\/\/visitaltotamegaebarroso.pt\/fr\/wp-json\/wp\/v2\/tags?post=37584"},{"taxonomy":"mec_category","embeddable":true,"href":"https:\/\/visitaltotamegaebarroso.pt\/fr\/wp-json\/wp\/v2\/mec_category?post=37584"}],"curies":[{"name":"wp","href":"https:\/\/api.w.org\/{rel}","templated":true}]}}

Chaves | 4e marche de la fraternité

<p>L&rsquo;Associação Cultural Flaviense invite tous ses membres et les amateurs de randonnée à participer à une marche inoubliable le long des sentiers de São Lourenço. Ce sera une excellente occasion de profiter de la nature, de socialiser et de promouvoir un mode de vie sain.<br />
Le parcours est de 12 kilomètres et le point de rencontre est l&rsquo;Alameda da Madalena, d&rsquo;où nous partirons à l&rsquo;aventure.</p>
<p>Organisé par : Associação Cultural Flaviense<br />
Soutien : Municipalité de Chaves, Conseil paroissial de Santa Maria Maior et Conseil paroissial de Madalena</p>

<p>L&rsquo;Associação Cultural Flaviense invite tous ses membres et les amateurs de randonnée à participer à une marche inoubliable le long des sentiers de São Lourenço. Ce sera une excellente occasion de profiter de la nature, de socialiser et de promouvoir [&hellip;]</p>
