{"id":37558,"date":"2025-04-04T14:06:23","date_gmt":"2025-04-04T13:06:23","guid":{"rendered":"https:\/\/visitaltotamegaebarroso.pt\/events\/ribeira-de-pena-semaine-de-linterculturalite\/"},"modified":"2025-04-04T14:06:23","modified_gmt":"2025-04-04T13:06:23","slug":"ribeira-de-pena-semaine-de-linterculturalite","status":"publish","type":"mec-events","link":"https:\/\/visitaltotamegaebarroso.pt\/fr\/events\/ribeira-de-pena-semaine-de-linterculturalite\/","title":{"rendered":"Ribeira de Pena | Semaine de l&rsquo;interculturalit\u00e9"},"content":{"rendered":"<p>Du 1er au 13 avril aura lieu une nouvelle \u00e9dition de la Semaine de l&rsquo;interculturalit\u00e9, une initiative promue par EAPN Portugal depuis 2014, dans le but de sensibiliser \u00e0 une soci\u00e9t\u00e9 plus inclusive, bas\u00e9e sur la solidarit\u00e9, l&rsquo;\u00e9galit\u00e9, le respect de la diversit\u00e9 et la non-discrimination.<\/p>\n<p>La municipalit\u00e9 de Ribeira de Pena se joint \u00e0 cette initiative \u00e0 travers le r\u00e9seau social et le projet Radar social, en partenariat avec EAPN &#8211; Centre de district de Vila Real, en promouvant la session de formation :<\/p>\n<p>\u00ab Dialogue interculturel &#8211; Des ponts vers l&rsquo;accueil \u00bb<\/p>\n<p>08 avril | 09h30 &#8211; 12h00<br \/>\nCasa da Cultura &#8211; Mus\u00e9e de l&rsquo;\u00e9cole (Rua Manuel Jos\u00e9 de Carvalho, n.\u00ba 14, Ribeira de Pena)<br \/>\nOrganisateur : Miriam Gonzaga<br \/>\nPublic cible : les partenaires des r\u00e9seaux sociaux, les professionnels du secteur social et la communaut\u00e9 en g\u00e9n\u00e9ral.<\/p>\n<p>ENTR\u00c9E GRATUITE &#8211; Inscription obligatoire avant le 7 avril.<\/p>\n<p>Nous pensons que la diversit\u00e9 renforce la citoyennet\u00e9 et contribue \u00e0 une soci\u00e9t\u00e9 plus juste et plus \u00e9quilibr\u00e9e. Rejoignez-nous dans cette r\u00e9flexion !<\/p>\n<p>Pour plus d&rsquo;informations et pour vous inscrire, veuillez nous contacter par e-mail : <a href=\"mailto:radar.social@cm-rpena.pt\">radar.social@cm-rpena.pt<\/a> ou par t\u00e9l\u00e9phone : 259 490 500 !<\/p>\n","protected":false},"excerpt":{"rendered":"<p>Du 1er au 13 avril aura lieu une nouvelle \u00e9dition de la Semaine de l&rsquo;interculturalit\u00e9, une initiative promue par EAPN Portugal depuis 2014, dans le but de sensibiliser \u00e0 une soci\u00e9t\u00e9 plus inclusive, bas\u00e9e sur la solidarit\u00e9, l&rsquo;\u00e9galit\u00e9, le respect [&hellip;]<\/p>\n","protected":false},"author":5,"featured_media":37554,"comment_status":"closed","ping_status":"closed","template":"","tags":[],"mec_category":[715],"_links":{"self":[{"href":"https:\/\/visitaltotamegaebarroso.pt\/fr\/wp-json\/wp\/v2\/mec-events\/37558"}],"collection":[{"href":"https:\/\/visitaltotamegaebarroso.pt\/fr\/wp-json\/wp\/v2\/mec-events"}],"about":[{"href":"https:\/\/visitaltotamegaebarroso.pt\/fr\/wp-json\/wp\/v2\/types\/mec-events"}],"author":[{"embeddable":true,"href":"https:\/\/visitaltotamegaebarroso.pt\/fr\/wp-json\/wp\/v2\/users\/5"}],"replies":[{"embeddable":true,"href":"https:\/\/visitaltotamegaebarroso.pt\/fr\/wp-json\/wp\/v2\/comments?post=37558"}],"wp:featuredmedia":[{"embeddable":true,"href":"https:\/\/visitaltotamegaebarroso.pt\/fr\/wp-json\/wp\/v2\/media\/37554"}],"wp:attachment":[{"href":"https:\/\/visitaltotamegaebarroso.pt\/fr\/wp-json\/wp\/v2\/media?parent=37558"}],"wp:term":[{"taxonomy":"post_tag","embeddable":true,"href":"https:\/\/visitaltotamegaebarroso.pt\/fr\/wp-json\/wp\/v2\/tags?post=37558"},{"taxonomy":"mec_category","embeddable":true,"href":"https:\/\/visitaltotamegaebarroso.pt\/fr\/wp-json\/wp\/v2\/mec_category?post=37558"}],"curies":[{"name":"wp","href":"https:\/\/api.w.org\/{rel}","templated":true}]}}

Ribeira de Pena | Semaine de l&rsquo;interculturalité

<p>Du 1er au 13 avril aura lieu une nouvelle édition de la Semaine de l&rsquo;interculturalité, une initiative promue par EAPN Portugal depuis 2014, dans le but de sensibiliser à une société plus inclusive, basée sur la solidarité, l&rsquo;égalité, le respect de la diversité et la non-discrimination.</p>
<p>La municipalité de Ribeira de Pena se joint à cette initiative à travers le réseau social et le projet Radar social, en partenariat avec EAPN &#8211; Centre de district de Vila Real, en promouvant la session de formation :</p>
<p>« Dialogue interculturel &#8211; Des ponts vers l&rsquo;accueil »</p>
<p>08 avril | 09h30 &#8211; 12h00<br />
Casa da Cultura &#8211; Musée de l&rsquo;école (Rua Manuel José de Carvalho, n.º 14, Ribeira de Pena)<br />
Organisateur : Miriam Gonzaga<br />
Public cible : les partenaires des réseaux sociaux, les professionnels du secteur social et la communauté en général.</p>
<p>ENTRÉE GRATUITE &#8211; Inscription obligatoire avant le 7 avril.</p>
<p>Nous pensons que la diversité renforce la citoyenneté et contribue à une société plus juste et plus équilibrée. Rejoignez-nous dans cette réflexion !</p>
<p>Pour plus d&rsquo;informations et pour vous inscrire, veuillez nous contacter par e-mail : <a href="mailto:radar.social@cm-rpena.pt">radar.social@cm-rpena.pt</a> ou par téléphone : 259 490 500 !</p>

<p>Du 1er au 13 avril aura lieu une nouvelle édition de la Semaine de l&rsquo;interculturalité, une initiative promue par EAPN Portugal depuis 2014, dans le but de sensibiliser à une société plus inclusive, basée sur la solidarité, l&rsquo;égalité, le respect [&hellip;]</p>
