{"id":37528,"date":"2025-04-03T17:02:17","date_gmt":"2025-04-03T16:02:17","guid":{"rendered":"https:\/\/visitaltotamegaebarroso.pt\/events\/ribeira-de-pena-promenade-des-sites-miniers-de-cerva\/"},"modified":"2025-04-03T17:02:17","modified_gmt":"2025-04-03T16:02:17","slug":"ribeira-de-pena-promenade-des-sites-miniers-de-cerva","status":"publish","type":"mec-events","link":"https:\/\/visitaltotamegaebarroso.pt\/fr\/events\/ribeira-de-pena-promenade-des-sites-miniers-de-cerva\/","title":{"rendered":"Ribeira de Pena | Promenade des sites miniers de Cerva"},"content":{"rendered":"<p>Dans le cadre des c\u00e9l\u00e9brations de la Journ\u00e9e internationale des monuments et des sites et de la Semaine des partenaires de la route mini\u00e8re, la municipalit\u00e9 de Ribeira de Pena organise une promenade \u00e0 travers les sites miniers de Cerva, qui aura lieu le 13 avril (dimanche).<\/p>\n<p>La promenade d\u00e9butera au mus\u00e9e Wolfram de Cerva \u00e0 9 heures et offrira une occasion unique d&rsquo;explorer le patrimoine minier de la r\u00e9gion.<\/p>\n<p>Le long du parcours, une visite guid\u00e9e permettra de se plonger dans l&rsquo;histoire de l&rsquo;exploitation mini\u00e8re de la r\u00e9gion. Des curiosit\u00e9s sur l&rsquo;\u00e9poque o\u00f9 les mines \u00e9taient activement exploit\u00e9es seront partag\u00e9es, mettant en lumi\u00e8re l&rsquo;impact de l&rsquo;extraction du tungst\u00e8ne sur la communaut\u00e9 locale et les conditions de travail des mineurs.<\/p>\n<p>L&rsquo;inscription \u00e0 la promenade peut se faire en personne aux mus\u00e9es, \u00e0 l&rsquo;h\u00f4tel de ville ou \u00e0 la Casa da Torre. Vous pouvez \u00e9galement vous inscrire en ligne en remplissant le lien Google Form ci-dessous. Nous vous recommandons de porter des v\u00eatements et des chaussures confortables pour le parcours, ainsi que d&rsquo;apporter de l&rsquo;eau et de la nourriture.<\/p>\n<p>Rejoignez-nous pour cette promenade fascinante \u00e0 travers les sites miniers de Cerva et d\u00e9couvrez l&rsquo;histoire unique des anciennes mines.<\/p>\n<p>INSCRIPTION : <a href=\"https:\/\/docs.google.com\/...\/1A2Gfqx4OLhSfeWAcpODym4p...\/edit\">https:\/\/docs.google.com\/&#8230;\/1A2Gfqx4OLhSfeWAcpODym4p&#8230;\/edit<\/a><\/p>\n","protected":false},"excerpt":{"rendered":"<p>Dans le cadre des c\u00e9l\u00e9brations de la Journ\u00e9e internationale des monuments et des sites et de la Semaine des partenaires de la route mini\u00e8re, la municipalit\u00e9 de Ribeira de Pena organise une promenade \u00e0 travers les sites miniers de Cerva, [&hellip;]<\/p>\n","protected":false},"author":5,"featured_media":37524,"comment_status":"closed","ping_status":"closed","template":"","tags":[],"mec_category":[721],"_links":{"self":[{"href":"https:\/\/visitaltotamegaebarroso.pt\/fr\/wp-json\/wp\/v2\/mec-events\/37528"}],"collection":[{"href":"https:\/\/visitaltotamegaebarroso.pt\/fr\/wp-json\/wp\/v2\/mec-events"}],"about":[{"href":"https:\/\/visitaltotamegaebarroso.pt\/fr\/wp-json\/wp\/v2\/types\/mec-events"}],"author":[{"embeddable":true,"href":"https:\/\/visitaltotamegaebarroso.pt\/fr\/wp-json\/wp\/v2\/users\/5"}],"replies":[{"embeddable":true,"href":"https:\/\/visitaltotamegaebarroso.pt\/fr\/wp-json\/wp\/v2\/comments?post=37528"}],"wp:featuredmedia":[{"embeddable":true,"href":"https:\/\/visitaltotamegaebarroso.pt\/fr\/wp-json\/wp\/v2\/media\/37524"}],"wp:attachment":[{"href":"https:\/\/visitaltotamegaebarroso.pt\/fr\/wp-json\/wp\/v2\/media?parent=37528"}],"wp:term":[{"taxonomy":"post_tag","embeddable":true,"href":"https:\/\/visitaltotamegaebarroso.pt\/fr\/wp-json\/wp\/v2\/tags?post=37528"},{"taxonomy":"mec_category","embeddable":true,"href":"https:\/\/visitaltotamegaebarroso.pt\/fr\/wp-json\/wp\/v2\/mec_category?post=37528"}],"curies":[{"name":"wp","href":"https:\/\/api.w.org\/{rel}","templated":true}]}}

<p>Dans le cadre des célébrations de la Journée internationale des monuments et des sites et de la Semaine des partenaires de la route minière, la municipalité de Ribeira de Pena organise une promenade à travers les sites miniers de Cerva, qui aura lieu le 13 avril (dimanche).</p>
<p>La promenade débutera au musée Wolfram de Cerva à 9 heures et offrira une occasion unique d&rsquo;explorer le patrimoine minier de la région.</p>
<p>Le long du parcours, une visite guidée permettra de se plonger dans l&rsquo;histoire de l&rsquo;exploitation minière de la région. Des curiosités sur l&rsquo;époque où les mines étaient activement exploitées seront partagées, mettant en lumière l&rsquo;impact de l&rsquo;extraction du tungstène sur la communauté locale et les conditions de travail des mineurs.</p>
<p>L&rsquo;inscription à la promenade peut se faire en personne aux musées, à l&rsquo;hôtel de ville ou à la Casa da Torre. Vous pouvez également vous inscrire en ligne en remplissant le lien Google Form ci-dessous. Nous vous recommandons de porter des vêtements et des chaussures confortables pour le parcours, ainsi que d&rsquo;apporter de l&rsquo;eau et de la nourriture.</p>
<p>Rejoignez-nous pour cette promenade fascinante à travers les sites miniers de Cerva et découvrez l&rsquo;histoire unique des anciennes mines.</p>
<p>INSCRIPTION : <a href="https://docs.google.com/.../1A2Gfqx4OLhSfeWAcpODym4p.../edit">https://docs.google.com/&#8230;/1A2Gfqx4OLhSfeWAcpODym4p&#8230;/edit</a></p>

<p>Dans le cadre des célébrations de la Journée internationale des monuments et des sites et de la Semaine des partenaires de la route minière, la municipalité de Ribeira de Pena organise une promenade à travers les sites miniers de Cerva, [&hellip;]</p>
