{"id":37492,"date":"2025-04-03T14:46:07","date_gmt":"2025-04-03T13:46:07","guid":{"rendered":"https:\/\/visitaltotamegaebarroso.pt\/events\/chaves-auto-da-barca-do-inferno-par-lassociation-artistique-etcetera\/"},"modified":"2025-04-03T14:46:07","modified_gmt":"2025-04-03T13:46:07","slug":"chaves-auto-da-barca-do-inferno-par-lassociation-artistique-etcetera","status":"publish","type":"mec-events","link":"https:\/\/visitaltotamegaebarroso.pt\/fr\/events\/chaves-auto-da-barca-do-inferno-par-lassociation-artistique-etcetera\/","title":{"rendered":"Chaves | Auto da Barca do Inferno &#8211; Par l&rsquo;association artistique Etcetera"},"content":{"rendered":"<p>Dans ce spectacle d&rsquo;une dur\u00e9e d&rsquo;environ 60 minutes, les \u00e9l\u00e8ves doivent juger la vie des personnages qui d\u00e9filent et, surtout, comprendre une \u0153uvre qui, bien qu&rsquo;elle ne soit pas d&rsquo;un langage facile, finit par nous transporter \u00e0 l&rsquo;\u00e9poque de Gil Vicente.<br \/>\nAvec les mots et les jeux d&rsquo;int\u00e9r\u00eat de cet \u00e9crivain, o\u00f9 la r\u00e9alit\u00e9 se m\u00eale \u00e0 la fantaisie, les coutumes anciennes (ou actuelles) sont ridiculis\u00e9es et jug\u00e9es par un ange et un diable. Les participants tentent de s&#8217;embarquer pour le Paradis, mais sont entra\u00een\u00e9s en Enfer.<br \/>\nAuto da Barca do Inferno, une \u0153uvre recommand\u00e9e par le National Reading Plan pour les \u00e9l\u00e8ves de 9e ann\u00e9e, vous surprendra. Accompagnez-nous dans ce voyage !<\/p>\n<p>15h00 Public scolaire | 21h30 Public g\u00e9n\u00e9ral<\/p>\n<p>L&rsquo;entr\u00e9e est gratuite, mais les billets doivent \u00eatre obtenus \u00e0 l&rsquo;avance aupr\u00e8s de la biblioth\u00e8que municipale de Chaves et de l&rsquo;office du tourisme de Chaves.<br \/>\nOrganis\u00e9 par la municipalit\u00e9 de Chaves<\/p>\n","protected":false},"excerpt":{"rendered":"<p>Dans ce spectacle d&rsquo;une dur\u00e9e d&rsquo;environ 60 minutes, les \u00e9l\u00e8ves doivent juger la vie des personnages qui d\u00e9filent et, surtout, comprendre une \u0153uvre qui, bien qu&rsquo;elle ne soit pas d&rsquo;un langage facile, finit par nous transporter \u00e0 l&rsquo;\u00e9poque de Gil [&hellip;]<\/p>\n","protected":false},"author":5,"featured_media":37488,"comment_status":"closed","ping_status":"closed","template":"","tags":[],"mec_category":[1550],"_links":{"self":[{"href":"https:\/\/visitaltotamegaebarroso.pt\/fr\/wp-json\/wp\/v2\/mec-events\/37492"}],"collection":[{"href":"https:\/\/visitaltotamegaebarroso.pt\/fr\/wp-json\/wp\/v2\/mec-events"}],"about":[{"href":"https:\/\/visitaltotamegaebarroso.pt\/fr\/wp-json\/wp\/v2\/types\/mec-events"}],"author":[{"embeddable":true,"href":"https:\/\/visitaltotamegaebarroso.pt\/fr\/wp-json\/wp\/v2\/users\/5"}],"replies":[{"embeddable":true,"href":"https:\/\/visitaltotamegaebarroso.pt\/fr\/wp-json\/wp\/v2\/comments?post=37492"}],"wp:featuredmedia":[{"embeddable":true,"href":"https:\/\/visitaltotamegaebarroso.pt\/fr\/wp-json\/wp\/v2\/media\/37488"}],"wp:attachment":[{"href":"https:\/\/visitaltotamegaebarroso.pt\/fr\/wp-json\/wp\/v2\/media?parent=37492"}],"wp:term":[{"taxonomy":"post_tag","embeddable":true,"href":"https:\/\/visitaltotamegaebarroso.pt\/fr\/wp-json\/wp\/v2\/tags?post=37492"},{"taxonomy":"mec_category","embeddable":true,"href":"https:\/\/visitaltotamegaebarroso.pt\/fr\/wp-json\/wp\/v2\/mec_category?post=37492"}],"curies":[{"name":"wp","href":"https:\/\/api.w.org\/{rel}","templated":true}]}}

<p>Dans ce spectacle d&rsquo;une durée d&rsquo;environ 60 minutes, les élèves doivent juger la vie des personnages qui défilent et, surtout, comprendre une œuvre qui, bien qu&rsquo;elle ne soit pas d&rsquo;un langage facile, finit par nous transporter à l&rsquo;époque de Gil Vicente.<br />
Avec les mots et les jeux d&rsquo;intérêt de cet écrivain, où la réalité se mêle à la fantaisie, les coutumes anciennes (ou actuelles) sont ridiculisées et jugées par un ange et un diable. Les participants tentent de s&#8217;embarquer pour le Paradis, mais sont entraînés en Enfer.<br />
Auto da Barca do Inferno, une œuvre recommandée par le National Reading Plan pour les élèves de 9e année, vous surprendra. Accompagnez-nous dans ce voyage !</p>
<p>15h00 Public scolaire | 21h30 Public général</p>
<p>L&rsquo;entrée est gratuite, mais les billets doivent être obtenus à l&rsquo;avance auprès de la bibliothèque municipale de Chaves et de l&rsquo;office du tourisme de Chaves.<br />
Organisé par la municipalité de Chaves</p>

<p>Dans ce spectacle d&rsquo;une durée d&rsquo;environ 60 minutes, les élèves doivent juger la vie des personnages qui défilent et, surtout, comprendre une œuvre qui, bien qu&rsquo;elle ne soit pas d&rsquo;un langage facile, finit par nous transporter à l&rsquo;époque de Gil [&hellip;]</p>
