{"id":37313,"date":"2025-03-29T10:07:11","date_gmt":"2025-03-29T10:07:11","guid":{"rendered":"https:\/\/visitaltotamegaebarroso.pt\/events\/montalegre-photographie-de-luis-borges\/"},"modified":"2025-03-29T10:07:11","modified_gmt":"2025-03-29T10:07:11","slug":"montalegre-photographie-de-luis-borges","status":"publish","type":"mec-events","link":"https:\/\/visitaltotamegaebarroso.pt\/fr\/events\/montalegre-photographie-de-luis-borges\/","title":{"rendered":"Montalegre | Photographie de Lu\u00eds Borges"},"content":{"rendered":"<p>Exposition de photographies de Lu\u00eds Borges, une s\u00e9rie d&rsquo;images incroyables \u00e0 ne pas manquer.<\/p>\n","protected":false},"excerpt":{"rendered":"<p>Exposition de photographies de Lu\u00eds Borges, une s\u00e9rie d&rsquo;images incroyables \u00e0 ne pas manquer.<\/p>\n","protected":false},"author":5,"featured_media":37309,"comment_status":"closed","ping_status":"closed","template":"","tags":[],"mec_category":[715],"_links":{"self":[{"href":"https:\/\/visitaltotamegaebarroso.pt\/fr\/wp-json\/wp\/v2\/mec-events\/37313"}],"collection":[{"href":"https:\/\/visitaltotamegaebarroso.pt\/fr\/wp-json\/wp\/v2\/mec-events"}],"about":[{"href":"https:\/\/visitaltotamegaebarroso.pt\/fr\/wp-json\/wp\/v2\/types\/mec-events"}],"author":[{"embeddable":true,"href":"https:\/\/visitaltotamegaebarroso.pt\/fr\/wp-json\/wp\/v2\/users\/5"}],"replies":[{"embeddable":true,"href":"https:\/\/visitaltotamegaebarroso.pt\/fr\/wp-json\/wp\/v2\/comments?post=37313"}],"wp:featuredmedia":[{"embeddable":true,"href":"https:\/\/visitaltotamegaebarroso.pt\/fr\/wp-json\/wp\/v2\/media\/37309"}],"wp:attachment":[{"href":"https:\/\/visitaltotamegaebarroso.pt\/fr\/wp-json\/wp\/v2\/media?parent=37313"}],"wp:term":[{"taxonomy":"post_tag","embeddable":true,"href":"https:\/\/visitaltotamegaebarroso.pt\/fr\/wp-json\/wp\/v2\/tags?post=37313"},{"taxonomy":"mec_category","embeddable":true,"href":"https:\/\/visitaltotamegaebarroso.pt\/fr\/wp-json\/wp\/v2\/mec_category?post=37313"}],"curies":[{"name":"wp","href":"https:\/\/api.w.org\/{rel}","templated":true}]}}

Montalegre | Photographie de Luís Borges

<p>Exposition de photographies de Luís Borges, une série d&rsquo;images incroyables à ne pas manquer.</p>
