{"id":37218,"date":"2025-03-25T15:04:29","date_gmt":"2025-03-25T15:04:29","guid":{"rendered":"https:\/\/visitaltotamegaebarroso.pt\/events\/chaves-ouverture-du-palais-aquanatur\/"},"modified":"2025-03-25T15:04:29","modified_gmt":"2025-03-25T15:04:29","slug":"chaves-ouverture-du-palais-aquanatur","status":"publish","type":"mec-events","link":"https:\/\/visitaltotamegaebarroso.pt\/fr\/events\/chaves-ouverture-du-palais-aquanatur\/","title":{"rendered":"Chaves | Ouverture du Palais Aquanatur"},"content":{"rendered":"<p>Le \u00ab Palais Aquanatur \u00bb ouvre ses portes les 28 et 29 mars, vendredi et samedi, \u00e0 21 heures. Unique et innovante, cette installation se veut un hommage \u00e0 l&rsquo;importance que l&rsquo;eau thermale a eue \u00e0 Chaves \u00e0 travers les \u00e2ges, depuis l&rsquo;\u00e9poque romaine jusqu&rsquo;\u00e0 nos jours. Les visiteurs pourront y vivre toute une s\u00e9rie d&rsquo;exp\u00e9riences li\u00e9es \u00e0 l&rsquo;eau.<\/p>\n<p>L&rsquo;inauguration sera marqu\u00e9e par deux \u00e9v\u00e9nements culturels, l&rsquo;un le vendredi 28 et l&rsquo;autre le samedi 29, interpr\u00e9t\u00e9s par l&rsquo;orchestre \u00e0 vent de l&rsquo;Acad\u00e9mie des arts de Chaves et FORMA &#8211; Studio de danse de Chaves. L&rsquo;entr\u00e9e est gratuite, mais soumise au retrait des billets, disponibles \u00e0 partir de demain \u00e0 la biblioth\u00e8que municipale et \u00e0 l&rsquo;office de tourisme de l&rsquo;Alto T\u00e2mega e Barroso.<\/p>\n<p>Plus d&rsquo;informations sur <a href=\"https:\/\/www.chaves.pt\/pages\/314?news_id=2924\">https:\/\/www.chaves.pt\/pages\/314?news_id=2924<\/a><\/p>\n","protected":false},"excerpt":{"rendered":"<p>Le \u00ab Palais Aquanatur \u00bb ouvre ses portes les 28 et 29 mars, vendredi et samedi, \u00e0 21 heures. Unique et innovante, cette installation se veut un hommage \u00e0 l&rsquo;importance que l&rsquo;eau thermale a eue \u00e0 Chaves \u00e0 travers les [&hellip;]<\/p>\n","protected":false},"author":5,"featured_media":37214,"comment_status":"closed","ping_status":"closed","template":"","tags":[],"mec_category":[715],"_links":{"self":[{"href":"https:\/\/visitaltotamegaebarroso.pt\/fr\/wp-json\/wp\/v2\/mec-events\/37218"}],"collection":[{"href":"https:\/\/visitaltotamegaebarroso.pt\/fr\/wp-json\/wp\/v2\/mec-events"}],"about":[{"href":"https:\/\/visitaltotamegaebarroso.pt\/fr\/wp-json\/wp\/v2\/types\/mec-events"}],"author":[{"embeddable":true,"href":"https:\/\/visitaltotamegaebarroso.pt\/fr\/wp-json\/wp\/v2\/users\/5"}],"replies":[{"embeddable":true,"href":"https:\/\/visitaltotamegaebarroso.pt\/fr\/wp-json\/wp\/v2\/comments?post=37218"}],"wp:featuredmedia":[{"embeddable":true,"href":"https:\/\/visitaltotamegaebarroso.pt\/fr\/wp-json\/wp\/v2\/media\/37214"}],"wp:attachment":[{"href":"https:\/\/visitaltotamegaebarroso.pt\/fr\/wp-json\/wp\/v2\/media?parent=37218"}],"wp:term":[{"taxonomy":"post_tag","embeddable":true,"href":"https:\/\/visitaltotamegaebarroso.pt\/fr\/wp-json\/wp\/v2\/tags?post=37218"},{"taxonomy":"mec_category","embeddable":true,"href":"https:\/\/visitaltotamegaebarroso.pt\/fr\/wp-json\/wp\/v2\/mec_category?post=37218"}],"curies":[{"name":"wp","href":"https:\/\/api.w.org\/{rel}","templated":true}]}}

<p>Le « Palais Aquanatur » ouvre ses portes les 28 et 29 mars, vendredi et samedi, à 21 heures. Unique et innovante, cette installation se veut un hommage à l&rsquo;importance que l&rsquo;eau thermale a eue à Chaves à travers les âges, depuis l&rsquo;époque romaine jusqu&rsquo;à nos jours. Les visiteurs pourront y vivre toute une série d&rsquo;expériences liées à l&rsquo;eau.</p>
<p>L&rsquo;inauguration sera marquée par deux événements culturels, l&rsquo;un le vendredi 28 et l&rsquo;autre le samedi 29, interprétés par l&rsquo;orchestre à vent de l&rsquo;Académie des arts de Chaves et FORMA &#8211; Studio de danse de Chaves. L&rsquo;entrée est gratuite, mais soumise au retrait des billets, disponibles à partir de demain à la bibliothèque municipale et à l&rsquo;office de tourisme de l&rsquo;Alto Tâmega e Barroso.</p>
<p>Plus d&rsquo;informations sur <a href="https://www.chaves.pt/pages/314?news_id=2924">https://www.chaves.pt/pages/314?news_id=2924</a></p>

<p>Le « Palais Aquanatur » ouvre ses portes les 28 et 29 mars, vendredi et samedi, à 21 heures. Unique et innovante, cette installation se veut un hommage à l&rsquo;importance que l&rsquo;eau thermale a eue à Chaves à travers les [&hellip;]</p>
