{"id":37129,"date":"2025-03-21T09:48:04","date_gmt":"2025-03-21T09:48:04","guid":{"rendered":"https:\/\/visitaltotamegaebarroso.pt\/?post_type=mec-events&#038;p=37129"},"modified":"2025-03-21T09:51:30","modified_gmt":"2025-03-21T09:51:30","slug":"vila-pouca-de-aguiar-festival-pedras-sounds","status":"publish","type":"mec-events","link":"https:\/\/visitaltotamegaebarroso.pt\/fr\/events\/vila-pouca-de-aguiar-festival-pedras-sounds\/","title":{"rendered":"Vila Pouca de Aguiar | Festival Pedras Sounds"},"content":{"rendered":"<p>C&rsquo;EST OFFICIEL !<br \/>\nPedras Sounds 2025 arrive !<br \/>\nPr\u00e9parez-vous \u00e0 deux jours de divertissement et de musique \u00e0 Pedras Salgadas !<br \/>\nLes 15 et 16 ao\u00fbt, le plus grand festival de musique de Tr\u00e1s-os-Montes !<br \/>\nPedras Sounds 2025 promet d&rsquo;\u00eatre \u00e9pique, avec la plus grande f\u00eate \u00e0 th\u00e8me des ann\u00e9es 80 aux ann\u00e9es 2000, deux nuits qui promettent de plaire \u00e0 toutes les g\u00e9n\u00e9rations<br \/>\nRejoignez-nous pour cette c\u00e9l\u00e9bration de la musique et de la nature !<\/p>\n<p>&nbsp;<\/p>\n<div><\/div>\n<div>Achetez votre bracelet d\u00e8s maintenant sur <a href=\"https:\/\/3cket.com\/event\/pedras-sounds-festival-2025\/pedrassoundslp\">https:\/\/3cket.com\/event\/pedras-sounds-festival-2025\/pedrassoundslp<\/a><\/div>\n","protected":false},"excerpt":{"rendered":"<p>C&rsquo;EST OFFICIEL ! Pedras Sounds 2025 arrive ! Pr\u00e9parez-vous \u00e0 deux jours de divertissement et de musique \u00e0 Pedras Salgadas ! Les 15 et 16 ao\u00fbt, le plus grand festival de musique de Tr\u00e1s-os-Montes ! Pedras Sounds 2025 promet d&rsquo;\u00eatre [&hellip;]<\/p>\n","protected":false},"author":5,"featured_media":37125,"comment_status":"closed","ping_status":"closed","template":"","tags":[],"mec_category":[1443],"_links":{"self":[{"href":"https:\/\/visitaltotamegaebarroso.pt\/fr\/wp-json\/wp\/v2\/mec-events\/37129"}],"collection":[{"href":"https:\/\/visitaltotamegaebarroso.pt\/fr\/wp-json\/wp\/v2\/mec-events"}],"about":[{"href":"https:\/\/visitaltotamegaebarroso.pt\/fr\/wp-json\/wp\/v2\/types\/mec-events"}],"author":[{"embeddable":true,"href":"https:\/\/visitaltotamegaebarroso.pt\/fr\/wp-json\/wp\/v2\/users\/5"}],"replies":[{"embeddable":true,"href":"https:\/\/visitaltotamegaebarroso.pt\/fr\/wp-json\/wp\/v2\/comments?post=37129"}],"wp:featuredmedia":[{"embeddable":true,"href":"https:\/\/visitaltotamegaebarroso.pt\/fr\/wp-json\/wp\/v2\/media\/37125"}],"wp:attachment":[{"href":"https:\/\/visitaltotamegaebarroso.pt\/fr\/wp-json\/wp\/v2\/media?parent=37129"}],"wp:term":[{"taxonomy":"post_tag","embeddable":true,"href":"https:\/\/visitaltotamegaebarroso.pt\/fr\/wp-json\/wp\/v2\/tags?post=37129"},{"taxonomy":"mec_category","embeddable":true,"href":"https:\/\/visitaltotamegaebarroso.pt\/fr\/wp-json\/wp\/v2\/mec_category?post=37129"}],"curies":[{"name":"wp","href":"https:\/\/api.w.org\/{rel}","templated":true}]}}

<p>C&rsquo;EST OFFICIEL !<br />
Pedras Sounds 2025 arrive !<br />
Préparez-vous à deux jours de divertissement et de musique à Pedras Salgadas !<br />
Les 15 et 16 août, le plus grand festival de musique de Trás-os-Montes !<br />
Pedras Sounds 2025 promet d&rsquo;être épique, avec la plus grande fête à thème des années 80 aux années 2000, deux nuits qui promettent de plaire à toutes les générations<br />
Rejoignez-nous pour cette célébration de la musique et de la nature !</p>
<p>&nbsp;</p>
<div></div>
<div>Achetez votre bracelet dès maintenant sur <a href="https://3cket.com/event/pedras-sounds-festival-2025/pedrassoundslp">https://3cket.com/event/pedras-sounds-festival-2025/pedrassoundslp</a></div>

<p>C&rsquo;EST OFFICIEL ! Pedras Sounds 2025 arrive ! Préparez-vous à deux jours de divertissement et de musique à Pedras Salgadas ! Les 15 et 16 août, le plus grand festival de musique de Trás-os-Montes ! Pedras Sounds 2025 promet d&rsquo;être [&hellip;]</p>
