{"id":37081,"date":"2025-03-18T10:56:15","date_gmt":"2025-03-18T10:56:15","guid":{"rendered":"https:\/\/visitaltotamegaebarroso.pt\/events\/montalegre-marche-pour-la-journee-de-larbre\/"},"modified":"2025-03-18T10:56:15","modified_gmt":"2025-03-18T10:56:15","slug":"montalegre-marche-pour-la-journee-de-larbre","status":"publish","type":"mec-events","link":"https:\/\/visitaltotamegaebarroso.pt\/fr\/events\/montalegre-marche-pour-la-journee-de-larbre\/","title":{"rendered":"Montalegre | Marche pour la Journ\u00e9e de l&rsquo;arbre"},"content":{"rendered":"<p>Le groupe scout de Montalegre c\u00e9l\u00e8bre la Journ\u00e9e de l&rsquo;arbre d&rsquo;une mani\u00e8re particuli\u00e8re.<br \/>\nIl organise une promenade o\u00f9 le vert de la nature se m\u00eale \u00e0 l&rsquo;histoire et aux paysages de Montalegre, sur un parcours plein d&rsquo;air frais, de belles vues et de bonne compagnie.<br \/>\nParticipez !<\/p>\n","protected":false},"excerpt":{"rendered":"<p>Le groupe scout de Montalegre c\u00e9l\u00e8bre la Journ\u00e9e de l&rsquo;arbre d&rsquo;une mani\u00e8re particuli\u00e8re. Il organise une promenade o\u00f9 le vert de la nature se m\u00eale \u00e0 l&rsquo;histoire et aux paysages de Montalegre, sur un parcours plein d&rsquo;air frais, de belles [&hellip;]<\/p>\n","protected":false},"author":5,"featured_media":37077,"comment_status":"closed","ping_status":"closed","template":"","tags":[],"mec_category":[721],"_links":{"self":[{"href":"https:\/\/visitaltotamegaebarroso.pt\/fr\/wp-json\/wp\/v2\/mec-events\/37081"}],"collection":[{"href":"https:\/\/visitaltotamegaebarroso.pt\/fr\/wp-json\/wp\/v2\/mec-events"}],"about":[{"href":"https:\/\/visitaltotamegaebarroso.pt\/fr\/wp-json\/wp\/v2\/types\/mec-events"}],"author":[{"embeddable":true,"href":"https:\/\/visitaltotamegaebarroso.pt\/fr\/wp-json\/wp\/v2\/users\/5"}],"replies":[{"embeddable":true,"href":"https:\/\/visitaltotamegaebarroso.pt\/fr\/wp-json\/wp\/v2\/comments?post=37081"}],"wp:featuredmedia":[{"embeddable":true,"href":"https:\/\/visitaltotamegaebarroso.pt\/fr\/wp-json\/wp\/v2\/media\/37077"}],"wp:attachment":[{"href":"https:\/\/visitaltotamegaebarroso.pt\/fr\/wp-json\/wp\/v2\/media?parent=37081"}],"wp:term":[{"taxonomy":"post_tag","embeddable":true,"href":"https:\/\/visitaltotamegaebarroso.pt\/fr\/wp-json\/wp\/v2\/tags?post=37081"},{"taxonomy":"mec_category","embeddable":true,"href":"https:\/\/visitaltotamegaebarroso.pt\/fr\/wp-json\/wp\/v2\/mec_category?post=37081"}],"curies":[{"name":"wp","href":"https:\/\/api.w.org\/{rel}","templated":true}]}}

Montalegre | Marche pour la Journée de l&rsquo;arbre

<p>Le groupe scout de Montalegre célèbre la Journée de l&rsquo;arbre d&rsquo;une manière particulière.<br />
Il organise une promenade où le vert de la nature se mêle à l&rsquo;histoire et aux paysages de Montalegre, sur un parcours plein d&rsquo;air frais, de belles vues et de bonne compagnie.<br />
Participez !</p>

<p>Le groupe scout de Montalegre célèbre la Journée de l&rsquo;arbre d&rsquo;une manière particulière. Il organise une promenade où le vert de la nature se mêle à l&rsquo;histoire et aux paysages de Montalegre, sur un parcours plein d&rsquo;air frais, de belles [&hellip;]</p>
