{"id":37071,"date":"2025-03-18T10:47:38","date_gmt":"2025-03-18T10:47:38","guid":{"rendered":"https:\/\/visitaltotamegaebarroso.pt\/events\/valpacos-o-cafe-le-cafe\/"},"modified":"2025-03-18T10:47:38","modified_gmt":"2025-03-18T10:47:38","slug":"valpacos-o-cafe-le-cafe","status":"publish","type":"mec-events","link":"https:\/\/visitaltotamegaebarroso.pt\/fr\/events\/valpacos-o-cafe-le-cafe\/","title":{"rendered":"Valpa\u00e7os | O Caf\u00e9 (Le Caf\u00e9)"},"content":{"rendered":"<p>Dans le cadre du mois du th\u00e9\u00e2tre, l&rsquo;auditorium d&rsquo;art et de culture Lu\u00eds Teixeira accueille le spectacle \u00ab O Caf\u00e9 \u00bb de Carlo Goldoni, adapt\u00e9 par Ricardo Ferreira de Almeida, le samedi 22 mars \u00e0 21h30.<\/p>\n<p>\u00c0 ne pas manquer !<\/p>\n","protected":false},"excerpt":{"rendered":"<p>Dans le cadre du mois du th\u00e9\u00e2tre, l&rsquo;auditorium d&rsquo;art et de culture Lu\u00eds Teixeira accueille le spectacle \u00ab O Caf\u00e9 \u00bb de Carlo Goldoni, adapt\u00e9 par Ricardo Ferreira de Almeida, le samedi 22 mars \u00e0 21h30. \u00c0 ne pas manquer [&hellip;]<\/p>\n","protected":false},"author":5,"featured_media":37067,"comment_status":"closed","ping_status":"closed","template":"","tags":[],"mec_category":[1550],"_links":{"self":[{"href":"https:\/\/visitaltotamegaebarroso.pt\/fr\/wp-json\/wp\/v2\/mec-events\/37071"}],"collection":[{"href":"https:\/\/visitaltotamegaebarroso.pt\/fr\/wp-json\/wp\/v2\/mec-events"}],"about":[{"href":"https:\/\/visitaltotamegaebarroso.pt\/fr\/wp-json\/wp\/v2\/types\/mec-events"}],"author":[{"embeddable":true,"href":"https:\/\/visitaltotamegaebarroso.pt\/fr\/wp-json\/wp\/v2\/users\/5"}],"replies":[{"embeddable":true,"href":"https:\/\/visitaltotamegaebarroso.pt\/fr\/wp-json\/wp\/v2\/comments?post=37071"}],"wp:featuredmedia":[{"embeddable":true,"href":"https:\/\/visitaltotamegaebarroso.pt\/fr\/wp-json\/wp\/v2\/media\/37067"}],"wp:attachment":[{"href":"https:\/\/visitaltotamegaebarroso.pt\/fr\/wp-json\/wp\/v2\/media?parent=37071"}],"wp:term":[{"taxonomy":"post_tag","embeddable":true,"href":"https:\/\/visitaltotamegaebarroso.pt\/fr\/wp-json\/wp\/v2\/tags?post=37071"},{"taxonomy":"mec_category","embeddable":true,"href":"https:\/\/visitaltotamegaebarroso.pt\/fr\/wp-json\/wp\/v2\/mec_category?post=37071"}],"curies":[{"name":"wp","href":"https:\/\/api.w.org\/{rel}","templated":true}]}}

Valpaços | O Café (Le Café)

<p>Dans le cadre du mois du théâtre, l&rsquo;auditorium d&rsquo;art et de culture Luís Teixeira accueille le spectacle « O Café » de Carlo Goldoni, adapté par Ricardo Ferreira de Almeida, le samedi 22 mars à 21h30.</p>
<p>À ne pas manquer !</p>

<p>Dans le cadre du mois du théâtre, l&rsquo;auditorium d&rsquo;art et de culture Luís Teixeira accueille le spectacle « O Café » de Carlo Goldoni, adapté par Ricardo Ferreira de Almeida, le samedi 22 mars à 21h30. À ne pas manquer [&hellip;]</p>
