{"id":36877,"date":"2025-03-17T15:15:17","date_gmt":"2025-03-17T15:15:17","guid":{"rendered":"https:\/\/visitaltotamegaebarroso.pt\/events\/ribeira-de-pena-9e-edition-de-la-fete-de-la-truite\/"},"modified":"2025-03-17T15:15:17","modified_gmt":"2025-03-17T15:15:17","slug":"ribeira-de-pena-9e-edition-de-la-fete-de-la-truite","status":"publish","type":"mec-events","link":"https:\/\/visitaltotamegaebarroso.pt\/fr\/events\/ribeira-de-pena-9e-edition-de-la-fete-de-la-truite\/","title":{"rendered":"Ribeira de Pena | 9e \u00e9dition de la f\u00eate de la truite"},"content":{"rendered":"<p>F\u00eate de la truite \u00e0 Canedo.<br \/>\nLes 22 et 23 mars, venez d\u00e9guster les d\u00e9licieuses truites de la rivi\u00e8re Be\u00e7a, du miel, des friandises typiques et bien plus encore !<\/p>\n<p>Avec de la musique, des animations et de la culture locale, le festival promet d&rsquo;\u00eatre un \u00e9v\u00e9nement incontournable pour toute la famille.<\/p>\n","protected":false},"excerpt":{"rendered":"<p>F\u00eate de la truite \u00e0 Canedo. Les 22 et 23 mars, venez d\u00e9guster les d\u00e9licieuses truites de la rivi\u00e8re Be\u00e7a, du miel, des friandises typiques et bien plus encore ! Avec de la musique, des animations et de la culture [&hellip;]<\/p>\n","protected":false},"author":5,"featured_media":36873,"comment_status":"closed","ping_status":"closed","template":"","tags":[],"mec_category":[715],"_links":{"self":[{"href":"https:\/\/visitaltotamegaebarroso.pt\/fr\/wp-json\/wp\/v2\/mec-events\/36877"}],"collection":[{"href":"https:\/\/visitaltotamegaebarroso.pt\/fr\/wp-json\/wp\/v2\/mec-events"}],"about":[{"href":"https:\/\/visitaltotamegaebarroso.pt\/fr\/wp-json\/wp\/v2\/types\/mec-events"}],"author":[{"embeddable":true,"href":"https:\/\/visitaltotamegaebarroso.pt\/fr\/wp-json\/wp\/v2\/users\/5"}],"replies":[{"embeddable":true,"href":"https:\/\/visitaltotamegaebarroso.pt\/fr\/wp-json\/wp\/v2\/comments?post=36877"}],"wp:featuredmedia":[{"embeddable":true,"href":"https:\/\/visitaltotamegaebarroso.pt\/fr\/wp-json\/wp\/v2\/media\/36873"}],"wp:attachment":[{"href":"https:\/\/visitaltotamegaebarroso.pt\/fr\/wp-json\/wp\/v2\/media?parent=36877"}],"wp:term":[{"taxonomy":"post_tag","embeddable":true,"href":"https:\/\/visitaltotamegaebarroso.pt\/fr\/wp-json\/wp\/v2\/tags?post=36877"},{"taxonomy":"mec_category","embeddable":true,"href":"https:\/\/visitaltotamegaebarroso.pt\/fr\/wp-json\/wp\/v2\/mec_category?post=36877"}],"curies":[{"name":"wp","href":"https:\/\/api.w.org\/{rel}","templated":true}]}}

Ribeira de Pena | 9e édition de la fête de la truite

<p>Fête de la truite à Canedo.<br />
Les 22 et 23 mars, venez déguster les délicieuses truites de la rivière Beça, du miel, des friandises typiques et bien plus encore !</p>
<p>Avec de la musique, des animations et de la culture locale, le festival promet d&rsquo;être un événement incontournable pour toute la famille.</p>

<p>Fête de la truite à Canedo. Les 22 et 23 mars, venez déguster les délicieuses truites de la rivière Beça, du miel, des friandises typiques et bien plus encore ! Avec de la musique, des animations et de la culture [&hellip;]</p>
