{"id":36827,"date":"2025-03-17T09:59:06","date_gmt":"2025-03-17T09:59:06","guid":{"rendered":"https:\/\/visitaltotamegaebarroso.pt\/events\/vila-pouca-de-aguiar-gaelle-solal\/"},"modified":"2025-03-17T09:59:06","modified_gmt":"2025-03-17T09:59:06","slug":"vila-pouca-de-aguiar-gaelle-solal","status":"publish","type":"mec-events","link":"https:\/\/visitaltotamegaebarroso.pt\/fr\/events\/vila-pouca-de-aguiar-gaelle-solal\/","title":{"rendered":"Vila Pouca de Aguiar | Ga\u00eblle Solal"},"content":{"rendered":"<p>Le mois de mars ne se terminera pas sans un autre grand concert \u00e0 Vila Pouca de Aguiar !<\/p>\n<p>Le 29 mars, Ga\u00eblle Solal se produira devant le public d&rsquo;Aguiar (auditorium Santa Casa da Miseric\u00f3rdia, 21h30). Issue d&rsquo;une famille de m\u00e9lomanes, Ga\u00eblle Solal (France) est entr\u00e9e tr\u00e8s t\u00f4t dans l&rsquo;univers de la guitare et s&rsquo;est produite dans des salles prestigieuses dans plus de quarante pays. Plus attach\u00e9e \u00e0 la libert\u00e9 qu&rsquo;aux dogmes, elle passe avec aisance de Bach aux Beatles, de la musique contemporaine \u00e0 la musique baroque.<\/p>\n<p>Magos da Guitarra est le plus grand festival de guitare du Portugal en termes de nombre de concerts et de territoire couvert : 17 concerts dans 12 municipalit\u00e9s.<\/p>\n<p>Le festival est produit par De Mi Para Si, le promoteur culturel qui a cr\u00e9\u00e9 ce festival, qui a lieu \u00e0 Tr\u00e1s-os-Montes et dans le Douro.<\/p>\n","protected":false},"excerpt":{"rendered":"<p>Le mois de mars ne se terminera pas sans un autre grand concert \u00e0 Vila Pouca de Aguiar ! Le 29 mars, Ga\u00eblle Solal se produira devant le public d&rsquo;Aguiar (auditorium Santa Casa da Miseric\u00f3rdia, 21h30). Issue d&rsquo;une famille de [&hellip;]<\/p>\n","protected":false},"author":5,"featured_media":36823,"comment_status":"closed","ping_status":"closed","template":"","tags":[],"mec_category":[1443],"_links":{"self":[{"href":"https:\/\/visitaltotamegaebarroso.pt\/fr\/wp-json\/wp\/v2\/mec-events\/36827"}],"collection":[{"href":"https:\/\/visitaltotamegaebarroso.pt\/fr\/wp-json\/wp\/v2\/mec-events"}],"about":[{"href":"https:\/\/visitaltotamegaebarroso.pt\/fr\/wp-json\/wp\/v2\/types\/mec-events"}],"author":[{"embeddable":true,"href":"https:\/\/visitaltotamegaebarroso.pt\/fr\/wp-json\/wp\/v2\/users\/5"}],"replies":[{"embeddable":true,"href":"https:\/\/visitaltotamegaebarroso.pt\/fr\/wp-json\/wp\/v2\/comments?post=36827"}],"wp:featuredmedia":[{"embeddable":true,"href":"https:\/\/visitaltotamegaebarroso.pt\/fr\/wp-json\/wp\/v2\/media\/36823"}],"wp:attachment":[{"href":"https:\/\/visitaltotamegaebarroso.pt\/fr\/wp-json\/wp\/v2\/media?parent=36827"}],"wp:term":[{"taxonomy":"post_tag","embeddable":true,"href":"https:\/\/visitaltotamegaebarroso.pt\/fr\/wp-json\/wp\/v2\/tags?post=36827"},{"taxonomy":"mec_category","embeddable":true,"href":"https:\/\/visitaltotamegaebarroso.pt\/fr\/wp-json\/wp\/v2\/mec_category?post=36827"}],"curies":[{"name":"wp","href":"https:\/\/api.w.org\/{rel}","templated":true}]}}

Vila Pouca de Aguiar | Gaëlle Solal

<p>Le mois de mars ne se terminera pas sans un autre grand concert à Vila Pouca de Aguiar !</p>
<p>Le 29 mars, Gaëlle Solal se produira devant le public d&rsquo;Aguiar (auditorium Santa Casa da Misericórdia, 21h30). Issue d&rsquo;une famille de mélomanes, Gaëlle Solal (France) est entrée très tôt dans l&rsquo;univers de la guitare et s&rsquo;est produite dans des salles prestigieuses dans plus de quarante pays. Plus attachée à la liberté qu&rsquo;aux dogmes, elle passe avec aisance de Bach aux Beatles, de la musique contemporaine à la musique baroque.</p>
<p>Magos da Guitarra est le plus grand festival de guitare du Portugal en termes de nombre de concerts et de territoire couvert : 17 concerts dans 12 municipalités.</p>
<p>Le festival est produit par De Mi Para Si, le promoteur culturel qui a créé ce festival, qui a lieu à Trás-os-Montes et dans le Douro.</p>

<p>Le mois de mars ne se terminera pas sans un autre grand concert à Vila Pouca de Aguiar ! Le 29 mars, Gaëlle Solal se produira devant le public d&rsquo;Aguiar (auditorium Santa Casa da Misericórdia, 21h30). Issue d&rsquo;une famille de [&hellip;]</p>
