{"id":36785,"date":"2025-03-08T11:49:59","date_gmt":"2025-03-08T11:49:59","guid":{"rendered":"https:\/\/visitaltotamegaebarroso.pt\/events\/ribeira-de-pena-camilo-a-table\/"},"modified":"2025-03-08T11:49:59","modified_gmt":"2025-03-08T11:49:59","slug":"ribeira-de-pena-camilo-a-table","status":"publish","type":"mec-events","link":"https:\/\/visitaltotamegaebarroso.pt\/fr\/events\/ribeira-de-pena-camilo-a-table\/","title":{"rendered":"Ribeira de Pena | Camilo \u00e0 table"},"content":{"rendered":"<p>Dans le cadre des c\u00e9l\u00e9brations du 200e anniversaire de Camilo Castelo Branco, la municipalit\u00e9 de Ribeira de Pena, en collaboration avec l&rsquo;h\u00f4tel Pena Park et le projet Camilo a Norte 200, a pr\u00e9par\u00e9 une journ\u00e9e riche en activit\u00e9s. L&rsquo;\u00e9v\u00e9nement aura lieu le 15 mars et portera sur la vie, l&rsquo;\u0153uvre et la gastronomie de Camilo.<\/p>\n<p>Le programme d\u00e9butera \u00e0 11 heures par une Tert\u00falia Camiliana, un moment de r\u00e9flexion et de discussion sur l&rsquo;auteur. \u00c0 19h30, les participants auront l&rsquo;occasion de vivre une exp\u00e9rience gastronomique unique, avec la recr\u00e9ation des recettes du livre \u00ab \u00c0 Mesa com Camilo \u00bb.<\/p>\n<p>Enfin, \u00e0 22h30, une s\u00e9ance de contes sera organis\u00e9e \u00e0 partir d&rsquo;extraits des \u0153uvres de Camilo Castelo Branco, offrant aux personnes pr\u00e9sentes un voyage litt\u00e9raire \u00e0 travers les mots de l&rsquo;auteur.<\/p>\n<p>La participation \u00e0 ces initiatives est gratuite, \u00e0 l&rsquo;exception de l&rsquo;exp\u00e9rience gastronomique, mais elle est soumise \u00e0 la disponibilit\u00e9 et \u00e0 l&rsquo;inscription pr\u00e9alable, qui peut \u00eatre effectu\u00e9e par courrier \u00e9lectronique jusqu&rsquo;au 14 mars.<\/p>\n<p>Ne manquez pas l&rsquo;occasion de participer \u00e0 cette c\u00e9l\u00e9bration sp\u00e9ciale de l&rsquo;un des plus grands noms de la litt\u00e9rature portugaise.<\/p>\n","protected":false},"excerpt":{"rendered":"<p>Dans le cadre des c\u00e9l\u00e9brations du 200e anniversaire de Camilo Castelo Branco, la municipalit\u00e9 de Ribeira de Pena, en collaboration avec l&rsquo;h\u00f4tel Pena Park et le projet Camilo a Norte 200, a pr\u00e9par\u00e9 une journ\u00e9e riche en activit\u00e9s. L&rsquo;\u00e9v\u00e9nement aura [&hellip;]<\/p>\n","protected":false},"author":5,"featured_media":36781,"comment_status":"closed","ping_status":"closed","template":"","tags":[],"mec_category":[715],"_links":{"self":[{"href":"https:\/\/visitaltotamegaebarroso.pt\/fr\/wp-json\/wp\/v2\/mec-events\/36785"}],"collection":[{"href":"https:\/\/visitaltotamegaebarroso.pt\/fr\/wp-json\/wp\/v2\/mec-events"}],"about":[{"href":"https:\/\/visitaltotamegaebarroso.pt\/fr\/wp-json\/wp\/v2\/types\/mec-events"}],"author":[{"embeddable":true,"href":"https:\/\/visitaltotamegaebarroso.pt\/fr\/wp-json\/wp\/v2\/users\/5"}],"replies":[{"embeddable":true,"href":"https:\/\/visitaltotamegaebarroso.pt\/fr\/wp-json\/wp\/v2\/comments?post=36785"}],"wp:featuredmedia":[{"embeddable":true,"href":"https:\/\/visitaltotamegaebarroso.pt\/fr\/wp-json\/wp\/v2\/media\/36781"}],"wp:attachment":[{"href":"https:\/\/visitaltotamegaebarroso.pt\/fr\/wp-json\/wp\/v2\/media?parent=36785"}],"wp:term":[{"taxonomy":"post_tag","embeddable":true,"href":"https:\/\/visitaltotamegaebarroso.pt\/fr\/wp-json\/wp\/v2\/tags?post=36785"},{"taxonomy":"mec_category","embeddable":true,"href":"https:\/\/visitaltotamegaebarroso.pt\/fr\/wp-json\/wp\/v2\/mec_category?post=36785"}],"curies":[{"name":"wp","href":"https:\/\/api.w.org\/{rel}","templated":true}]}}

Ribeira de Pena | Camilo à table

<p>Dans le cadre des célébrations du 200e anniversaire de Camilo Castelo Branco, la municipalité de Ribeira de Pena, en collaboration avec l&rsquo;hôtel Pena Park et le projet Camilo a Norte 200, a préparé une journée riche en activités. L&rsquo;événement aura lieu le 15 mars et portera sur la vie, l&rsquo;œuvre et la gastronomie de Camilo.</p>
<p>Le programme débutera à 11 heures par une Tertúlia Camiliana, un moment de réflexion et de discussion sur l&rsquo;auteur. À 19h30, les participants auront l&rsquo;occasion de vivre une expérience gastronomique unique, avec la recréation des recettes du livre « À Mesa com Camilo ».</p>
<p>Enfin, à 22h30, une séance de contes sera organisée à partir d&rsquo;extraits des œuvres de Camilo Castelo Branco, offrant aux personnes présentes un voyage littéraire à travers les mots de l&rsquo;auteur.</p>
<p>La participation à ces initiatives est gratuite, à l&rsquo;exception de l&rsquo;expérience gastronomique, mais elle est soumise à la disponibilité et à l&rsquo;inscription préalable, qui peut être effectuée par courrier électronique jusqu&rsquo;au 14 mars.</p>
<p>Ne manquez pas l&rsquo;occasion de participer à cette célébration spéciale de l&rsquo;un des plus grands noms de la littérature portugaise.</p>

<p>Dans le cadre des célébrations du 200e anniversaire de Camilo Castelo Branco, la municipalité de Ribeira de Pena, en collaboration avec l&rsquo;hôtel Pena Park et le projet Camilo a Norte 200, a préparé une journée riche en activités. L&rsquo;événement aura [&hellip;]</p>
