{"id":36754,"date":"2025-03-02T12:15:13","date_gmt":"2025-03-02T12:15:13","guid":{"rendered":"https:\/\/visitaltotamegaebarroso.pt\/?post_type=mec-events&#038;p=36754"},"modified":"2025-03-02T12:17:47","modified_gmt":"2025-03-02T12:17:47","slug":"montalegre-masques-en-bois-de-daniel-amaro","status":"publish","type":"mec-events","link":"https:\/\/visitaltotamegaebarroso.pt\/fr\/events\/montalegre-masques-en-bois-de-daniel-amaro\/","title":{"rendered":"Montalegre |  Masques en bois de Daniel Amaro"},"content":{"rendered":"<p>\u00c0 partir du 1er mars, l&rsquo;Ecomuseu de Barroso &#8211; Corte do Boi, \u00e0 Pit\u00f5es das J\u00fanias, accueille l&rsquo;exposition \u00ab Masques en bois \u00bb de Daniel Amaro.<\/p>\n","protected":false},"excerpt":{"rendered":"<p>\u00c0 partir du 1er mars, l&rsquo;Ecomuseu de Barroso &#8211; Corte do Boi, \u00e0 Pit\u00f5es das J\u00fanias, accueille l&rsquo;exposition \u00ab Masques en bois \u00bb de Daniel Amaro.<\/p>\n","protected":false},"author":5,"featured_media":36750,"comment_status":"closed","ping_status":"closed","template":"","tags":[],"mec_category":[715],"_links":{"self":[{"href":"https:\/\/visitaltotamegaebarroso.pt\/fr\/wp-json\/wp\/v2\/mec-events\/36754"}],"collection":[{"href":"https:\/\/visitaltotamegaebarroso.pt\/fr\/wp-json\/wp\/v2\/mec-events"}],"about":[{"href":"https:\/\/visitaltotamegaebarroso.pt\/fr\/wp-json\/wp\/v2\/types\/mec-events"}],"author":[{"embeddable":true,"href":"https:\/\/visitaltotamegaebarroso.pt\/fr\/wp-json\/wp\/v2\/users\/5"}],"replies":[{"embeddable":true,"href":"https:\/\/visitaltotamegaebarroso.pt\/fr\/wp-json\/wp\/v2\/comments?post=36754"}],"wp:featuredmedia":[{"embeddable":true,"href":"https:\/\/visitaltotamegaebarroso.pt\/fr\/wp-json\/wp\/v2\/media\/36750"}],"wp:attachment":[{"href":"https:\/\/visitaltotamegaebarroso.pt\/fr\/wp-json\/wp\/v2\/media?parent=36754"}],"wp:term":[{"taxonomy":"post_tag","embeddable":true,"href":"https:\/\/visitaltotamegaebarroso.pt\/fr\/wp-json\/wp\/v2\/tags?post=36754"},{"taxonomy":"mec_category","embeddable":true,"href":"https:\/\/visitaltotamegaebarroso.pt\/fr\/wp-json\/wp\/v2\/mec_category?post=36754"}],"curies":[{"name":"wp","href":"https:\/\/api.w.org\/{rel}","templated":true}]}}

<p>À partir du 1er mars, l&rsquo;Ecomuseu de Barroso &#8211; Corte do Boi, à Pitões das Júnias, accueille l&rsquo;exposition « Masques en bois » de Daniel Amaro.</p>
