{"id":36507,"date":"2025-02-19T16:02:15","date_gmt":"2025-02-19T16:02:15","guid":{"rendered":"https:\/\/visitaltotamegaebarroso.pt\/events\/valpacos-promenade-des-amandiers-en-fleurs\/"},"modified":"2025-02-19T16:02:15","modified_gmt":"2025-02-19T16:02:15","slug":"valpacos-promenade-des-amandiers-en-fleurs","status":"publish","type":"mec-events","link":"https:\/\/visitaltotamegaebarroso.pt\/fr\/events\/valpacos-promenade-des-amandiers-en-fleurs\/","title":{"rendered":"Valpa\u00e7os | Promenade des amandiers en fleurs"},"content":{"rendered":"<p>La promenade \u00ab \ud835\udc68\ud835\udc8e\ud835\udc86\ud835\udc8f\ud835\udc85\ud835\udc90\ud835\udc86\ud835\udc8a\ud835\udc93\ud835\udc82\ud835\udc94 \ud835\udc86\ud835\udc8e \ud835\udc6d\ud835\udc8d\ud835\udc90\ud835\udc93 \u00bb, qui fait partie de l&rsquo;itin\u00e9raire \ud835\udc7d\ud835\udc70\ud835\udc70 \ud835\udc6d\ud835\udc86\ud835\udc94\ud835\udc95\ud835\udc82 \ud835\udc85\ud835\udc90 \ud835\udc69\ud835\udc90\ud835\udc8d\ud835\udc90 \ud835\udc77\ud835\udc90\ud835\udc85\ud835\udc93\ud835\udc86 &#8211; \ud835\udc77\ud835\udc93\ud835\udc90\ud835\udc85\ud835\udc96\ud835\udc95\ud835\udc90\ud835\udc94 \ud835\udc86 \ud835\udc7a\ud835\udc82\ud835\udc83\ud835\udc90\ud835\udc93\ud835\udc86\ud835\udc94, L&rsquo;excursion, qui se d\u00e9roulera le 9 mars \u00e0 partir de 9 h 30 \u00e0 l&rsquo;h\u00f4tel Santa Maria de \u00c9meres, comprendra trois circuits.<\/p>\n<p>Un voyage \u00e0 travers les plus beaux paysages de la commune, qui annonce l&rsquo;arriv\u00e9e du printemps&#8230;<\/p>\n<p>Inscription le jour m\u00eame et sur le lieu de d\u00e9part ou par courriel \u00e0 amendoeirasemflor2023@gmail.com<\/p>\n","protected":false},"excerpt":{"rendered":"<p>La promenade \u00ab \ud835\udc68\ud835\udc8e\ud835\udc86\ud835\udc8f\ud835\udc85\ud835\udc90\ud835\udc86\ud835\udc8a\ud835\udc93\ud835\udc82\ud835\udc94 \ud835\udc86\ud835\udc8e \ud835\udc6d\ud835\udc8d\ud835\udc90\ud835\udc93 \u00bb, qui fait partie de l&rsquo;itin\u00e9raire \ud835\udc7d\ud835\udc70\ud835\udc70 \ud835\udc6d\ud835\udc86\ud835\udc94\ud835\udc95\ud835\udc82 \ud835\udc85\ud835\udc90 \ud835\udc69\ud835\udc90\ud835\udc8d\ud835\udc90 \ud835\udc77\ud835\udc90\ud835\udc85\ud835\udc93\ud835\udc86 &#8211; \ud835\udc77\ud835\udc93\ud835\udc90\ud835\udc85\ud835\udc96\ud835\udc95\ud835\udc90\ud835\udc94 \ud835\udc86 \ud835\udc7a\ud835\udc82\ud835\udc83\ud835\udc90\ud835\udc93\ud835\udc86\ud835\udc94, L&rsquo;excursion, qui se d\u00e9roulera le 9 mars \u00e0 partir de 9 h 30 \u00e0 l&rsquo;h\u00f4tel Santa Maria de \u00c9meres, [&hellip;]<\/p>\n","protected":false},"author":5,"featured_media":36503,"comment_status":"closed","ping_status":"closed","template":"","tags":[],"mec_category":[721],"_links":{"self":[{"href":"https:\/\/visitaltotamegaebarroso.pt\/fr\/wp-json\/wp\/v2\/mec-events\/36507"}],"collection":[{"href":"https:\/\/visitaltotamegaebarroso.pt\/fr\/wp-json\/wp\/v2\/mec-events"}],"about":[{"href":"https:\/\/visitaltotamegaebarroso.pt\/fr\/wp-json\/wp\/v2\/types\/mec-events"}],"author":[{"embeddable":true,"href":"https:\/\/visitaltotamegaebarroso.pt\/fr\/wp-json\/wp\/v2\/users\/5"}],"replies":[{"embeddable":true,"href":"https:\/\/visitaltotamegaebarroso.pt\/fr\/wp-json\/wp\/v2\/comments?post=36507"}],"wp:featuredmedia":[{"embeddable":true,"href":"https:\/\/visitaltotamegaebarroso.pt\/fr\/wp-json\/wp\/v2\/media\/36503"}],"wp:attachment":[{"href":"https:\/\/visitaltotamegaebarroso.pt\/fr\/wp-json\/wp\/v2\/media?parent=36507"}],"wp:term":[{"taxonomy":"post_tag","embeddable":true,"href":"https:\/\/visitaltotamegaebarroso.pt\/fr\/wp-json\/wp\/v2\/tags?post=36507"},{"taxonomy":"mec_category","embeddable":true,"href":"https:\/\/visitaltotamegaebarroso.pt\/fr\/wp-json\/wp\/v2\/mec_category?post=36507"}],"curies":[{"name":"wp","href":"https:\/\/api.w.org\/{rel}","templated":true}]}}

Valpaços | Promenade des amandiers en fleurs

<p>La promenade « 𝑨𝒎𝒆𝒏𝒅𝒐𝒆𝒊𝒓𝒂𝒔 𝒆𝒎 𝑭𝒍𝒐𝒓 », qui fait partie de l&rsquo;itinéraire 𝑽𝑰𝑰 𝑭𝒆𝒔𝒕𝒂 𝒅𝒐 𝑩𝒐𝒍𝒐 𝑷𝒐𝒅𝒓𝒆 &#8211; 𝑷𝒓𝒐𝒅𝒖𝒕𝒐𝒔 𝒆 𝑺𝒂𝒃𝒐𝒓𝒆𝒔, L&rsquo;excursion, qui se déroulera le 9 mars à partir de 9 h 30 à l&rsquo;hôtel Santa Maria de Émeres, comprendra trois circuits.</p>
<p>Un voyage à travers les plus beaux paysages de la commune, qui annonce l&rsquo;arrivée du printemps&#8230;</p>
<p>Inscription le jour même et sur le lieu de départ ou par courriel à amendoeirasemflor2023@gmail.com</p>

<p>La promenade « 𝑨𝒎𝒆𝒏𝒅𝒐𝒆𝒊𝒓𝒂𝒔 𝒆𝒎 𝑭𝒍𝒐𝒓 », qui fait partie de l&rsquo;itinéraire 𝑽𝑰𝑰 𝑭𝒆𝒔𝒕𝒂 𝒅𝒐 𝑩𝒐𝒍𝒐 𝑷𝒐𝒅𝒓𝒆 &#8211; 𝑷𝒓𝒐𝒅𝒖𝒕𝒐𝒔 𝒆 𝑺𝒂𝒃𝒐𝒓𝒆𝒔, L&rsquo;excursion, qui se déroulera le 9 mars à partir de 9 h 30 à l&rsquo;hôtel Santa Maria de Émeres, [&hellip;]</p>
