{"id":36497,"date":"2025-02-19T11:52:10","date_gmt":"2025-02-19T11:52:10","guid":{"rendered":"https:\/\/visitaltotamegaebarroso.pt\/events\/valpacos-carnaval-de-vilarandelo\/"},"modified":"2025-02-19T11:52:10","modified_gmt":"2025-02-19T11:52:10","slug":"valpacos-carnaval-de-vilarandelo","status":"publish","type":"mec-events","link":"https:\/\/visitaltotamegaebarroso.pt\/fr\/events\/valpacos-carnaval-de-vilarandelo\/","title":{"rendered":"Valpa\u00e7os | Carnaval de Vilarandelo"},"content":{"rendered":"<p>Le carnaval de Vilarandelo revient pour une nouvelle \u00e9dition<\/p>\n<p>D\u00e9couvrez le programme officiel du carnaval de Vilarandelo, qui se d\u00e9roulera du 28 f\u00e9vrier au 4 mars. Le meilleur carnaval de la r\u00e9gion est de retour pour des journ\u00e9es de joie, de musique et de divertissement !<\/p>\n<p>Ne manquez pas&#8230;<\/p>\n","protected":false},"excerpt":{"rendered":"<p>Le carnaval de Vilarandelo revient pour une nouvelle \u00e9dition D\u00e9couvrez le programme officiel du carnaval de Vilarandelo, qui se d\u00e9roulera du 28 f\u00e9vrier au 4 mars. Le meilleur carnaval de la r\u00e9gion est de retour pour des journ\u00e9es de joie, [&hellip;]<\/p>\n","protected":false},"author":5,"featured_media":36493,"comment_status":"closed","ping_status":"closed","template":"","tags":[],"mec_category":[715],"_links":{"self":[{"href":"https:\/\/visitaltotamegaebarroso.pt\/fr\/wp-json\/wp\/v2\/mec-events\/36497"}],"collection":[{"href":"https:\/\/visitaltotamegaebarroso.pt\/fr\/wp-json\/wp\/v2\/mec-events"}],"about":[{"href":"https:\/\/visitaltotamegaebarroso.pt\/fr\/wp-json\/wp\/v2\/types\/mec-events"}],"author":[{"embeddable":true,"href":"https:\/\/visitaltotamegaebarroso.pt\/fr\/wp-json\/wp\/v2\/users\/5"}],"replies":[{"embeddable":true,"href":"https:\/\/visitaltotamegaebarroso.pt\/fr\/wp-json\/wp\/v2\/comments?post=36497"}],"wp:featuredmedia":[{"embeddable":true,"href":"https:\/\/visitaltotamegaebarroso.pt\/fr\/wp-json\/wp\/v2\/media\/36493"}],"wp:attachment":[{"href":"https:\/\/visitaltotamegaebarroso.pt\/fr\/wp-json\/wp\/v2\/media?parent=36497"}],"wp:term":[{"taxonomy":"post_tag","embeddable":true,"href":"https:\/\/visitaltotamegaebarroso.pt\/fr\/wp-json\/wp\/v2\/tags?post=36497"},{"taxonomy":"mec_category","embeddable":true,"href":"https:\/\/visitaltotamegaebarroso.pt\/fr\/wp-json\/wp\/v2\/mec_category?post=36497"}],"curies":[{"name":"wp","href":"https:\/\/api.w.org\/{rel}","templated":true}]}}

Valpaços | Carnaval de Vilarandelo

<p>Le carnaval de Vilarandelo revient pour une nouvelle édition</p>
<p>Découvrez le programme officiel du carnaval de Vilarandelo, qui se déroulera du 28 février au 4 mars. Le meilleur carnaval de la région est de retour pour des journées de joie, de musique et de divertissement !</p>
<p>Ne manquez pas&#8230;</p>

<p>Le carnaval de Vilarandelo revient pour une nouvelle édition Découvrez le programme officiel du carnaval de Vilarandelo, qui se déroulera du 28 février au 4 mars. Le meilleur carnaval de la région est de retour pour des journées de joie, [&hellip;]</p>
