{"id":36466,"date":"2025-02-18T09:53:26","date_gmt":"2025-02-18T09:53:26","guid":{"rendered":"https:\/\/visitaltotamegaebarroso.pt\/events\/ribeira-de-pena-week-end-gastronomique-des-milhos\/"},"modified":"2025-02-18T09:53:26","modified_gmt":"2025-02-18T09:53:26","slug":"ribeira-de-pena-week-end-gastronomique-des-milhos","status":"publish","type":"mec-events","link":"https:\/\/visitaltotamegaebarroso.pt\/fr\/events\/ribeira-de-pena-week-end-gastronomique-des-milhos\/","title":{"rendered":"Ribeira de Pena | Week-end gastronomique des Milhos"},"content":{"rendered":"<p>Pr\u00e9parez-vous pour le tr\u00e8s attendu week-end gastronomique du ma\u00efs.<\/p>\n<p>Pendant ces trois jours, vous aurez l&rsquo;occasion de d\u00e9guster de d\u00e9licieux plats \u00e0 base de ma\u00efs servis dans trois restaurants locaux.<br \/>\nEn plus de l&rsquo;exp\u00e9rience gastronomique, vous pourrez \u00e9galement profiter de l&rsquo;occasion pour s\u00e9journer dans l&rsquo;un des cinq centres de vacances partenaires, ce qui vous garantira confort et d\u00e9tente tout au long de votre s\u00e9jour.<\/p>\n<p>Inscrivez d\u00e8s \u00e0 pr\u00e9sent votre agenda et rejoignez-nous pour cet \u00e9v\u00e9nement incontournable.<\/p>\n","protected":false},"excerpt":{"rendered":"<p>Pr\u00e9parez-vous pour le tr\u00e8s attendu week-end gastronomique du ma\u00efs. Pendant ces trois jours, vous aurez l&rsquo;occasion de d\u00e9guster de d\u00e9licieux plats \u00e0 base de ma\u00efs servis dans trois restaurants locaux. En plus de l&rsquo;exp\u00e9rience gastronomique, vous pourrez \u00e9galement profiter de [&hellip;]<\/p>\n","protected":false},"author":5,"featured_media":36462,"comment_status":"closed","ping_status":"closed","template":"","tags":[],"mec_category":[723],"_links":{"self":[{"href":"https:\/\/visitaltotamegaebarroso.pt\/fr\/wp-json\/wp\/v2\/mec-events\/36466"}],"collection":[{"href":"https:\/\/visitaltotamegaebarroso.pt\/fr\/wp-json\/wp\/v2\/mec-events"}],"about":[{"href":"https:\/\/visitaltotamegaebarroso.pt\/fr\/wp-json\/wp\/v2\/types\/mec-events"}],"author":[{"embeddable":true,"href":"https:\/\/visitaltotamegaebarroso.pt\/fr\/wp-json\/wp\/v2\/users\/5"}],"replies":[{"embeddable":true,"href":"https:\/\/visitaltotamegaebarroso.pt\/fr\/wp-json\/wp\/v2\/comments?post=36466"}],"wp:featuredmedia":[{"embeddable":true,"href":"https:\/\/visitaltotamegaebarroso.pt\/fr\/wp-json\/wp\/v2\/media\/36462"}],"wp:attachment":[{"href":"https:\/\/visitaltotamegaebarroso.pt\/fr\/wp-json\/wp\/v2\/media?parent=36466"}],"wp:term":[{"taxonomy":"post_tag","embeddable":true,"href":"https:\/\/visitaltotamegaebarroso.pt\/fr\/wp-json\/wp\/v2\/tags?post=36466"},{"taxonomy":"mec_category","embeddable":true,"href":"https:\/\/visitaltotamegaebarroso.pt\/fr\/wp-json\/wp\/v2\/mec_category?post=36466"}],"curies":[{"name":"wp","href":"https:\/\/api.w.org\/{rel}","templated":true}]}}

<p>Préparez-vous pour le très attendu week-end gastronomique du maïs.</p>
<p>Pendant ces trois jours, vous aurez l&rsquo;occasion de déguster de délicieux plats à base de maïs servis dans trois restaurants locaux.<br />
En plus de l&rsquo;expérience gastronomique, vous pourrez également profiter de l&rsquo;occasion pour séjourner dans l&rsquo;un des cinq centres de vacances partenaires, ce qui vous garantira confort et détente tout au long de votre séjour.</p>
<p>Inscrivez dès à présent votre agenda et rejoignez-nous pour cet événement incontournable.</p>

<p>Préparez-vous pour le très attendu week-end gastronomique du maïs. Pendant ces trois jours, vous aurez l&rsquo;occasion de déguster de délicieux plats à base de maïs servis dans trois restaurants locaux. En plus de l&rsquo;expérience gastronomique, vous pourrez également profiter de [&hellip;]</p>
