{"id":36289,"date":"2025-02-08T11:33:01","date_gmt":"2025-02-08T11:33:01","guid":{"rendered":"https:\/\/visitaltotamegaebarroso.pt\/events\/montalegre-championnat-national-de-marathon-vtt\/"},"modified":"2025-02-08T11:33:01","modified_gmt":"2025-02-08T11:33:01","slug":"montalegre-championnat-national-de-marathon-vtt","status":"publish","type":"mec-events","link":"https:\/\/visitaltotamegaebarroso.pt\/fr\/events\/montalegre-championnat-national-de-marathon-vtt\/","title":{"rendered":"Montalegre | Championnat national de marathon VTT"},"content":{"rendered":"<p>Le 1er juin, Montalegre accueillera le Championnat national de marathon VTT (XCM), l&rsquo;\u00e9v\u00e9nement le plus important du cyclisme national.<br \/>\nL&rsquo;UVP &#8211; F\u00e9d\u00e9ration portugaise de cyclisme a confi\u00e9 l&rsquo;organisation de cette comp\u00e9tition au Club cycliste de Montalegre et \u00e0 la municipalit\u00e9 de Montalegre.<br \/>\nLe XIIIe Troph\u00e9e VTT \u00ab Ac\u00e1cio da Silva \u00bb et la Coupe r\u00e9gionale de marathon XCM organis\u00e9e par l&rsquo;Association r\u00e9gionale de cyclisme de Vila Real (ARCVR) se d\u00e9rouleront en m\u00eame temps.<br \/>\nLes inscriptions d\u00e9buteront prochainement.<\/p>\n","protected":false},"excerpt":{"rendered":"<p>Le 1er juin, Montalegre accueillera le Championnat national de marathon VTT (XCM), l&rsquo;\u00e9v\u00e9nement le plus important du cyclisme national. L&rsquo;UVP &#8211; F\u00e9d\u00e9ration portugaise de cyclisme a confi\u00e9 l&rsquo;organisation de cette comp\u00e9tition au Club cycliste de Montalegre et \u00e0 la municipalit\u00e9 [&hellip;]<\/p>\n","protected":false},"author":5,"featured_media":36285,"comment_status":"closed","ping_status":"closed","template":"","tags":[],"mec_category":[721],"_links":{"self":[{"href":"https:\/\/visitaltotamegaebarroso.pt\/fr\/wp-json\/wp\/v2\/mec-events\/36289"}],"collection":[{"href":"https:\/\/visitaltotamegaebarroso.pt\/fr\/wp-json\/wp\/v2\/mec-events"}],"about":[{"href":"https:\/\/visitaltotamegaebarroso.pt\/fr\/wp-json\/wp\/v2\/types\/mec-events"}],"author":[{"embeddable":true,"href":"https:\/\/visitaltotamegaebarroso.pt\/fr\/wp-json\/wp\/v2\/users\/5"}],"replies":[{"embeddable":true,"href":"https:\/\/visitaltotamegaebarroso.pt\/fr\/wp-json\/wp\/v2\/comments?post=36289"}],"wp:featuredmedia":[{"embeddable":true,"href":"https:\/\/visitaltotamegaebarroso.pt\/fr\/wp-json\/wp\/v2\/media\/36285"}],"wp:attachment":[{"href":"https:\/\/visitaltotamegaebarroso.pt\/fr\/wp-json\/wp\/v2\/media?parent=36289"}],"wp:term":[{"taxonomy":"post_tag","embeddable":true,"href":"https:\/\/visitaltotamegaebarroso.pt\/fr\/wp-json\/wp\/v2\/tags?post=36289"},{"taxonomy":"mec_category","embeddable":true,"href":"https:\/\/visitaltotamegaebarroso.pt\/fr\/wp-json\/wp\/v2\/mec_category?post=36289"}],"curies":[{"name":"wp","href":"https:\/\/api.w.org\/{rel}","templated":true}]}}

<p>Le 1er juin, Montalegre accueillera le Championnat national de marathon VTT (XCM), l&rsquo;événement le plus important du cyclisme national.<br />
L&rsquo;UVP &#8211; Fédération portugaise de cyclisme a confié l&rsquo;organisation de cette compétition au Club cycliste de Montalegre et à la municipalité de Montalegre.<br />
Le XIIIe Trophée VTT « Acácio da Silva » et la Coupe régionale de marathon XCM organisée par l&rsquo;Association régionale de cyclisme de Vila Real (ARCVR) se dérouleront en même temps.<br />
Les inscriptions débuteront prochainement.</p>

<p>Le 1er juin, Montalegre accueillera le Championnat national de marathon VTT (XCM), l&rsquo;événement le plus important du cyclisme national. L&rsquo;UVP &#8211; Fédération portugaise de cyclisme a confié l&rsquo;organisation de cette compétition au Club cycliste de Montalegre et à la municipalité [&hellip;]</p>
