{"id":36150,"date":"2025-01-30T11:47:31","date_gmt":"2025-01-30T11:47:31","guid":{"rendered":"https:\/\/visitaltotamegaebarroso.pt\/events\/chaves-sara-cruz\/"},"modified":"2025-01-30T11:47:31","modified_gmt":"2025-01-30T11:47:31","slug":"chaves-sara-cruz","status":"publish","type":"mec-events","link":"https:\/\/visitaltotamegaebarroso.pt\/fr\/events\/chaves-sara-cruz\/","title":{"rendered":"Chaves | Sara Cruz"},"content":{"rendered":"<p>La talentueuse auteure-compositrice-interpr\u00e8te de S\u00e3o Miguel pr\u00e9sente sa fascinante fusion de pop et de folk \u00e0 la Sala Amarela lors d&rsquo;un concert intime et profond\u00e9ment r\u00e9fl\u00e9chi.<\/p>\n<p>Sara Cruz y pr\u00e9sente son premier album, Fourteen Forty-Five. En tant qu&rsquo;A\u00e7orienne n\u00e9e et \u00e9lev\u00e9e au milieu de l&rsquo;Atlantique, entre l&rsquo;Europe et l&rsquo;Am\u00e9rique, Sara Cruz incorpore la riche influence du folk nord-am\u00e9ricain dans son travail, ce qui, entrelac\u00e9 avec l&rsquo;univers pop\/auteur-compositeur-interpr\u00e8te, donne \u00e0 l&rsquo;album un son actuel, international et engageant.<\/p>\n<p>Un concert sp\u00e9cial qui marque le d\u00e9but de la programmation annuelle d&rsquo;INDIEROR.<\/p>\n<p>Billets et informations compl\u00e9mentaires : <a href=\"http:\/\/www.indieror.pt\">www.indieror.pt<\/a><\/p>\n","protected":false},"excerpt":{"rendered":"<p>La talentueuse auteure-compositrice-interpr\u00e8te de S\u00e3o Miguel pr\u00e9sente sa fascinante fusion de pop et de folk \u00e0 la Sala Amarela lors d&rsquo;un concert intime et profond\u00e9ment r\u00e9fl\u00e9chi. Sara Cruz y pr\u00e9sente son premier album, Fourteen Forty-Five. En tant qu&rsquo;A\u00e7orienne n\u00e9e et [&hellip;]<\/p>\n","protected":false},"author":5,"featured_media":36146,"comment_status":"closed","ping_status":"closed","template":"","tags":[],"mec_category":[1443],"_links":{"self":[{"href":"https:\/\/visitaltotamegaebarroso.pt\/fr\/wp-json\/wp\/v2\/mec-events\/36150"}],"collection":[{"href":"https:\/\/visitaltotamegaebarroso.pt\/fr\/wp-json\/wp\/v2\/mec-events"}],"about":[{"href":"https:\/\/visitaltotamegaebarroso.pt\/fr\/wp-json\/wp\/v2\/types\/mec-events"}],"author":[{"embeddable":true,"href":"https:\/\/visitaltotamegaebarroso.pt\/fr\/wp-json\/wp\/v2\/users\/5"}],"replies":[{"embeddable":true,"href":"https:\/\/visitaltotamegaebarroso.pt\/fr\/wp-json\/wp\/v2\/comments?post=36150"}],"wp:featuredmedia":[{"embeddable":true,"href":"https:\/\/visitaltotamegaebarroso.pt\/fr\/wp-json\/wp\/v2\/media\/36146"}],"wp:attachment":[{"href":"https:\/\/visitaltotamegaebarroso.pt\/fr\/wp-json\/wp\/v2\/media?parent=36150"}],"wp:term":[{"taxonomy":"post_tag","embeddable":true,"href":"https:\/\/visitaltotamegaebarroso.pt\/fr\/wp-json\/wp\/v2\/tags?post=36150"},{"taxonomy":"mec_category","embeddable":true,"href":"https:\/\/visitaltotamegaebarroso.pt\/fr\/wp-json\/wp\/v2\/mec_category?post=36150"}],"curies":[{"name":"wp","href":"https:\/\/api.w.org\/{rel}","templated":true}]}}

<p>La talentueuse auteure-compositrice-interprète de São Miguel présente sa fascinante fusion de pop et de folk à la Sala Amarela lors d&rsquo;un concert intime et profondément réfléchi.</p>
<p>Sara Cruz y présente son premier album, Fourteen Forty-Five. En tant qu&rsquo;Açorienne née et élevée au milieu de l&rsquo;Atlantique, entre l&rsquo;Europe et l&rsquo;Amérique, Sara Cruz incorpore la riche influence du folk nord-américain dans son travail, ce qui, entrelacé avec l&rsquo;univers pop/auteur-compositeur-interprète, donne à l&rsquo;album un son actuel, international et engageant.</p>
<p>Un concert spécial qui marque le début de la programmation annuelle d&rsquo;INDIEROR.</p>
<p>Billets et informations complémentaires : <a href="http://www.indieror.pt">www.indieror.pt</a></p>

<p>La talentueuse auteure-compositrice-interprète de São Miguel présente sa fascinante fusion de pop et de folk à la Sala Amarela lors d&rsquo;un concert intime et profondément réfléchi. Sara Cruz y présente son premier album, Fourteen Forty-Five. En tant qu&rsquo;Açorienne née et [&hellip;]</p>
