{"id":35996,"date":"2025-01-24T14:33:46","date_gmt":"2025-01-24T14:33:46","guid":{"rendered":"https:\/\/visitaltotamegaebarroso.pt\/events\/chaves-5eme-rencontre-des-chanteurs-de-janeiras\/"},"modified":"2025-01-24T14:33:46","modified_gmt":"2025-01-24T14:33:46","slug":"chaves-5eme-rencontre-des-chanteurs-de-janeiras","status":"publish","type":"mec-events","link":"https:\/\/visitaltotamegaebarroso.pt\/fr\/events\/chaves-5eme-rencontre-des-chanteurs-de-janeiras\/","title":{"rendered":"Chaves | 5\u00e8me Rencontre des Chanteurs de Janeiras"},"content":{"rendered":"<p>La 5e rencontre des chanteurs de Janeiras verra la participation de 11 groupes de chanteurs, dans l&rsquo;une des plus belles traditions du d\u00e9but de l&rsquo;ann\u00e9e. L&rsquo;objectif de cet \u00e9v\u00e9nement est de faire conna\u00eetre les groupes de chant de la r\u00e9gion aux habitants de Flavi et au grand public, afin que ce riche patrimoine culturel ne tombe pas dans l&rsquo;oubli.<\/p>\n<p>Voir l&rsquo;article complet \u00e0 l&rsquo;adresse suivante : <a href=\"https:\/\/www.chaves.pt\/pages\/314?news_id=2862\">https:\/\/www.chaves.pt\/pages\/314?news_id=2862<\/a><\/p>\n","protected":false},"excerpt":{"rendered":"<p>La 5e rencontre des chanteurs de Janeiras verra la participation de 11 groupes de chanteurs, dans l&rsquo;une des plus belles traditions du d\u00e9but de l&rsquo;ann\u00e9e. L&rsquo;objectif de cet \u00e9v\u00e9nement est de faire conna\u00eetre les groupes de chant de la r\u00e9gion [&hellip;]<\/p>\n","protected":false},"author":5,"featured_media":35992,"comment_status":"closed","ping_status":"closed","template":"","tags":[],"mec_category":[1443],"_links":{"self":[{"href":"https:\/\/visitaltotamegaebarroso.pt\/fr\/wp-json\/wp\/v2\/mec-events\/35996"}],"collection":[{"href":"https:\/\/visitaltotamegaebarroso.pt\/fr\/wp-json\/wp\/v2\/mec-events"}],"about":[{"href":"https:\/\/visitaltotamegaebarroso.pt\/fr\/wp-json\/wp\/v2\/types\/mec-events"}],"author":[{"embeddable":true,"href":"https:\/\/visitaltotamegaebarroso.pt\/fr\/wp-json\/wp\/v2\/users\/5"}],"replies":[{"embeddable":true,"href":"https:\/\/visitaltotamegaebarroso.pt\/fr\/wp-json\/wp\/v2\/comments?post=35996"}],"wp:featuredmedia":[{"embeddable":true,"href":"https:\/\/visitaltotamegaebarroso.pt\/fr\/wp-json\/wp\/v2\/media\/35992"}],"wp:attachment":[{"href":"https:\/\/visitaltotamegaebarroso.pt\/fr\/wp-json\/wp\/v2\/media?parent=35996"}],"wp:term":[{"taxonomy":"post_tag","embeddable":true,"href":"https:\/\/visitaltotamegaebarroso.pt\/fr\/wp-json\/wp\/v2\/tags?post=35996"},{"taxonomy":"mec_category","embeddable":true,"href":"https:\/\/visitaltotamegaebarroso.pt\/fr\/wp-json\/wp\/v2\/mec_category?post=35996"}],"curies":[{"name":"wp","href":"https:\/\/api.w.org\/{rel}","templated":true}]}}

Chaves | 5ème Rencontre des Chanteurs de Janeiras

<p>La 5e rencontre des chanteurs de Janeiras verra la participation de 11 groupes de chanteurs, dans l&rsquo;une des plus belles traditions du début de l&rsquo;année. L&rsquo;objectif de cet événement est de faire connaître les groupes de chant de la région aux habitants de Flavi et au grand public, afin que ce riche patrimoine culturel ne tombe pas dans l&rsquo;oubli.</p>
<p>Voir l&rsquo;article complet à l&rsquo;adresse suivante : <a href="https://www.chaves.pt/pages/314?news_id=2862">https://www.chaves.pt/pages/314?news_id=2862</a></p>

<p>La 5e rencontre des chanteurs de Janeiras verra la participation de 11 groupes de chanteurs, dans l&rsquo;une des plus belles traditions du début de l&rsquo;année. L&rsquo;objectif de cet événement est de faire connaître les groupes de chant de la région [&hellip;]</p>
