{"id":35870,"date":"2025-01-21T16:21:31","date_gmt":"2025-01-21T16:21:31","guid":{"rendered":"https:\/\/visitaltotamegaebarroso.pt\/events\/chaves-foire-de-varandas-3\/"},"modified":"2025-01-21T16:21:31","modified_gmt":"2025-01-21T16:21:31","slug":"chaves-foire-de-varandas-3","status":"publish","type":"mec-events","link":"https:\/\/visitaltotamegaebarroso.pt\/fr\/events\/chaves-foire-de-varandas-3\/","title":{"rendered":"Chaves | Foire de Varandas"},"content":{"rendered":"<p>Foire aux produits r\u00e9gionaux.<\/p>\n<p>Organis\u00e9 par : AmoChaves &#8211; Association des r\u00e9sidents du centre historique de Chaves<br \/>\nSoutien : Municipalit\u00e9 de Chaves et Conseil paroissial de Santa Maria Maior<\/p>\n","protected":false},"excerpt":{"rendered":"<p>Foire aux produits r\u00e9gionaux. Organis\u00e9 par : AmoChaves &#8211; Association des r\u00e9sidents du centre historique de Chaves Soutien : Municipalit\u00e9 de Chaves et Conseil paroissial de Santa Maria Maior<\/p>\n","protected":false},"author":5,"featured_media":26508,"comment_status":"closed","ping_status":"closed","template":"","tags":[],"mec_category":[728],"_links":{"self":[{"href":"https:\/\/visitaltotamegaebarroso.pt\/fr\/wp-json\/wp\/v2\/mec-events\/35870"}],"collection":[{"href":"https:\/\/visitaltotamegaebarroso.pt\/fr\/wp-json\/wp\/v2\/mec-events"}],"about":[{"href":"https:\/\/visitaltotamegaebarroso.pt\/fr\/wp-json\/wp\/v2\/types\/mec-events"}],"author":[{"embeddable":true,"href":"https:\/\/visitaltotamegaebarroso.pt\/fr\/wp-json\/wp\/v2\/users\/5"}],"replies":[{"embeddable":true,"href":"https:\/\/visitaltotamegaebarroso.pt\/fr\/wp-json\/wp\/v2\/comments?post=35870"}],"wp:featuredmedia":[{"embeddable":true,"href":"https:\/\/visitaltotamegaebarroso.pt\/fr\/wp-json\/wp\/v2\/media\/26508"}],"wp:attachment":[{"href":"https:\/\/visitaltotamegaebarroso.pt\/fr\/wp-json\/wp\/v2\/media?parent=35870"}],"wp:term":[{"taxonomy":"post_tag","embeddable":true,"href":"https:\/\/visitaltotamegaebarroso.pt\/fr\/wp-json\/wp\/v2\/tags?post=35870"},{"taxonomy":"mec_category","embeddable":true,"href":"https:\/\/visitaltotamegaebarroso.pt\/fr\/wp-json\/wp\/v2\/mec_category?post=35870"}],"curies":[{"name":"wp","href":"https:\/\/api.w.org\/{rel}","templated":true}]}}

<p>Foire aux produits régionaux.</p>
<p>Organisé par : AmoChaves &#8211; Association des résidents du centre historique de Chaves<br />
Soutien : Municipalité de Chaves et Conseil paroissial de Santa Maria Maior</p>

<p>Foire aux produits régionaux. Organisé par : AmoChaves &#8211; Association des résidents du centre historique de Chaves Soutien : Municipalité de Chaves et Conseil paroissial de Santa Maria Maior</p>
