{"id":35794,"date":"2025-01-18T09:34:20","date_gmt":"2025-01-18T09:34:20","guid":{"rendered":"https:\/\/visitaltotamegaebarroso.pt\/events\/montalegre-lor-noir-dans-lart-ii\/"},"modified":"2025-01-18T09:34:20","modified_gmt":"2025-01-18T09:34:20","slug":"montalegre-lor-noir-dans-lart-ii","status":"publish","type":"mec-events","link":"https:\/\/visitaltotamegaebarroso.pt\/fr\/events\/montalegre-lor-noir-dans-lart-ii\/","title":{"rendered":"Montalegre | L&rsquo;or noir dans l&rsquo;art II"},"content":{"rendered":"<p>Du 3 f\u00e9vrier au 30 avril 2025, l&rsquo;exposition temporaire \u00ab Ouro Negro em Arte II \u00bb de J\u00falio Vieira sera pr\u00e9sent\u00e9e \u00e0 l&rsquo;Ecomuseu de Barroso &#8211; Centro Interpretativo das Minas da Borralha.<\/p>\n<p>Cette exposition sera compos\u00e9e de divers objets que J\u00falio Vieira, qui vit dans le village de Minas da Borralha, a cr\u00e9\u00e9s \u00e0 partir de diff\u00e9rents minerais collect\u00e9s dans les environs de Lavaria Nova. La plupart des objets expos\u00e9s auront un th\u00e8me minier.<\/p>\n<p>Notez la date dans votre agenda et venez nous voir !<\/p>\n","protected":false},"excerpt":{"rendered":"<p>Du 3 f\u00e9vrier au 30 avril 2025, l&rsquo;exposition temporaire \u00ab Ouro Negro em Arte II \u00bb de J\u00falio Vieira sera pr\u00e9sent\u00e9e \u00e0 l&rsquo;Ecomuseu de Barroso &#8211; Centro Interpretativo das Minas da Borralha. Cette exposition sera compos\u00e9e de divers objets que [&hellip;]<\/p>\n","protected":false},"author":5,"featured_media":35790,"comment_status":"closed","ping_status":"closed","template":"","tags":[],"mec_category":[715],"_links":{"self":[{"href":"https:\/\/visitaltotamegaebarroso.pt\/fr\/wp-json\/wp\/v2\/mec-events\/35794"}],"collection":[{"href":"https:\/\/visitaltotamegaebarroso.pt\/fr\/wp-json\/wp\/v2\/mec-events"}],"about":[{"href":"https:\/\/visitaltotamegaebarroso.pt\/fr\/wp-json\/wp\/v2\/types\/mec-events"}],"author":[{"embeddable":true,"href":"https:\/\/visitaltotamegaebarroso.pt\/fr\/wp-json\/wp\/v2\/users\/5"}],"replies":[{"embeddable":true,"href":"https:\/\/visitaltotamegaebarroso.pt\/fr\/wp-json\/wp\/v2\/comments?post=35794"}],"wp:featuredmedia":[{"embeddable":true,"href":"https:\/\/visitaltotamegaebarroso.pt\/fr\/wp-json\/wp\/v2\/media\/35790"}],"wp:attachment":[{"href":"https:\/\/visitaltotamegaebarroso.pt\/fr\/wp-json\/wp\/v2\/media?parent=35794"}],"wp:term":[{"taxonomy":"post_tag","embeddable":true,"href":"https:\/\/visitaltotamegaebarroso.pt\/fr\/wp-json\/wp\/v2\/tags?post=35794"},{"taxonomy":"mec_category","embeddable":true,"href":"https:\/\/visitaltotamegaebarroso.pt\/fr\/wp-json\/wp\/v2\/mec_category?post=35794"}],"curies":[{"name":"wp","href":"https:\/\/api.w.org\/{rel}","templated":true}]}}

<p>Du 3 février au 30 avril 2025, l&rsquo;exposition temporaire « Ouro Negro em Arte II » de Júlio Vieira sera présentée à l&rsquo;Ecomuseu de Barroso &#8211; Centro Interpretativo das Minas da Borralha.</p>
<p>Cette exposition sera composée de divers objets que Júlio Vieira, qui vit dans le village de Minas da Borralha, a créés à partir de différents minerais collectés dans les environs de Lavaria Nova. La plupart des objets exposés auront un thème minier.</p>
<p>Notez la date dans votre agenda et venez nous voir !</p>

<p>Du 3 février au 30 avril 2025, l&rsquo;exposition temporaire « Ouro Negro em Arte II » de Júlio Vieira sera présentée à l&rsquo;Ecomuseu de Barroso &#8211; Centro Interpretativo das Minas da Borralha. Cette exposition sera composée de divers objets que [&hellip;]</p>
