{"id":35573,"date":"2024-12-30T15:17:09","date_gmt":"2024-12-30T15:17:09","guid":{"rendered":"https:\/\/visitaltotamegaebarroso.pt\/events\/chaves-celebration-du-centenaire-de-la-banda-municipal-flaviense-os-pardais\/"},"modified":"2024-12-30T15:17:09","modified_gmt":"2024-12-30T15:17:09","slug":"chaves-celebration-du-centenaire-de-la-banda-municipal-flaviense-os-pardais","status":"publish","type":"mec-events","link":"https:\/\/visitaltotamegaebarroso.pt\/fr\/events\/chaves-celebration-du-centenaire-de-la-banda-municipal-flaviense-os-pardais\/","title":{"rendered":"Chaves | C\u00e9l\u00e9bration du centenaire de la Banda Municipal Flaviense \u00ab Os Pardais \u00bb"},"content":{"rendered":"<p>La fanfare municipale \u00ab Os Pardais \u00bb se pr\u00e9pare \u00e0 c\u00e9l\u00e9brer son 100e anniversaire le 18 janvier.<br \/>\nLe programme pr\u00e9voit, outre la lev\u00e9e du drapeau au si\u00e8ge de l&rsquo;institution, un d\u00e9fil\u00e9 dans les rues de la ville de Chaves, un passage au cimeti\u00e8re pour rendre hommage aux anciens musiciens, dirigeants et membres, suivi d&rsquo;une eucharistie dans l&rsquo;\u00e9glise m\u00e8re.<\/p>\n<p>Organis\u00e9 par : Banda Municipal Flaviense \u00ab Os Pardais \u00bb.<br \/>\nSoutien : Municipalit\u00e9 de Chaves<\/p>\n","protected":false},"excerpt":{"rendered":"<p>La fanfare municipale \u00ab Os Pardais \u00bb se pr\u00e9pare \u00e0 c\u00e9l\u00e9brer son 100e anniversaire le 18 janvier. Le programme pr\u00e9voit, outre la lev\u00e9e du drapeau au si\u00e8ge de l&rsquo;institution, un d\u00e9fil\u00e9 dans les rues de la ville de Chaves, un [&hellip;]<\/p>\n","protected":false},"author":5,"featured_media":35569,"comment_status":"closed","ping_status":"closed","template":"","tags":[],"mec_category":[1443],"_links":{"self":[{"href":"https:\/\/visitaltotamegaebarroso.pt\/fr\/wp-json\/wp\/v2\/mec-events\/35573"}],"collection":[{"href":"https:\/\/visitaltotamegaebarroso.pt\/fr\/wp-json\/wp\/v2\/mec-events"}],"about":[{"href":"https:\/\/visitaltotamegaebarroso.pt\/fr\/wp-json\/wp\/v2\/types\/mec-events"}],"author":[{"embeddable":true,"href":"https:\/\/visitaltotamegaebarroso.pt\/fr\/wp-json\/wp\/v2\/users\/5"}],"replies":[{"embeddable":true,"href":"https:\/\/visitaltotamegaebarroso.pt\/fr\/wp-json\/wp\/v2\/comments?post=35573"}],"wp:featuredmedia":[{"embeddable":true,"href":"https:\/\/visitaltotamegaebarroso.pt\/fr\/wp-json\/wp\/v2\/media\/35569"}],"wp:attachment":[{"href":"https:\/\/visitaltotamegaebarroso.pt\/fr\/wp-json\/wp\/v2\/media?parent=35573"}],"wp:term":[{"taxonomy":"post_tag","embeddable":true,"href":"https:\/\/visitaltotamegaebarroso.pt\/fr\/wp-json\/wp\/v2\/tags?post=35573"},{"taxonomy":"mec_category","embeddable":true,"href":"https:\/\/visitaltotamegaebarroso.pt\/fr\/wp-json\/wp\/v2\/mec_category?post=35573"}],"curies":[{"name":"wp","href":"https:\/\/api.w.org\/{rel}","templated":true}]}}

Chaves | Célébration du centenaire de la Banda Municipal Flaviense « Os Pardais »

<p>La fanfare municipale « Os Pardais » se prépare à célébrer son 100e anniversaire le 18 janvier.<br />
Le programme prévoit, outre la levée du drapeau au siège de l&rsquo;institution, un défilé dans les rues de la ville de Chaves, un passage au cimetière pour rendre hommage aux anciens musiciens, dirigeants et membres, suivi d&rsquo;une eucharistie dans l&rsquo;église mère.</p>
<p>Organisé par : Banda Municipal Flaviense « Os Pardais ».<br />
Soutien : Municipalité de Chaves</p>

<p>La fanfare municipale « Os Pardais » se prépare à célébrer son 100e anniversaire le 18 janvier. Le programme prévoit, outre la levée du drapeau au siège de l&rsquo;institution, un défilé dans les rues de la ville de Chaves, un [&hellip;]</p>
